110.168.25.97 - - [23/Dec/2022:16:00:32 -0800] "POST /simplemail.mv HTTP/1.1" 200 92574 "-" "Mozilla/5.0 (Windows NT 10.0; Win64; x64) AppleWebKit/537.36 (KHTML, like Gecko) Chrome/85.0.4183.121 Safari/537.36" "asbanet.org"
110.168.25.97 - - [23/Dec/2022:16:00:34 -0800] "POST /simplemail.mv HTTP/1.1" 200 92574 "-" "Mozilla/5.0 (Windows NT 10.0; Win64; x64) AppleWebKit/537.36 (KHTML, like Gecko) Chrome/85.0.4183.121 Safari/537.36" "asbanet.org"
110.168.25.97 - - [23/Dec/2022:16:00:36 -0800] "POST /simplemail.mv HTTP/1.1" 200 92574 "-" "Mozilla/5.0 (Windows NT 10.0; Win64; x64) AppleWebKit/537.36 (KHTML, like Gecko) Chrome/85.0.4183.121 Safari/537.36" "asbanet.org"
110.168.25.97 - - [23/Dec/2022:16:00:37 -0800] "POST /simplemail.mv HTTP/1.1" 200 92574 "-" "Mozilla/5.0 (Windows NT 10.0; Win64; x64) AppleWebKit/537.36 (KHTML, like Gecko) Chrome/85.0.4183.121 Safari/537.36" "asbanet.org"
110.168.25.97 - - [23/Dec/2022:16:00:39 -0800] "POST /simplemail.mv HTTP/1.1" 200 92574 "-" "Mozilla/5.0 (Windows NT 10.0; Win64; x64) AppleWebKit/537.36 (KHTML, like Gecko) Chrome/85.0.4183.121 Safari/537.36" "asbanet.org"
110.168.25.97 - - [23/Dec/2022:16:00:41 -0800] "GET /contact/ HTTP/1.1" 200 362 "-" "Mozilla/5.0 (Windows NT 10.0; Win64; x64) AppleWebKit/537.36 (KHTML, like Gecko) Chrome/85.0.4183.121 Safari/537.36" "asbanet.org"
34.218.204.49 - - [23/Dec/2022:16:09:42 -0800] "GET / HTTP/1.1" 200 4048 "-" "Mozilla/5.0 (X11; Linux x86_64) AppleWebKit/537.36 (KHTML, like Gecko) Chrome/83.0.4103.97 Safari/537.36" "asbanet.org"
35.88.182.170 - - [23/Dec/2022:16:11:35 -0800] "GET /favicon.ico HTTP/1.1" 404 88 "-" "Mozilla/5.0 (X11; Linux x86_64) AppleWebKit/537.36 (KHTML, like Gecko) Chrome/83.0.4103.97 Safari/537.36" "asbanet.org"
52.41.29.123 - - [23/Dec/2022:16:11:44 -0800] "GET / HTTP/1.1" 200 4048 "-" "Mozilla/5.0 (X11; Linux x86_64) AppleWebKit/537.36 (KHTML, like Gecko) Chrome/83.0.4103.97 Safari/537.36" "asbanet.org"
216.244.66.200 - - [23/Dec/2022:16:19:53 -0800] "GET /robots.txt HTTP/1.1" 404 73 "-" "Mozilla/5.0 (compatible; DotBot/1.2; +https://opensiteexplorer.org/dotbot; help@moz.com)" "www.asbanet.org"
216.244.66.200 - - [23/Dec/2022:16:25:16 -0800] "GET /nh/index.shtml HTTP/1.1" 200 4565 "-" "Mozilla/5.0 (compatible; DotBot/1.2; +https://opensiteexplorer.org/dotbot; help@moz.com)" "www.asbanet.org"
216.244.66.200 - - [23/Dec/2022:16:25:45 -0800] "GET /images/rebecca.jpg HTTP/1.1" 200 23873 "-" "Mozilla/5.0 (compatible; DotBot/1.2; +https://opensiteexplorer.org/dotbot; help@moz.com)" "www.asbanet.org"
216.244.66.200 - - [23/Dec/2022:16:26:13 -0800] "GET /includes/fl_navjs.html HTTP/1.1" 200 1485 "-" "Mozilla/5.0 (compatible; DotBot/1.2; +https://opensiteexplorer.org/dotbot; help@moz.com)" "www.asbanet.org"
216.244.66.200 - - [23/Dec/2022:16:26:40 -0800] "GET /_old/?S=A HTTP/1.1" 200 694 "-" "Mozilla/5.0 (compatible; DotBot/1.2; +https://opensiteexplorer.org/dotbot; help@moz.com)" "www.asbanet.org"
51.222.253.6 - - [23/Dec/2022:16:26:47 -0800] "GET /robots.txt HTTP/1.1" 404 88 "-" "Mozilla/5.0 (compatible; AhrefsBot/7.0; +http://ahrefs.com/robot/)" "asbanet.org"
51.222.253.8 - - [23/Dec/2022:16:26:48 -0800] "GET /ok/join/?C=D;O=D HTTP/1.1" 200 399 "-" "Mozilla/5.0 (compatible; AhrefsBot/7.0; +http://ahrefs.com/robot/)" "asbanet.org"
216.244.66.200 - - [23/Dec/2022:16:27:06 -0800] "GET /lott/?N=A HTTP/1.1" 200 843 "-" "Mozilla/5.0 (compatible; DotBot/1.2; +https://opensiteexplorer.org/dotbot; help@moz.com)" "www.asbanet.org"
216.244.66.200 - - [23/Dec/2022:16:27:56 -0800] "GET /miscellaneous/?N=D HTTP/1.1" 200 2363 "-" "Mozilla/5.0 (compatible; DotBot/1.2; +https://opensiteexplorer.org/dotbot; help@moz.com)" "www.asbanet.org"
54.236.1.13 - - [23/Dec/2022:16:35:51 -0800] "GET /robots.txt HTTP/1.1" 404 88 "-" "Mozilla/5.0 (compatible; Pinterestbot/1.0; +http://www.pinterest.com/bot.html)" "asbanet.org"
54.236.1.11 - - [23/Dec/2022:16:35:51 -0800] "GET /robots.txt HTTP/1.1" 404 88 "-" "Mozilla/5.0 (compatible; Pinterestbot/1.0; +http://www.pinterest.com/bot.html)" "www.asbanet.org"
54.236.1.11 - - [23/Dec/2022:16:35:51 -0800] "GET /moad/cabins.htm HTTP/1.1" 200 781 "-" "Mozilla/5.0 (compatible; Pinterestbot/1.0; +http://www.pinterest.com/bot.html)" "www.asbanet.org"
216.244.66.200 - - [23/Dec/2022:16:39:35 -0800] "GET /fl/includes/?S=A HTTP/1.1" 200 715 "-" "Mozilla/5.0 (compatible; DotBot/1.2; +https://opensiteexplorer.org/dotbot; help@moz.com)" "www.asbanet.org"
216.244.66.200 - - [23/Dec/2022:16:39:36 -0800] "GET /images/issues/?M=D HTTP/1.1" 200 1838 "-" "Mozilla/5.0 (compatible; DotBot/1.2; +https://opensiteexplorer.org/dotbot; help@moz.com)" "www.asbanet.org"
216.244.66.200 - - [23/Dec/2022:16:39:37 -0800] "GET /issues/PBR/?N=A HTTP/1.1" 200 1340 "-" "Mozilla/5.0 (compatible; DotBot/1.2; +https://opensiteexplorer.org/dotbot; help@moz.com)" "www.asbanet.org"
216.244.66.200 - - [23/Dec/2022:16:40:16 -0800] "GET /ok/join/index.shtml HTTP/1.1" 200 5316 "-" "Mozilla/5.0 (compatible; DotBot/1.2; +https://opensiteexplorer.org/dotbot; help@moz.com)" "www.asbanet.org"
216.244.66.200 - - [23/Dec/2022:16:40:45 -0800] "GET /images/issues/CapitolBuilding1.jpg HTTP/1.1" 200 25317 "-" "Mozilla/5.0 (compatible; DotBot/1.2; +https://opensiteexplorer.org/dotbot; help@moz.com)" "www.asbanet.org"
216.244.66.200 - - [23/Dec/2022:16:41:13 -0800] "GET /nh/contact/?C=S;O=A HTTP/1.1" 200 713 "-" "Mozilla/5.0 (compatible; DotBot/1.2; +https://opensiteexplorer.org/dotbot; help@moz.com)" "www.asbanet.org"
216.244.66.200 - - [23/Dec/2022:16:41:41 -0800] "GET /issues/Reports/SBA_files/?C=N;O=A HTTP/1.1" 200 908 "-" "Mozilla/5.0 (compatible; DotBot/1.2; +https://opensiteexplorer.org/dotbot; help@moz.com)" "www.asbanet.org"
216.244.66.200 - - [23/Dec/2022:16:42:07 -0800] "GET /ok/about/?C=D;O=D HTTP/1.1" 200 709 "-" "Mozilla/5.0 (compatible; DotBot/1.2; +https://opensiteexplorer.org/dotbot; help@moz.com)" "www.asbanet.org"
114.119.132.211 - - [23/Dec/2022:16:52:04 -0800] "GET /images/Shannon/?C=S%3BO%3DA HTTP/1.1" 200 489 "http://asbanet.org/images/Shannon/?C=D%3BO%3DA" "Mozilla/5.0 (Linux; Android 7.0;) AppleWebKit/537.36 (KHTML, like Gecko) Mobile Safari/537.36 (compatible; PetalBot;+https://webmaster.petalsearch.com/site/petalbot)" "asbanet.org"
17.241.227.112 - - [23/Dec/2022:17:07:05 -0800] "GET /robots.txt HTTP/1.1" 404 88 "-" "Mozilla/5.0 (Macintosh; Intel Mac OS X 10_15_5) AppleWebKit/605.1.15 (KHTML, like Gecko) Version/13.1.1 Safari/605.1.15 (Applebot/0.1; +http://www.apple.com/go/applebot)" "www.asbanet.org"
17.241.227.112 - - [23/Dec/2022:17:07:05 -0800] "GET /?C=N;O=A HTTP/1.1" 200 4048 "-" "Mozilla/5.0 (Macintosh; Intel Mac OS X 10_15_5) AppleWebKit/605.1.15 (KHTML, like Gecko) Version/13.1.1 Safari/605.1.15 (Applebot/0.1; +http://www.apple.com/go/applebot)" "www.asbanet.org"
157.55.39.198 - - [23/Dec/2022:17:10:35 -0800] "GET /_old/ HTTP/1.1" 200 351 "-" "Mozilla/5.0 AppleWebKit/537.36 (KHTML, like Gecko; compatible; bingbot/2.0; +http://www.bing.com/bingbot.htm) Chrome/103.0.5060.134 Safari/537.36" "asbanet.org"
49.7.20.119 - - [23/Dec/2022:17:12:32 -0800] "GET / HTTP/1.1" 200 4048 "-" "Sogou web spider/4.0(+http://www.sogou.com/docs/help/webmasters.htm#07)" "www.asbanet.org"
216.244.66.200 - - [23/Dec/2022:17:12:46 -0800] "GET /robots.txt HTTP/1.1" 404 73 "-" "Mozilla/5.0 (compatible; DotBot/1.2; +https://opensiteexplorer.org/dotbot; help@moz.com)" "www.asbanet.org"
5.102.173.71 - - [23/Dec/2022:17:15:31 -0800] "GET /robots.txt HTTP/1.1" 404 88 "-" "Mozilla/5.0 (compatible; MojeekBot/0.11; +https://www.mojeek.com/bot.html)" "www.asbanet.org"
5.102.173.71 - - [23/Dec/2022:17:15:31 -0800] "GET /includes/fl_get_involved.html HTTP/1.1" 200 510 "-" "Mozilla/5.0 (compatible; MojeekBot/0.11; +https://www.mojeek.com/bot.html)" "www.asbanet.org"
216.244.66.200 - - [23/Dec/2022:17:20:18 -0800] "GET /images/Florida_SBA.jpg HTTP/1.1" 200 47388 "-" "Mozilla/5.0 (compatible; DotBot/1.2; +https://opensiteexplorer.org/dotbot; help@moz.com)" "www.asbanet.org"
216.244.66.200 - - [23/Dec/2022:17:20:48 -0800] "GET /join/thankyou.shtml HTTP/1.1" 200 2684 "-" "Mozilla/5.0 (compatible; DotBot/1.2; +https://opensiteexplorer.org/dotbot; help@moz.com)" "www.asbanet.org"
216.244.66.200 - - [23/Dec/2022:17:21:16 -0800] "GET /maine/brochure%20back.jpg HTTP/1.1" 200 64437 "-" "Mozilla/5.0 (compatible; DotBot/1.2; +https://opensiteexplorer.org/dotbot; help@moz.com)" "www.asbanet.org"
216.244.66.200 - - [23/Dec/2022:17:21:44 -0800] "GET /?N=A HTTP/1.1" 200 14849 "-" "Mozilla/5.0 (compatible; DotBot/1.2; +https://opensiteexplorer.org/dotbot; help@moz.com)" "www.asbanet.org"
216.244.66.200 - - [23/Dec/2022:17:22:10 -0800] "GET /Mann/megadownload/images/Florida_SBA.jpg HTTP/1.1" 200 47388 "-" "Mozilla/5.0 (compatible; DotBot/1.2; +https://opensiteexplorer.org/dotbot; help@moz.com)" "www.asbanet.org"
216.244.66.200 - - [23/Dec/2022:17:22:59 -0800] "GET /Mann/?N=D HTTP/1.1" 200 700 "-" "Mozilla/5.0 (compatible; DotBot/1.2; +https://opensiteexplorer.org/dotbot; help@moz.com)" "www.asbanet.org"
114.119.142.181 - - [23/Dec/2022:17:30:15 -0800] "GET /robots.txt HTTP/1.1" 404 88 "-" "Mozilla/5.0 (compatible;PetalBot;+https://webmaster.petalsearch.com/site/petalbot)" "asbanet.org"
216.244.66.200 - - [23/Dec/2022:17:33:29 -0800] "GET /about/?C=M;O=A HTTP/1.1" 200 700 "-" "Mozilla/5.0 (compatible; DotBot/1.2; +https://opensiteexplorer.org/dotbot; help@moz.com)" "www.asbanet.org"
216.244.66.200 - - [23/Dec/2022:17:33:29 -0800] "GET /miscellaneous/?C=S;O=A HTTP/1.1" 200 2363 "-" "Mozilla/5.0 (compatible; DotBot/1.2; +https://opensiteexplorer.org/dotbot; help@moz.com)" "www.asbanet.org"
216.244.66.200 - - [23/Dec/2022:17:34:42 -0800] "GET /images/issues/?M=A HTTP/1.1" 200 1838 "-" "Mozilla/5.0 (compatible; DotBot/1.2; +https://opensiteexplorer.org/dotbot; help@moz.com)" "www.asbanet.org"
216.244.66.200 - - [23/Dec/2022:17:35:11 -0800] "GET /ok/about/?S=A HTTP/1.1" 200 709 "-" "Mozilla/5.0 (compatible; DotBot/1.2; +https://opensiteexplorer.org/dotbot; help@moz.com)" "www.asbanet.org"
216.244.66.200 - - [23/Dec/2022:17:35:40 -0800] "GET /Mann/megadownload/?S=D HTTP/1.1" 200 878 "-" "Mozilla/5.0 (compatible; DotBot/1.2; +https://opensiteexplorer.org/dotbot; help@moz.com)" "www.asbanet.org"
216.244.66.200 - - [23/Dec/2022:17:36:07 -0800] "GET /images/kaplan%20wedding/?C=M;O=A HTTP/1.1" 200 2423 "-" "Mozilla/5.0 (compatible; DotBot/1.2; +https://opensiteexplorer.org/dotbot; help@moz.com)" "www.asbanet.org"
114.119.137.64 - - [23/Dec/2022:17:55:57 -0800] "GET /images/issues?S=D HTTP/1.1" 301 1414 "http://www.asbanet.org/images/issues?S=A" "Mozilla/5.0 (Linux; Android 7.0;) AppleWebKit/537.36 (KHTML, like Gecko) Mobile Safari/537.36 (compatible; PetalBot;+https://webmaster.petalsearch.com/site/petalbot)" "www.asbanet.org"
114.119.137.64 - - [23/Dec/2022:17:56:08 -0800] "GET /images/issues/?S=D HTTP/1.1" 200 527 "http://www.asbanet.org/images/issues?S=A" "Mozilla/5.0 (Linux; Android 7.0;) AppleWebKit/537.36 (KHTML, like Gecko) Mobile Safari/537.36 (compatible; PetalBot;+https://webmaster.petalsearch.com/site/petalbot)" "www.asbanet.org"
216.244.66.200 - - [23/Dec/2022:18:07:03 -0800] "GET /robots.txt HTTP/1.1" 404 73 "-" "Mozilla/5.0 (compatible; DotBot/1.2; +https://opensiteexplorer.org/dotbot; help@moz.com)" "www.asbanet.org"
216.244.66.200 - - [23/Dec/2022:18:12:16 -0800] "GET /join/index.shtml HTTP/1.1" 200 7451 "-" "Mozilla/5.0 (compatible; DotBot/1.2; +https://opensiteexplorer.org/dotbot; help@moz.com)" "www.asbanet.org"
216.244.66.200 - - [23/Dec/2022:18:14:36 -0800] "GET /voterguide/98guide.htm HTTP/1.1" 200 29382 "-" "Mozilla/5.0 (compatible; DotBot/1.2; +https://opensiteexplorer.org/dotbot; help@moz.com)" "www.asbanet.org"
216.244.66.200 - - [23/Dec/2022:18:15:33 -0800] "GET /about/?M=A HTTP/1.1" 200 700 "-" "Mozilla/5.0 (compatible; DotBot/1.2; +https://opensiteexplorer.org/dotbot; help@moz.com)" "www.asbanet.org"
216.244.66.200 - - [23/Dec/2022:18:22:42 -0800] "GET /images/Ross%20Relles/tent%20platforms.jpg HTTP/1.1" 200 61477 "-" "Mozilla/5.0 (compatible; DotBot/1.2; +https://opensiteexplorer.org/dotbot; help@moz.com)" "www.asbanet.org"
216.244.66.200 - - [23/Dec/2022:18:22:54 -0800] "GET /ok/about/?N=A HTTP/1.1" 200 709 "-" "Mozilla/5.0 (compatible; DotBot/1.2; +https://opensiteexplorer.org/dotbot; help@moz.com)" "www.asbanet.org"
216.244.66.200 - - [23/Dec/2022:18:23:01 -0800] "GET /alaska/?C=N;O=D HTTP/1.1" 200 2353 "-" "Mozilla/5.0 (compatible; DotBot/1.2; +https://opensiteexplorer.org/dotbot; help@moz.com)" "www.asbanet.org"
95.108.213.124 - - [23/Dec/2022:18:24:05 -0800] "GET /resources/ HTTP/1.1" 200 365 "-" "Mozilla/5.0 (compatible; YandexBot/3.0; +http://yandex.com/bots)" "www.asbanet.org"
216.244.66.200 - - [23/Dec/2022:18:25:16 -0800] "GET /fl/images/shim.gif HTTP/1.1" 200 43 "-" "Mozilla/5.0 (compatible; DotBot/1.2; +https://opensiteexplorer.org/dotbot; help@moz.com)" "www.asbanet.org"
114.119.156.209 - - [23/Dec/2022:18:25:31 -0800] "GET /issues/Reports?C=N%3BO%3DD HTTP/1.1" 301 1423 "http://asbanet.org/issues/Reports?D=A" "Mozilla/5.0 (Linux; Android 7.0;) AppleWebKit/537.36 (KHTML, like Gecko) Mobile Safari/537.36 (compatible; PetalBot;+https://webmaster.petalsearch.com/site/petalbot)" "asbanet.org"
114.119.156.209 - - [23/Dec/2022:18:25:40 -0800] "GET /issues/Reports/?C=N%3BO%3DD HTTP/1.1" 200 438 "http://asbanet.org/issues/Reports?D=A" "Mozilla/5.0 (Linux; Android 7.0;) AppleWebKit/537.36 (KHTML, like Gecko) Mobile Safari/537.36 (compatible; PetalBot;+https://webmaster.petalsearch.com/site/petalbot)" "asbanet.org"
216.244.66.200 - - [23/Dec/2022:18:25:45 -0800] "GET /images/issues/education_100.gif HTTP/1.1" 200 4627 "-" "Mozilla/5.0 (compatible; DotBot/1.2; +https://opensiteexplorer.org/dotbot; help@moz.com)" "www.asbanet.org"
216.244.66.200 - - [23/Dec/2022:18:26:13 -0800] "GET /images/kaplan%20wedding/Image004.jpg HTTP/1.1" 200 597729 "-" "Mozilla/5.0 (compatible; DotBot/1.2; +https://opensiteexplorer.org/dotbot; help@moz.com)" "www.asbanet.org"
216.244.66.200 - - [23/Dec/2022:18:26:41 -0800] "GET /images/nav/nhissues_on.gif HTTP/1.1" 200 192 "-" "Mozilla/5.0 (compatible; DotBot/1.2; +https://opensiteexplorer.org/dotbot; help@moz.com)" "www.asbanet.org"
216.244.66.200 - - [23/Dec/2022:18:28:22 -0800] "GET /images/voterguide/?C=D;O=D HTTP/1.1" 200 914 "-" "Mozilla/5.0 (compatible; DotBot/1.2; +https://opensiteexplorer.org/dotbot; help@moz.com)" "www.asbanet.org"
216.244.66.200 - - [23/Dec/2022:18:28:44 -0800] "GET /ok/join/?C=S;O=D HTTP/1.1" 200 1014 "-" "Mozilla/5.0 (compatible; DotBot/1.2; +https://opensiteexplorer.org/dotbot; help@moz.com)" "www.asbanet.org"
95.108.213.124 - - [23/Dec/2022:18:35:29 -0800] "GET /ok/?C=M;O=A HTTP/1.1" 200 425 "-" "Mozilla/5.0 (compatible; YandexBot/3.0; +http://yandex.com/bots)" "www.asbanet.org"
95.108.213.124 - - [23/Dec/2022:18:36:47 -0800] "GET /robots.txt HTTP/1.1" 404 73 "-" "Mozilla/5.0 (compatible; YandexBot/3.0; +http://yandex.com/bots)" "www.asbanet.org"
216.244.66.200 - - [23/Dec/2022:19:01:55 -0800] "GET /robots.txt HTTP/1.1" 404 73 "-" "Mozilla/5.0 (compatible; DotBot/1.2; +https://opensiteexplorer.org/dotbot; help@moz.com)" "www.asbanet.org"
216.244.66.200 - - [23/Dec/2022:19:04:52 -0800] "GET /nh/ HTTP/1.1" 200 1757 "-" "Mozilla/5.0 (compatible; DotBot/1.2; +https://opensiteexplorer.org/dotbot; help@moz.com)" "www.asbanet.org"
216.244.66.200 - - [23/Dec/2022:19:05:45 -0800] "GET /?S=A HTTP/1.1" 200 14849 "-" "Mozilla/5.0 (compatible; DotBot/1.2; +https://opensiteexplorer.org/dotbot; help@moz.com)" "www.asbanet.org"
216.244.66.200 - - [23/Dec/2022:19:05:47 -0800] "GET /includes/?S=A HTTP/1.1" 200 5325 "-" "Mozilla/5.0 (compatible; DotBot/1.2; +https://opensiteexplorer.org/dotbot; help@moz.com)" "www.asbanet.org"
216.244.66.200 - - [23/Dec/2022:19:05:49 -0800] "GET /miscellaneous/?M=D HTTP/1.1" 200 2363 "-" "Mozilla/5.0 (compatible; DotBot/1.2; +https://opensiteexplorer.org/dotbot; help@moz.com)" "www.asbanet.org"
216.244.66.200 - - [23/Dec/2022:19:05:51 -0800] "GET /ok/?M=A HTTP/1.1" 200 1284 "-" "Mozilla/5.0 (compatible; DotBot/1.2; +https://opensiteexplorer.org/dotbot; help@moz.com)" "www.asbanet.org"
195.191.219.131 - - [23/Dec/2022:19:15:03 -0800] "GET /robots.txt HTTP/1.1" 404 73 "-" "Mozilla/5.0 (compatible; MJ12bot/v1.4.8; http://mj12bot.com/)" "www.asbanet.org"
195.191.219.131 - - [23/Dec/2022:19:15:07 -0800] "GET / HTTP/1.1" 200 4048 "-" "Mozilla/5.0 (compatible; MJ12bot/v1.4.8; http://mj12bot.com/)" "www.asbanet.org"
216.244.66.200 - - [23/Dec/2022:19:15:25 -0800] "GET /contact/?C=D;O=A HTTP/1.1" 200 704 "-" "Mozilla/5.0 (compatible; DotBot/1.2; +https://opensiteexplorer.org/dotbot; help@moz.com)" "www.asbanet.org"
216.244.66.200 - - [23/Dec/2022:19:16:58 -0800] "GET /issues/Stimulus/_notes/?S=D HTTP/1.1" 200 598 "-" "Mozilla/5.0 (compatible; DotBot/1.2; +https://opensiteexplorer.org/dotbot; help@moz.com)" "www.asbanet.org"
216.244.66.200 - - [23/Dec/2022:19:16:59 -0800] "GET /images/kaplan%20wedding/Image005.jpg HTTP/1.1" 200 596603 "-" "Mozilla/5.0 (compatible; DotBot/1.2; +https://opensiteexplorer.org/dotbot; help@moz.com)" "www.asbanet.org"
216.244.66.200 - - [23/Dec/2022:19:17:39 -0800] "GET /images/nav/okcontact_on.gif HTTP/1.1" 200 210 "-" "Mozilla/5.0 (compatible; DotBot/1.2; +https://opensiteexplorer.org/dotbot; help@moz.com)" "www.asbanet.org"
216.244.66.200 - - [23/Dec/2022:19:18:08 -0800] "GET /issues/Stimulus/_notes/?C=N;O=A HTTP/1.1" 200 598 "-" "Mozilla/5.0 (compatible; DotBot/1.2; +https://opensiteexplorer.org/dotbot; help@moz.com)" "www.asbanet.org"
123.125.109.101 - - [23/Dec/2022:19:41:36 -0800] "GET / HTTP/1.1" 200 4048 "-" "Sogou web spider/4.0(+http://www.sogou.com/docs/help/webmasters.htm#07)" "www.asbanet.org"
77.75.79.31 - - [23/Dec/2022:19:47:45 -0800] "GET /robots.txt HTTP/1.1" 404 88 "-" "Mozilla/5.0 (compatible; SeznamBot/4.0-RC1; +http://napoveda.seznam.cz/seznambot-intro/)" "www.asbanet.org"
77.75.77.119 - - [23/Dec/2022:19:47:45 -0800] "GET /Mann/ HTTP/1.1" 200 355 "-" "Mozilla/5.0 (compatible; SeznamBot/4.0-RC1; +http://napoveda.seznam.cz/seznambot-intro/)" "www.asbanet.org"
216.244.66.200 - - [23/Dec/2022:19:56:46 -0800] "GET /robots.txt HTTP/1.1" 404 73 "-" "Mozilla/5.0 (compatible; DotBot/1.2; +https://opensiteexplorer.org/dotbot; help@moz.com)" "www.asbanet.org"
216.244.66.200 - - [23/Dec/2022:20:02:47 -0800] "GET /maine/brochure.htm HTTP/1.1" 200 361 "-" "Mozilla/5.0 (compatible; DotBot/1.2; +https://opensiteexplorer.org/dotbot; help@moz.com)" "www.asbanet.org"
216.244.66.200 - - [23/Dec/2022:20:04:45 -0800] "GET /ok/?C=M;O=A HTTP/1.1" 200 1284 "-" "Mozilla/5.0 (compatible; DotBot/1.2; +https://opensiteexplorer.org/dotbot; help@moz.com)" "www.asbanet.org"
216.244.66.200 - - [23/Dec/2022:20:13:06 -0800] "GET /images/Shannon/?D=D HTTP/1.1" 200 2109 "-" "Mozilla/5.0 (compatible; DotBot/1.2; +https://opensiteexplorer.org/dotbot; help@moz.com)" "www.asbanet.org"
216.244.66.200 - - [23/Dec/2022:20:13:06 -0800] "GET /images/voices/?N=A HTTP/1.1" 200 2277 "-" "Mozilla/5.0 (compatible; DotBot/1.2; +https://opensiteexplorer.org/dotbot; help@moz.com)" "www.asbanet.org"
216.244.66.200 - - [23/Dec/2022:20:13:07 -0800] "GET /issues/Stimulus/?D=A HTTP/1.1" 200 873 "-" "Mozilla/5.0 (compatible; DotBot/1.2; +https://opensiteexplorer.org/dotbot; help@moz.com)" "www.asbanet.org"
216.244.66.200 - - [23/Dec/2022:20:13:08 -0800] "GET /voterguide/?C=N;O=D HTTP/1.1" 200 708 "-" "Mozilla/5.0 (compatible; DotBot/1.2; +https://opensiteexplorer.org/dotbot; help@moz.com)" "www.asbanet.org"
216.244.66.200 - - [23/Dec/2022:20:15:59 -0800] "GET /images/Ross%20Relles/inside%20cabin1.jpg HTTP/1.1" 200 60120 "-" "Mozilla/5.0 (compatible; DotBot/1.2; +https://opensiteexplorer.org/dotbot; help@moz.com)" "www.asbanet.org"
216.244.66.200 - - [23/Dec/2022:20:16:28 -0800] "GET /issues/PBR/abouthc.shtml HTTP/1.1" 200 6650 "-" "Mozilla/5.0 (compatible; DotBot/1.2; +https://opensiteexplorer.org/dotbot; help@moz.com)" "www.asbanet.org"
95.108.213.124 - - [23/Dec/2022:20:32:19 -0800] "GET /ok/issues/?C=M;O=A HTTP/1.1" 200 440 "-" "Mozilla/5.0 (compatible; YandexBot/3.0; +http://yandex.com/bots)" "www.asbanet.org"
54.36.149.67 - - [23/Dec/2022:20:33:30 -0800] "GET /robots.txt HTTP/1.1" 404 88 "-" "Mozilla/5.0 (compatible; AhrefsBot/7.0; +http://ahrefs.com/robot/)" "asbanet.org"
51.222.253.4 - - [23/Dec/2022:20:33:33 -0800] "GET /images/?C=N;O=D HTTP/1.1" 200 826 "-" "Mozilla/5.0 (compatible; AhrefsBot/7.0; +http://ahrefs.com/robot/)" "asbanet.org"
95.108.213.124 - - [23/Dec/2022:20:45:49 -0800] "GET /Mann/megadownload/?C=D;O=A HTTP/1.1" 200 395 "-" "Mozilla/5.0 (compatible; YandexBot/3.0; +http://yandex.com/bots)" "www.asbanet.org"
216.244.66.200 - - [23/Dec/2022:20:50:28 -0800] "GET /robots.txt HTTP/1.1" 404 73 "-" "Mozilla/5.0 (compatible; DotBot/1.2; +https://opensiteexplorer.org/dotbot; help@moz.com)" "www.asbanet.org"
216.244.66.200 - - [23/Dec/2022:20:58:22 -0800] "GET /fl/images/ HTTP/1.1" 200 864 "-" "Mozilla/5.0 (compatible; DotBot/1.2; +https://opensiteexplorer.org/dotbot; help@moz.com)" "www.asbanet.org"
216.244.66.200 - - [23/Dec/2022:20:59:10 -0800] "GET /contact/?D=A HTTP/1.1" 200 704 "-" "Mozilla/5.0 (compatible; DotBot/1.2; +https://opensiteexplorer.org/dotbot; help@moz.com)" "www.asbanet.org"
216.244.66.200 - - [23/Dec/2022:20:59:32 -0800] "GET /images/?M=A HTTP/1.1" 200 4697 "-" "Mozilla/5.0 (compatible; DotBot/1.2; +https://opensiteexplorer.org/dotbot; help@moz.com)" "www.asbanet.org"
216.244.66.200 - - [23/Dec/2022:20:59:53 -0800] "GET /resources/?D=A HTTP/1.1" 200 708 "-" "Mozilla/5.0 (compatible; DotBot/1.2; +https://opensiteexplorer.org/dotbot; help@moz.com)" "www.asbanet.org"
216.244.66.200 - - [23/Dec/2022:21:10:35 -0800] "GET /images/voices/linda_pei.gif HTTP/1.1" 200 7124 "-" "Mozilla/5.0 (compatible; DotBot/1.2; +https://opensiteexplorer.org/dotbot; help@moz.com)" "www.asbanet.org"
216.244.66.200 - - [23/Dec/2022:21:10:40 -0800] "GET /ok/join/?C=M;O=A HTTP/1.1" 200 1014 "-" "Mozilla/5.0 (compatible; DotBot/1.2; +https://opensiteexplorer.org/dotbot; help@moz.com)" "www.asbanet.org"
216.244.66.200 - - [23/Dec/2022:21:10:44 -0800] "GET /links/?C=S;O=D HTTP/1.1" 200 699 "-" "Mozilla/5.0 (compatible; DotBot/1.2; +https://opensiteexplorer.org/dotbot; help@moz.com)" "www.asbanet.org"
216.244.66.200 - - [23/Dec/2022:21:10:47 -0800] "GET /nh/contact/?C=S;O=D HTTP/1.1" 200 713 "-" "Mozilla/5.0 (compatible; DotBot/1.2; +https://opensiteexplorer.org/dotbot; help@moz.com)" "www.asbanet.org"
61.135.159.166 - - [23/Dec/2022:21:40:12 -0800] "GET / HTTP/1.1" 200 4048 "-" "Sogou web spider/4.0(+http://www.sogou.com/docs/help/webmasters.htm#07)" "www.asbanet.org"
216.244.66.200 - - [23/Dec/2022:21:45:28 -0800] "GET /robots.txt HTTP/1.1" 404 73 "-" "Mozilla/5.0 (compatible; DotBot/1.2; +https://opensiteexplorer.org/dotbot; help@moz.com)" "www.asbanet.org"
216.244.66.200 - - [23/Dec/2022:21:48:06 -0800] "GET / HTTP/1.1" 200 14849 "-" "Mozilla/5.0 (compatible; DotBot/1.2; +https://opensiteexplorer.org/dotbot; help@moz.com)" "www.asbanet.org"
216.244.66.200 - - [23/Dec/2022:21:49:20 -0800] "GET /issues/?N=A HTTP/1.1" 200 1146 "-" "Mozilla/5.0 (compatible; DotBot/1.2; +https://opensiteexplorer.org/dotbot; help@moz.com)" "www.asbanet.org"
216.244.66.200 - - [23/Dec/2022:21:56:40 -0800] "GET /ok/about/?D=D HTTP/1.1" 200 709 "-" "Mozilla/5.0 (compatible; DotBot/1.2; +https://opensiteexplorer.org/dotbot; help@moz.com)" "www.asbanet.org"
216.244.66.200 - - [23/Dec/2022:21:56:41 -0800] "GET /moad/?C=N;O=D HTTP/1.1" 200 1449 "-" "Mozilla/5.0 (compatible; DotBot/1.2; +https://opensiteexplorer.org/dotbot; help@moz.com)" "www.asbanet.org"
216.244.66.200 - - [23/Dec/2022:21:57:04 -0800] "GET /issues/Stimulus/_notes/?S=A HTTP/1.1" 200 598 "-" "Mozilla/5.0 (compatible; DotBot/1.2; +https://opensiteexplorer.org/dotbot; help@moz.com)" "www.asbanet.org"
216.244.66.200 - - [23/Dec/2022:21:57:25 -0800] "GET /?C=S;O=D HTTP/1.1" 200 14849 "-" "Mozilla/5.0 (compatible; DotBot/1.2; +https://opensiteexplorer.org/dotbot; help@moz.com)" "www.asbanet.org"
207.46.13.231 - - [23/Dec/2022:22:15:11 -0800] "GET /robots.txt HTTP/1.1" 404 88 "-" "Mozilla/5.0 AppleWebKit/537.36 (KHTML, like Gecko; compatible; bingbot/2.0; +http://www.bing.com/bingbot.htm) Chrome/103.0.5060.134 Safari/537.36" "asbanet.org"
207.46.13.135 - - [23/Dec/2022:22:15:19 -0800] "GET / HTTP/1.1" 200 4048 "-" "Mozilla/5.0 (compatible; bingbot/2.0; +http://www.bing.com/bingbot.htm)" "asbanet.org"
5.102.173.71 - - [23/Dec/2022:22:23:53 -0800] "GET /robots.txt HTTP/1.1" 404 88 "-" "Mozilla/5.0 (compatible; MojeekBot/0.11; +https://www.mojeek.com/bot.html)" "www.asbanet.org"
5.102.173.71 - - [23/Dec/2022:22:23:53 -0800] "GET /images/Ross%20Relles/?C=D;O=A HTTP/1.1" 200 834 "-" "Mozilla/5.0 (compatible; MojeekBot/0.11; +https://www.mojeek.com/bot.html)" "www.asbanet.org"
51.222.253.2 - - [23/Dec/2022:22:30:58 -0800] "GET /resources/?C=S;O=A HTTP/1.1" 200 365 "-" "Mozilla/5.0 (compatible; AhrefsBot/7.0; +http://ahrefs.com/robot/)" "asbanet.org"
95.108.213.124 - - [23/Dec/2022:22:38:05 -0800] "GET /robots.txt HTTP/1.1" 404 73 "-" "Mozilla/5.0 (compatible; YandexBot/3.0; +http://yandex.com/bots)" "www.asbanet.org"
216.244.66.200 - - [23/Dec/2022:22:40:49 -0800] "GET /robots.txt HTTP/1.1" 404 73 "-" "Mozilla/5.0 (compatible; DotBot/1.2; +https://opensiteexplorer.org/dotbot; help@moz.com)" "asbanet.org"
216.244.66.200 - - [23/Dec/2022:22:40:49 -0800] "GET /robots.txt HTTP/1.1" 404 73 "-" "Mozilla/5.0 (compatible; DotBot/1.2; +https://opensiteexplorer.org/dotbot; help@moz.com)" "www.asbanet.org"
216.244.66.200 - - [23/Dec/2022:22:44:57 -0800] "GET /Mann/megadownload/images/left_back.gif HTTP/1.1" 200 19584 "-" "Mozilla/5.0 (compatible; DotBot/1.2; +https://opensiteexplorer.org/dotbot; help@moz.com)" "www.asbanet.org"
216.244.66.200 - - [23/Dec/2022:22:44:58 -0800] "GET /images/issues/ HTTP/1.1" 200 1838 "-" "Mozilla/5.0 (compatible; DotBot/1.2; +https://opensiteexplorer.org/dotbot; help@moz.com)" "www.asbanet.org"
216.244.66.200 - - [23/Dec/2022:22:45:30 -0800] "GET /_old/?D=A HTTP/1.1" 200 694 "-" "Mozilla/5.0 (compatible; DotBot/1.2; +https://opensiteexplorer.org/dotbot; help@moz.com)" "www.asbanet.org"
216.244.66.200 - - [23/Dec/2022:22:45:32 -0800] "GET /_old/?N=D HTTP/1.1" 200 694 "-" "Mozilla/5.0 (compatible; DotBot/1.2; +https://opensiteexplorer.org/dotbot; help@moz.com)" "www.asbanet.org"
216.244.66.200 - - [23/Dec/2022:22:45:33 -0800] "GET /alaska/?S=D HTTP/1.1" 200 2353 "-" "Mozilla/5.0 (compatible; DotBot/1.2; +https://opensiteexplorer.org/dotbot; help@moz.com)" "www.asbanet.org"
216.244.66.200 - - [23/Dec/2022:22:45:35 -0800] "GET /maine/?S=A HTTP/1.1" 200 1151 "-" "Mozilla/5.0 (compatible; DotBot/1.2; +https://opensiteexplorer.org/dotbot; help@moz.com)" "www.asbanet.org"
216.244.66.200 - - [23/Dec/2022:22:47:31 -0800] "GET /images/issues/?D=A HTTP/1.1" 200 1838 "-" "Mozilla/5.0 (compatible; DotBot/1.2; +https://opensiteexplorer.org/dotbot; help@moz.com)" "www.asbanet.org"
216.244.66.200 - - [23/Dec/2022:23:04:56 -0800] "GET /images/Ross%20Relles/JOEY%20AND%20JIM%20CHAT.JPG HTTP/1.1" 200 64318 "-" "Mozilla/5.0 (compatible; DotBot/1.2; +https://opensiteexplorer.org/dotbot; help@moz.com)" "www.asbanet.org"
216.244.66.200 - - [23/Dec/2022:23:04:57 -0800] "GET /images/nav/nhhome_over.gif HTTP/1.1" 200 165 "-" "Mozilla/5.0 (compatible; DotBot/1.2; +https://opensiteexplorer.org/dotbot; help@moz.com)" "www.asbanet.org"
216.244.66.200 - - [23/Dec/2022:23:04:57 -0800] "GET /images/nav/okissues_off.gif HTTP/1.1" 200 159 "-" "Mozilla/5.0 (compatible; DotBot/1.2; +https://opensiteexplorer.org/dotbot; help@moz.com)" "www.asbanet.org"
216.244.66.200 - - [23/Dec/2022:23:04:58 -0800] "GET /images/nav/usabout_on.gif HTTP/1.1" 200 242 "-" "Mozilla/5.0 (compatible; DotBot/1.2; +https://opensiteexplorer.org/dotbot; help@moz.com)" "www.asbanet.org"
216.244.66.200 - - [23/Dec/2022:23:09:45 -0800] "GET /images/issues/?C=N;O=D HTTP/1.1" 200 1838 "-" "Mozilla/5.0 (compatible; DotBot/1.2; +https://opensiteexplorer.org/dotbot; help@moz.com)" "www.asbanet.org"
216.244.66.200 - - [23/Dec/2022:23:35:04 -0800] "GET /robots.txt HTTP/1.1" 404 73 "-" "Mozilla/5.0 (compatible; DotBot/1.2; +https://opensiteexplorer.org/dotbot; help@moz.com)" "www.asbanet.org"
216.244.66.200 - - [23/Dec/2022:23:41:55 -0800] "GET /nh/about.shtml HTTP/1.1" 200 4289 "-" "Mozilla/5.0 (compatible; DotBot/1.2; +https://opensiteexplorer.org/dotbot; help@moz.com)" "www.asbanet.org"
216.244.66.200 - - [23/Dec/2022:23:43:20 -0800] "GET /_old/?S=D HTTP/1.1" 200 694 "-" "Mozilla/5.0 (compatible; DotBot/1.2; +https://opensiteexplorer.org/dotbot; help@moz.com)" "www.asbanet.org"
216.244.66.200 - - [23/Dec/2022:23:43:46 -0800] "GET /contact/?D=D HTTP/1.1" 200 704 "-" "Mozilla/5.0 (compatible; DotBot/1.2; +https://opensiteexplorer.org/dotbot; help@moz.com)" "www.asbanet.org"
216.244.66.200 - - [23/Dec/2022:23:44:10 -0800] "GET /fl/?M=D HTTP/1.1" 200 1901 "-" "Mozilla/5.0 (compatible; DotBot/1.2; +https://opensiteexplorer.org/dotbot; help@moz.com)" "www.asbanet.org"
40.77.167.46 - - [23/Dec/2022:23:48:06 -0800] "GET /images/Ross%20Relles/outside%20bathroom.jpg HTTP/1.1" 200 63988 "-" "Mozilla/5.0 (compatible; bingbot/2.0; +http://www.bing.com/bingbot.htm)" "www.asbanet.org"
216.244.66.200 - - [23/Dec/2022:23:50:00 -0800] "GET /fl/images/?N=A HTTP/1.1" 200 864 "-" "Mozilla/5.0 (compatible; DotBot/1.2; +https://opensiteexplorer.org/dotbot; help@moz.com)" "www.asbanet.org"
216.244.66.200 - - [23/Dec/2022:23:51:28 -0800] "GET /issues/Stimulus/_notes/?N=D HTTP/1.1" 200 598 "-" "Mozilla/5.0 (compatible; DotBot/1.2; +https://opensiteexplorer.org/dotbot; help@moz.com)" "www.asbanet.org"
216.244.66.200 - - [23/Dec/2022:23:51:29 -0800] "GET /images/voices/image002.gif HTTP/1.1" 200 7101 "-" "Mozilla/5.0 (compatible; DotBot/1.2; +https://opensiteexplorer.org/dotbot; help@moz.com)" "www.asbanet.org"
216.244.66.200 - - [23/Dec/2022:23:51:30 -0800] "GET /ok/join/thankyou.shtml HTTP/1.1" 200 2705 "-" "Mozilla/5.0 (compatible; DotBot/1.2; +https://opensiteexplorer.org/dotbot; help@moz.com)" "www.asbanet.org"
216.244.66.200 - - [23/Dec/2022:23:51:31 -0800] "GET /fl/?C=N;O=A HTTP/1.1" 200 1901 "-" "Mozilla/5.0 (compatible; DotBot/1.2; +https://opensiteexplorer.org/dotbot; help@moz.com)" "www.asbanet.org"
216.244.66.200 - - [23/Dec/2022:23:56:01 -0800] "GET /issues/Reports/?C=D;O=D HTTP/1.1" 200 1172 "-" "Mozilla/5.0 (compatible; DotBot/1.2; +https://opensiteexplorer.org/dotbot; help@moz.com)" "www.asbanet.org"
216.244.66.200 - - [24/Dec/2022:00:29:19 -0800] "GET /robots.txt HTTP/1.1" 404 73 "-" "Mozilla/5.0 (compatible; DotBot/1.2; +https://opensiteexplorer.org/dotbot; help@moz.com)" "www.asbanet.org"
216.244.66.200 - - [24/Dec/2022:00:29:19 -0800] "GET /robots.txt HTTP/1.1" 404 73 "-" "Mozilla/5.0 (compatible; DotBot/1.2; +https://opensiteexplorer.org/dotbot; help@moz.com)" "asbanet.org"
216.244.66.200 - - [24/Dec/2022:00:35:54 -0800] "GET /moad/ HTTP/1.1" 200 1449 "-" "Mozilla/5.0 (compatible; DotBot/1.2; +https://opensiteexplorer.org/dotbot; help@moz.com)" "www.asbanet.org"
114.119.157.139 - - [24/Dec/2022:00:36:57 -0800] "GET /nh/contact?D=A HTTP/1.1" 301 1416 "https://asbanet.org/nh/contact?M=D" "Mozilla/5.0 (Linux; Android 7.0;) AppleWebKit/537.36 (KHTML, like Gecko) Mobile Safari/537.36 (compatible; PetalBot;+https://webmaster.petalsearch.com/site/petalbot)" "asbanet.org"
216.244.66.200 - - [24/Dec/2022:00:37:08 -0800] "GET /nh/?D=D HTTP/1.1" 200 1757 "-" "Mozilla/5.0 (compatible; DotBot/1.2; +https://opensiteexplorer.org/dotbot; help@moz.com)" "www.asbanet.org"
114.119.157.139 - - [24/Dec/2022:00:37:15 -0800] "GET /nh/contact/?D=A HTTP/1.1" 200 366 "https://asbanet.org/nh/contact?M=D" "Mozilla/5.0 (Linux; Android 7.0;) AppleWebKit/537.36 (KHTML, like Gecko) Mobile Safari/537.36 (compatible; PetalBot;+https://webmaster.petalsearch.com/site/petalbot)" "asbanet.org"
216.244.66.200 - - [24/Dec/2022:00:37:38 -0800] "GET /resources/?N=D HTTP/1.1" 200 708 "-" "Mozilla/5.0 (compatible; DotBot/1.2; +https://opensiteexplorer.org/dotbot; help@moz.com)" "www.asbanet.org"
114.119.148.70 - - [24/Dec/2022:00:37:49 -0800] "GET /fl/?C=M%3BO%3DA HTTP/1.1" 200 499 "https://asbanet.org/fl?S=D" "Mozilla/5.0 (Linux; Android 7.0;) AppleWebKit/537.36 (KHTML, like Gecko) Mobile Safari/537.36 (compatible; PetalBot;+https://webmaster.petalsearch.com/site/petalbot)" "asbanet.org"
114.119.132.101 - - [24/Dec/2022:00:39:33 -0800] "GET /miscellaneous/jmbio.htm HTTP/1.1" 200 1322 "https://asbanet.org/miscellaneous?C=N%3BO%3DD" "Mozilla/5.0 (Linux; Android 7.0;) AppleWebKit/537.36 (KHTML, like Gecko) Mobile Safari/537.36 (compatible; PetalBot;+https://webmaster.petalsearch.com/site/petalbot)" "asbanet.org"
114.119.150.239 - - [24/Dec/2022:00:41:55 -0800] "GET /join/thankyou.shtml HTTP/1.1" 200 2684 "http://www.asbanet.org/join?M=A" "Mozilla/5.0 (Linux; Android 7.0;) AppleWebKit/537.36 (KHTML, like Gecko) Mobile Safari/537.36 (compatible; PetalBot;+https://webmaster.petalsearch.com/site/petalbot)" "www.asbanet.org"
114.119.140.70 - - [24/Dec/2022:00:42:07 -0800] "GET /images/Shannon2?M=D HTTP/1.1" 301 1417 "http://www.asbanet.org/images/Shannon2?M=A" "Mozilla/5.0 (Linux; Android 7.0;) AppleWebKit/537.36 (KHTML, like Gecko) Mobile Safari/537.36 (compatible; PetalBot;+https://webmaster.petalsearch.com/site/petalbot)" "www.asbanet.org"
114.119.140.70 - - [24/Dec/2022:00:42:18 -0800] "GET /images/Shannon2/?M=D HTTP/1.1" 200 434 "http://www.asbanet.org/images/Shannon2?M=A" "Mozilla/5.0 (Linux; Android 7.0;) AppleWebKit/537.36 (KHTML, like Gecko) Mobile Safari/537.36 (compatible; PetalBot;+https://webmaster.petalsearch.com/site/petalbot)" "www.asbanet.org"
114.119.130.202 - - [24/Dec/2022:00:43:29 -0800] "GET /images/voices?N=D HTTP/1.1" 301 1417 "https://www.asbanet.org/images/voices?N=A" "Mozilla/5.0 (Linux; Android 7.0;) AppleWebKit/537.36 (KHTML, like Gecko) Mobile Safari/537.36 (compatible; PetalBot;+https://webmaster.petalsearch.com/site/petalbot)" "www.asbanet.org"
114.119.130.202 - - [24/Dec/2022:00:43:42 -0800] "GET /images/voices/?N=D HTTP/1.1" 200 546 "https://www.asbanet.org/images/voices?N=A" "Mozilla/5.0 (Linux; Android 7.0;) AppleWebKit/537.36 (KHTML, like Gecko) Mobile Safari/537.36 (compatible; PetalBot;+https://webmaster.petalsearch.com/site/petalbot)" "www.asbanet.org"
114.119.143.110 - - [24/Dec/2022:00:44:54 -0800] "GET /nh/reasons.shtml HTTP/1.1" 200 5454 "https://www.asbanet.org/nh?C=M%3BO%3DA" "Mozilla/5.0 (Linux; Android 7.0;) AppleWebKit/537.36 (KHTML, like Gecko) Mobile Safari/537.36 (compatible; PetalBot;+https://webmaster.petalsearch.com/site/petalbot)" "www.asbanet.org"
114.119.146.211 - - [24/Dec/2022:00:46:40 -0800] "GET /ok/join?S=A HTTP/1.1" 301 1410 "http://asbanet.org/ok/join?D=A" "Mozilla/5.0 (Linux; Android 7.0;) AppleWebKit/537.36 (KHTML, like Gecko) Mobile Safari/537.36 (compatible; PetalBot;+https://webmaster.petalsearch.com/site/petalbot)" "asbanet.org"
114.119.146.211 - - [24/Dec/2022:00:46:50 -0800] "GET /ok/join/?S=A HTTP/1.1" 200 400 "http://asbanet.org/ok/join?D=A" "Mozilla/5.0 (Linux; Android 7.0;) AppleWebKit/537.36 (KHTML, like Gecko) Mobile Safari/537.36 (compatible; PetalBot;+https://webmaster.petalsearch.com/site/petalbot)" "asbanet.org"
114.119.145.150 - - [24/Dec/2022:00:47:37 -0800] "GET /images/voterguide?M=D HTTP/1.1" 301 1418 "http://www.asbanet.org/images/voterguide?M=A" "Mozilla/5.0 (Linux; Android 7.0;) AppleWebKit/537.36 (KHTML, like Gecko) Mobile Safari/537.36 (compatible; PetalBot;+https://webmaster.petalsearch.com/site/petalbot)" "www.asbanet.org"
114.119.145.150 - - [24/Dec/2022:00:47:48 -0800] "GET /images/voterguide/?M=D HTTP/1.1" 200 410 "http://www.asbanet.org/images/voterguide?M=A" "Mozilla/5.0 (Linux; Android 7.0;) AppleWebKit/537.36 (KHTML, like Gecko) Mobile Safari/537.36 (compatible; PetalBot;+https://webmaster.petalsearch.com/site/petalbot)" "www.asbanet.org"
114.119.136.143 - - [24/Dec/2022:00:48:53 -0800] "GET /resources?M=D HTTP/1.1" 301 1416 "https://www.asbanet.org/resources?M=A" "Mozilla/5.0 (Linux; Android 7.0;) AppleWebKit/537.36 (KHTML, like Gecko) Mobile Safari/537.36 (compatible; PetalBot;+https://webmaster.petalsearch.com/site/petalbot)" "www.asbanet.org"
114.119.136.143 - - [24/Dec/2022:00:48:54 -0800] "GET /resources/?M=D HTTP/1.1" 200 365 "https://www.asbanet.org/resources?M=A" "Mozilla/5.0 (Linux; Android 7.0;) AppleWebKit/537.36 (KHTML, like Gecko) Mobile Safari/537.36 (compatible; PetalBot;+https://webmaster.petalsearch.com/site/petalbot)" "www.asbanet.org"
114.119.139.167 - - [24/Dec/2022:00:50:45 -0800] "GET /ok/join?C=S%3BO%3DA HTTP/1.1" 301 1419 "http://asbanet.org/ok/join?C=N%3BO%3DD" "Mozilla/5.0 (Linux; Android 7.0;) AppleWebKit/537.36 (KHTML, like Gecko) Mobile Safari/537.36 (compatible; PetalBot;+https://webmaster.petalsearch.com/site/petalbot)" "asbanet.org"
114.119.139.167 - - [24/Dec/2022:00:50:51 -0800] "GET /ok/join/?C=S%3BO%3DA HTTP/1.1" 200 400 "http://asbanet.org/ok/join?C=N%3BO%3DD" "Mozilla/5.0 (Linux; Android 7.0;) AppleWebKit/537.36 (KHTML, like Gecko) Mobile Safari/537.36 (compatible; PetalBot;+https://webmaster.petalsearch.com/site/petalbot)" "asbanet.org"
114.119.144.38 - - [24/Dec/2022:00:52:12 -0800] "GET /images/voices?D=A HTTP/1.1" 301 1412 "http://asbanet.org/images/voices?S=A" "Mozilla/5.0 (Linux; Android 7.0;) AppleWebKit/537.36 (KHTML, like Gecko) Mobile Safari/537.36 (compatible; PetalBot;+https://webmaster.petalsearch.com/site/petalbot)" "asbanet.org"
114.119.144.38 - - [24/Dec/2022:00:52:21 -0800] "GET /images/voices/?D=A HTTP/1.1" 200 546 "http://asbanet.org/images/voices?S=A" "Mozilla/5.0 (Linux; Android 7.0;) AppleWebKit/537.36 (KHTML, like Gecko) Mobile Safari/537.36 (compatible; PetalBot;+https://webmaster.petalsearch.com/site/petalbot)" "asbanet.org"
207.46.13.135 - - [24/Dec/2022:00:52:34 -0800] "GET / HTTP/1.1" 200 4048 "-" "Mozilla/5.0 (compatible; bingbot/2.0; +http://www.bing.com/bingbot.htm)" "www.asbanet.org"
114.119.142.131 - - [24/Dec/2022:00:53:20 -0800] "GET /images/nav?S=D HTTP/1.1" 301 1411 "http://asbanet.org/images/nav?S=A" "Mozilla/5.0 (Linux; Android 7.0;) AppleWebKit/537.36 (KHTML, like Gecko) Mobile Safari/537.36 (compatible; PetalBot;+https://webmaster.petalsearch.com/site/petalbot)" "asbanet.org"
114.119.142.131 - - [24/Dec/2022:00:53:34 -0800] "GET /images/nav/?S=D HTTP/1.1" 200 1121 "http://asbanet.org/images/nav?S=A" "Mozilla/5.0 (Linux; Android 7.0;) AppleWebKit/537.36 (KHTML, like Gecko) Mobile Safari/537.36 (compatible; PetalBot;+https://webmaster.petalsearch.com/site/petalbot)" "asbanet.org"
216.244.66.200 - - [24/Dec/2022:00:54:43 -0800] "GET /fl/contact/?S=D HTTP/1.1" 200 713 "-" "Mozilla/5.0 (compatible; DotBot/1.2; +https://opensiteexplorer.org/dotbot; help@moz.com)" "www.asbanet.org"
216.244.66.200 - - [24/Dec/2022:00:54:43 -0800] "GET /images/Shannon/?M=A HTTP/1.1" 200 2109 "-" "Mozilla/5.0 (compatible; DotBot/1.2; +https://opensiteexplorer.org/dotbot; help@moz.com)" "www.asbanet.org"
216.244.66.200 - - [24/Dec/2022:00:54:44 -0800] "GET /images/Shannon/?S=A HTTP/1.1" 200 2109 "-" "Mozilla/5.0 (compatible; DotBot/1.2; +https://opensiteexplorer.org/dotbot; help@moz.com)" "www.asbanet.org"
216.244.66.200 - - [24/Dec/2022:00:54:44 -0800] "GET /ok/issues/?S=A HTTP/1.1" 200 1327 "-" "Mozilla/5.0 (compatible; DotBot/1.2; +https://opensiteexplorer.org/dotbot; help@moz.com)" "www.asbanet.org"
114.119.157.221 - - [24/Dec/2022:00:55:03 -0800] "GET /images/kaplan%20wedding?D=A HTTP/1.1" 301 1419 "http://asbanet.org/images/kaplan%20wedding?D=D" "Mozilla/5.0 (Linux; Android 7.0;) AppleWebKit/537.36 (KHTML, like Gecko) Mobile Safari/537.36 (compatible; PetalBot;+https://webmaster.petalsearch.com/site/petalbot)" "asbanet.org"
114.119.157.221 - - [24/Dec/2022:00:55:10 -0800] "GET /images/kaplan%20wedding/?D=A HTTP/1.1" 200 493 "http://asbanet.org/images/kaplan%20wedding?D=D" "Mozilla/5.0 (Linux; Android 7.0;) AppleWebKit/537.36 (KHTML, like Gecko) Mobile Safari/537.36 (compatible; PetalBot;+https://webmaster.petalsearch.com/site/petalbot)" "asbanet.org"
114.119.132.192 - - [24/Dec/2022:00:56:10 -0800] "GET /images/Shannon2/?C=D%3BO%3DA HTTP/1.1" 200 434 "https://asbanet.org/images/Shannon2?S=A" "Mozilla/5.0 (Linux; Android 7.0;) AppleWebKit/537.36 (KHTML, like Gecko) Mobile Safari/537.36 (compatible; PetalBot;+https://webmaster.petalsearch.com/site/petalbot)" "asbanet.org"
114.119.159.39 - - [24/Dec/2022:00:57:17 -0800] "GET /voterguide?D=A HTTP/1.1" 301 1413 "http://www.asbanet.org/voterguide?S=A" "Mozilla/5.0 (Linux; Android 7.0;) AppleWebKit/537.36 (KHTML, like Gecko) Mobile Safari/537.36 (compatible; PetalBot;+https://webmaster.petalsearch.com/site/petalbot)" "www.asbanet.org"
114.119.159.39 - - [24/Dec/2022:00:57:29 -0800] "GET /voterguide/?D=A HTTP/1.1" 200 365 "http://www.asbanet.org/voterguide?S=A" "Mozilla/5.0 (Linux; Android 7.0;) AppleWebKit/537.36 (KHTML, like Gecko) Mobile Safari/537.36 (compatible; PetalBot;+https://webmaster.petalsearch.com/site/petalbot)" "www.asbanet.org"
114.119.147.129 - - [24/Dec/2022:00:59:13 -0800] "GET /about?M=D HTTP/1.1" 301 1413 "https://www.asbanet.org/about?M=A" "Mozilla/5.0 (Linux; Android 7.0;) AppleWebKit/537.36 (KHTML, like Gecko) Mobile Safari/537.36 (compatible; PetalBot;+https://webmaster.petalsearch.com/site/petalbot)" "www.asbanet.org"
114.119.147.129 - - [24/Dec/2022:00:59:23 -0800] "GET /about/?M=D HTTP/1.1" 200 361 "https://www.asbanet.org/about?M=A" "Mozilla/5.0 (Linux; Android 7.0;) AppleWebKit/537.36 (KHTML, like Gecko) Mobile Safari/537.36 (compatible; PetalBot;+https://webmaster.petalsearch.com/site/petalbot)" "www.asbanet.org"
114.119.138.214 - - [24/Dec/2022:01:00:06 -0800] "GET /issues/Reports?C=M%3BO%3DA HTTP/1.1" 301 1423 "http://asbanet.org/issues/Reports?D=A" "Mozilla/5.0 (Linux; Android 7.0;) AppleWebKit/537.36 (KHTML, like Gecko) Mobile Safari/537.36 (compatible; PetalBot;+https://webmaster.petalsearch.com/site/petalbot)" "asbanet.org"
114.119.138.214 - - [24/Dec/2022:01:00:12 -0800] "GET /issues/Reports/?C=M%3BO%3DA HTTP/1.1" 200 438 "http://asbanet.org/issues/Reports?D=A" "Mozilla/5.0 (Linux; Android 7.0;) AppleWebKit/537.36 (KHTML, like Gecko) Mobile Safari/537.36 (compatible; PetalBot;+https://webmaster.petalsearch.com/site/petalbot)" "asbanet.org"
114.119.148.70 - - [24/Dec/2022:01:01:26 -0800] "GET /join?M=A HTTP/1.1" 301 1408 "http://asbanet.org/join?N=A" "Mozilla/5.0 (Linux; Android 7.0;) AppleWebKit/537.36 (KHTML, like Gecko) Mobile Safari/537.36 (compatible; PetalBot;+https://webmaster.petalsearch.com/site/petalbot)" "asbanet.org"
114.119.148.70 - - [24/Dec/2022:01:01:33 -0800] "GET /join/?M=A HTTP/1.1" 200 394 "http://asbanet.org/join?N=A" "Mozilla/5.0 (Linux; Android 7.0;) AppleWebKit/537.36 (KHTML, like Gecko) Mobile Safari/537.36 (compatible; PetalBot;+https://webmaster.petalsearch.com/site/petalbot)" "asbanet.org"
114.119.144.233 - - [24/Dec/2022:01:03:58 -0800] "GET /includes/ HTTP/1.1" 200 770 "http://asbanet.org/" "Mozilla/5.0 (Linux; Android 7.0;) AppleWebKit/537.36 (KHTML, like Gecko) Mobile Safari/537.36 (compatible; PetalBot;+https://webmaster.petalsearch.com/site/petalbot)" "asbanet.org"
114.119.149.232 - - [24/Dec/2022:01:20:08 -0800] "GET /fl/contact/?C=M%3BO%3DA HTTP/1.1" 200 365 "https://www.asbanet.org/fl/contact?S=D" "Mozilla/5.0 (Linux; Android 7.0;) AppleWebKit/537.36 (KHTML, like Gecko) Mobile Safari/537.36 (compatible; PetalBot;+https://webmaster.petalsearch.com/site/petalbot)" "www.asbanet.org"
114.119.137.252 - - [24/Dec/2022:01:21:55 -0800] "GET /_old/voters?C=N%3BO%3DD HTTP/1.1" 301 1422 "http://asbanet.org/_old/voters?M=D" "Mozilla/5.0 (Linux; Android 7.0;) AppleWebKit/537.36 (KHTML, like Gecko) Mobile Safari/537.36 (compatible; PetalBot;+https://webmaster.petalsearch.com/site/petalbot)" "asbanet.org"
114.119.137.252 - - [24/Dec/2022:01:22:03 -0800] "GET /_old/voters/?C=N%3BO%3DD HTTP/1.1" 200 480 "http://asbanet.org/_old/voters?M=D" "Mozilla/5.0 (Linux; Android 7.0;) AppleWebKit/537.36 (KHTML, like Gecko) Mobile Safari/537.36 (compatible; PetalBot;+https://webmaster.petalsearch.com/site/petalbot)" "asbanet.org"
216.244.66.200 - - [24/Dec/2022:01:22:37 -0800] "GET /robots.txt HTTP/1.1" 404 73 "-" "Mozilla/5.0 (compatible; DotBot/1.2; +https://opensiteexplorer.org/dotbot; help@moz.com)" "www.asbanet.org"
45.161.236.252 - - [24/Dec/2022:01:24:39 -0800] "HEAD /redirect?url=http://newmax.click HTTP/1.1" 404 - "-" "Mozilla/5.0 (Macintosh; Intel Mac OS X 10_15_7) AppleWebKit/537.36 (KHTML, like Gecko) Chrome/108.0.5359.94 Safari/537.36" "asbanet.org"
216.244.66.200 - - [24/Dec/2022:01:25:20 -0800] "GET /fl/ HTTP/1.1" 200 1901 "-" "Mozilla/5.0 (compatible; DotBot/1.2; +https://opensiteexplorer.org/dotbot; help@moz.com)" "www.asbanet.org"
216.244.66.200 - - [24/Dec/2022:01:30:38 -0800] "GET /fl/contact/?D=A HTTP/1.1" 200 713 "-" "Mozilla/5.0 (compatible; DotBot/1.2; +https://opensiteexplorer.org/dotbot; help@moz.com)" "www.asbanet.org"
216.244.66.200 - - [24/Dec/2022:01:31:02 -0800] "GET /issues/Reports/?S=D HTTP/1.1" 200 1172 "-" "Mozilla/5.0 (compatible; DotBot/1.2; +https://opensiteexplorer.org/dotbot; help@moz.com)" "www.asbanet.org"
114.119.148.50 - - [24/Dec/2022:01:31:36 -0800] "GET /images/nav?D=A HTTP/1.1" 301 1411 "http://asbanet.org/images/nav?M=A" "Mozilla/5.0 (Linux; Android 7.0;) AppleWebKit/537.36 (KHTML, like Gecko) Mobile Safari/537.36 (compatible; PetalBot;+https://webmaster.petalsearch.com/site/petalbot)" "asbanet.org"
114.119.148.50 - - [24/Dec/2022:01:31:43 -0800] "GET /images/nav/?D=A HTTP/1.1" 200 1121 "http://asbanet.org/images/nav?M=A" "Mozilla/5.0 (Linux; Android 7.0;) AppleWebKit/537.36 (KHTML, like Gecko) Mobile Safari/537.36 (compatible; PetalBot;+https://webmaster.petalsearch.com/site/petalbot)" "asbanet.org"
51.222.253.18 - - [24/Dec/2022:01:32:40 -0800] "GET /robots.txt HTTP/1.1" 404 88 "-" "Mozilla/5.0 (compatible; AhrefsBot/7.0; +http://ahrefs.com/robot/)" "www.asbanet.org"
51.222.253.3 - - [24/Dec/2022:01:32:48 -0800] "GET /contact/?C=M;O=D HTTP/1.1" 200 360 "-" "Mozilla/5.0 (compatible; AhrefsBot/7.0; +http://ahrefs.com/robot/)" "www.asbanet.org"
216.244.66.200 - - [24/Dec/2022:01:36:11 -0800] "GET /images/issues/healthcare_100.gif HTTP/1.1" 200 3245 "-" "Mozilla/5.0 (compatible; DotBot/1.2; +https://opensiteexplorer.org/dotbot; help@moz.com)" "www.asbanet.org"
216.244.66.200 - - [24/Dec/2022:01:36:13 -0800] "GET /images/nav/okabout_on.gif HTTP/1.1" 200 283 "-" "Mozilla/5.0 (compatible; DotBot/1.2; +https://opensiteexplorer.org/dotbot; help@moz.com)" "www.asbanet.org"
216.244.66.200 - - [24/Dec/2022:01:36:14 -0800] "GET /images/nav/usabout_over.gif HTTP/1.1" 200 240 "-" "Mozilla/5.0 (compatible; DotBot/1.2; +https://opensiteexplorer.org/dotbot; help@moz.com)" "www.asbanet.org"
216.244.66.200 - - [24/Dec/2022:01:36:15 -0800] "GET /issues/Stimulus/_notes/?C=M;O=A HTTP/1.1" 200 598 "-" "Mozilla/5.0 (compatible; DotBot/1.2; +https://opensiteexplorer.org/dotbot; help@moz.com)" "www.asbanet.org"
216.244.66.200 - - [24/Dec/2022:01:36:16 -0800] "GET /Mann/?C=M;O=D HTTP/1.1" 200 700 "-" "Mozilla/5.0 (compatible; DotBot/1.2; +https://opensiteexplorer.org/dotbot; help@moz.com)" "www.asbanet.org"
216.244.66.200 - - [24/Dec/2022:01:40:03 -0800] "GET /images/Shannon2/?C=M;O=D HTTP/1.1" 200 1493 "-" "Mozilla/5.0 (compatible; DotBot/1.2; +https://opensiteexplorer.org/dotbot; help@moz.com)" "www.asbanet.org"
49.7.20.119 - - [24/Dec/2022:01:46:49 -0800] "GET / HTTP/1.1" 200 4048 "-" "Sogou web spider/4.0(+http://www.sogou.com/docs/help/webmasters.htm#07)" "www.asbanet.org"
114.119.136.190 - - [24/Dec/2022:01:56:04 -0800] "GET /fl/includes?C=M%3BO%3DA HTTP/1.1" 301 1423 "http://www.asbanet.org/fl/includes?M=D" "Mozilla/5.0 (Linux; Android 7.0;) AppleWebKit/537.36 (KHTML, like Gecko) Mobile Safari/537.36 (compatible; PetalBot;+https://webmaster.petalsearch.com/site/petalbot)" "www.asbanet.org"
114.119.136.190 - - [24/Dec/2022:01:56:12 -0800] "GET /fl/includes/?C=M%3BO%3DA HTTP/1.1" 200 369 "http://www.asbanet.org/fl/includes?M=D" "Mozilla/5.0 (Linux; Android 7.0;) AppleWebKit/537.36 (KHTML, like Gecko) Mobile Safari/537.36 (compatible; PetalBot;+https://webmaster.petalsearch.com/site/petalbot)" "www.asbanet.org"
114.119.157.108 - - [24/Dec/2022:02:14:19 -0800] "GET /?C=N%3BO%3DD HTTP/1.1" 200 4048 "https://www.asbanet.org?C=N%3BO%3DD" "Mozilla/5.0 (Linux; Android 7.0;) AppleWebKit/537.36 (KHTML, like Gecko) Mobile Safari/537.36 (compatible; PetalBot;+https://webmaster.petalsearch.com/site/petalbot)" "www.asbanet.org"
216.244.66.200 - - [24/Dec/2022:02:16:20 -0800] "GET /robots.txt HTTP/1.1" 404 73 "-" "Mozilla/5.0 (compatible; DotBot/1.2; +https://opensiteexplorer.org/dotbot; help@moz.com)" "www.asbanet.org"
216.244.66.200 - - [24/Dec/2022:02:24:09 -0800] "GET /resources/?M=D HTTP/1.1" 200 708 "-" "Mozilla/5.0 (compatible; DotBot/1.2; +https://opensiteexplorer.org/dotbot; help@moz.com)" "www.asbanet.org"
216.244.66.200 - - [24/Dec/2022:02:24:38 -0800] "GET /join/?C=S;O=A HTTP/1.1" 200 1005 "-" "Mozilla/5.0 (compatible; DotBot/1.2; +https://opensiteexplorer.org/dotbot; help@moz.com)" "www.asbanet.org"
216.244.66.200 - - [24/Dec/2022:02:25:06 -0800] "GET /Mann/?C=N;O=D HTTP/1.1" 200 700 "-" "Mozilla/5.0 (compatible; DotBot/1.2; +https://opensiteexplorer.org/dotbot; help@moz.com)" "www.asbanet.org"
216.244.66.200 - - [24/Dec/2022:02:25:33 -0800] "GET /ok/issues/?D=D HTTP/1.1" 200 1327 "-" "Mozilla/5.0 (compatible; DotBot/1.2; +https://opensiteexplorer.org/dotbot; help@moz.com)" "www.asbanet.org"
216.244.66.200 - - [24/Dec/2022:02:25:59 -0800] "GET /images/issues/no_on_695_button.gif HTTP/1.1" 200 6415 "-" "Mozilla/5.0 (compatible; DotBot/1.2; +https://opensiteexplorer.org/dotbot; help@moz.com)" "www.asbanet.org"
216.244.66.200 - - [24/Dec/2022:02:26:24 -0800] "GET /images/nav/bar_blue.gif HTTP/1.1" 200 178 "-" "Mozilla/5.0 (compatible; DotBot/1.2; +https://opensiteexplorer.org/dotbot; help@moz.com)" "www.asbanet.org"
