54.36.149.79 - - [10/Dec/2022:16:32:15 -0800] "GET /robots.txt HTTP/1.1" 404 88 "-" "Mozilla/5.0 (compatible; AhrefsBot/7.0; +http://ahrefs.com/robot/)" "asbanet.org"
51.222.253.9 - - [10/Dec/2022:16:32:16 -0800] "GET /issues/Reports/?C=M;O=A HTTP/1.1" 200 438 "-" "Mozilla/5.0 (compatible; AhrefsBot/7.0; +http://ahrefs.com/robot/)" "asbanet.org"
34.209.182.177 - - [10/Dec/2022:16:34:47 -0800] "GET / HTTP/1.1" 200 4048 "-" "Mozilla/5.0 (X11; Linux x86_64) AppleWebKit/537.36 (KHTML, like Gecko) Chrome/83.0.4103.97 Safari/537.36" "asbanet.org"
35.89.94.25 - - [10/Dec/2022:16:34:52 -0800] "GET / HTTP/1.1" 200 4048 "-" "Mozilla/5.0 (X11; Linux x86_64) AppleWebKit/537.36 (KHTML, like Gecko) Chrome/83.0.4103.97 Safari/537.36" "asbanet.org"
34.209.182.177 - - [10/Dec/2022:16:34:59 -0800] "GET / HTTP/1.1" 200 4048 "-" "Mozilla/5.0 (X11; Linux x86_64) AppleWebKit/537.36 (KHTML, like Gecko) Chrome/83.0.4103.97 Safari/537.36" "asbanet.org"
35.89.94.25 - - [10/Dec/2022:16:35:05 -0800] "GET / HTTP/1.1" 200 4048 "-" "Mozilla/5.0 (X11; Linux x86_64) AppleWebKit/537.36 (KHTML, like Gecko) Chrome/83.0.4103.97 Safari/537.36" "asbanet.org"
35.92.53.46 - - [10/Dec/2022:16:35:34 -0800] "GET / HTTP/1.1" 200 4048 "-" "Mozilla/5.0 (X11; Linux x86_64) AppleWebKit/537.36 (KHTML, like Gecko) Chrome/83.0.4103.97 Safari/537.36" "asbanet.org"
35.92.53.46 - - [10/Dec/2022:16:35:34 -0800] "GET / HTTP/1.1" 200 4048 "-" "Mozilla/5.0 (X11; Linux x86_64) AppleWebKit/537.36 (KHTML, like Gecko) Chrome/83.0.4103.97 Safari/537.36" "asbanet.org"
64.124.8.34 - - [10/Dec/2022:16:41:01 -0800] "GET /robots.txt HTTP/1.1" 404 88 "-" "Mozilla/5.0 (X11; Linux x86_64) AppleWebKit/537.36 (KHTML, like Gecko) Chrome/61.0.3163.79 Safari/537.36" "asbanet.org"
64.124.8.34 - - [10/Dec/2022:16:41:01 -0800] "GET /includes/us_more_on_pbor.html HTTP/1.1" 304 - "-" "Mozilla/5.0 (X11; Linux x86_64) AppleWebKit/537.36 (KHTML, like Gecko) Chrome/61.0.3163.79 Safari/537.36" "asbanet.org"
64.124.8.34 - - [10/Dec/2022:16:42:32 -0800] "GET /alaska/script3.htm HTTP/1.1" 304 - "-" "Mozilla/5.0 (X11; Linux x86_64) AppleWebKit/537.36 (KHTML, like Gecko) Chrome/61.0.3163.79 Safari/537.36" "asbanet.org"
216.244.66.200 - - [10/Dec/2022:16:44:08 -0800] "GET /robots.txt HTTP/1.1" 404 73 "-" "Mozilla/5.0 (compatible; DotBot/1.2; +https://opensiteexplorer.org/dotbot; help@moz.com)" "asbanet.org"
51.222.253.13 - - [10/Dec/2022:16:54:56 -0800] "GET /images/Shannon2/?C=D;O=A HTTP/1.1" 200 434 "-" "Mozilla/5.0 (compatible; AhrefsBot/7.0; +http://ahrefs.com/robot/)" "www.asbanet.org"
64.124.8.34 - - [10/Dec/2022:17:04:15 -0800] "GET /includes/us_other_issues.html HTTP/1.1" 304 - "-" "Mozilla/5.0 (X11; Linux x86_64) AppleWebKit/537.36 (KHTML, like Gecko) Chrome/61.0.3163.79 Safari/537.36" "asbanet.org"
64.124.8.34 - - [10/Dec/2022:17:12:44 -0800] "GET /moad/ HTTP/1.1" 200 453 "-" "Mozilla/5.0 (X11; Linux x86_64) AppleWebKit/537.36 (KHTML, like Gecko) Chrome/61.0.3163.79 Safari/537.36" "asbanet.org"
64.124.8.34 - - [10/Dec/2022:17:16:00 -0800] "GET /robots.txt HTTP/1.1" 404 88 "-" "Mozilla/5.0 (X11; Linux x86_64) AppleWebKit/537.36 (KHTML, like Gecko) Chrome/61.0.3163.79 Safari/537.36" "asbanet.org"
64.124.8.34 - - [10/Dec/2022:17:16:00 -0800] "GET /issues/Reports/ HTTP/1.1" 200 438 "-" "Mozilla/5.0 (X11; Linux x86_64) AppleWebKit/537.36 (KHTML, like Gecko) Chrome/61.0.3163.79 Safari/537.36" "asbanet.org"
5.102.173.71 - - [10/Dec/2022:17:18:24 -0800] "GET /robots.txt HTTP/1.1" 404 88 "-" "Mozilla/5.0 (compatible; MojeekBot/0.11; +https://www.mojeek.com/bot.html)" "www.asbanet.org"
5.102.173.71 - - [10/Dec/2022:17:18:25 -0800] "GET /images/Ross%20Relles/?D=A HTTP/1.1" 200 834 "-" "Mozilla/5.0 (compatible; MojeekBot/0.11; +https://www.mojeek.com/bot.html)" "www.asbanet.org"
51.222.253.10 - - [10/Dec/2022:17:19:01 -0800] "GET /ok/contact/?C=D;O=A HTTP/1.1" 200 366 "-" "Mozilla/5.0 (compatible; AhrefsBot/7.0; +http://ahrefs.com/robot/)" "www.asbanet.org"
216.244.66.200 - - [10/Dec/2022:17:32:13 -0800] "GET /robots.txt HTTP/1.1" 404 73 "-" "Mozilla/5.0 (compatible; DotBot/1.2; +https://opensiteexplorer.org/dotbot; help@moz.com)" "asbanet.org"
64.124.8.46 - - [10/Dec/2022:17:42:01 -0800] "GET /robots.txt HTTP/1.1" 404 88 "-" "Mozilla/5.0 (X11; Linux x86_64) AppleWebKit/537.36 (KHTML, like Gecko) Chrome/61.0.3163.79 Safari/537.36" "asbanet.org"
64.124.8.46 - - [10/Dec/2022:17:42:01 -0800] "GET /issues/Reports/SBA.htm HTTP/1.1" 304 - "-" "Mozilla/5.0 (X11; Linux x86_64) AppleWebKit/537.36 (KHTML, like Gecko) Chrome/61.0.3163.79 Safari/537.36" "asbanet.org"
64.124.8.46 - - [10/Dec/2022:17:44:42 -0800] "GET /Mann/ HTTP/1.1" 200 355 "-" "Mozilla/5.0 (X11; Linux x86_64) AppleWebKit/537.36 (KHTML, like Gecko) Chrome/61.0.3163.79 Safari/537.36" "asbanet.org"
51.222.253.14 - - [10/Dec/2022:17:45:49 -0800] "GET /nh/contact/?C=S;O=A HTTP/1.1" 200 366 "-" "Mozilla/5.0 (compatible; AhrefsBot/7.0; +http://ahrefs.com/robot/)" "www.asbanet.org"
3.140.187.163 - - [10/Dec/2022:17:52:33 -0800] "GET /wp-config.inc HTTP/1.1" 403 170 "-" "Mozilla/5.0 (Macintosh; Intel Mac OS X 10.15; rv:77.0) Gecko/20100101 Firefox/77.0" "asbanet.org"
3.140.187.163 - - [10/Dec/2022:17:52:43 -0800] "GET /wp-config.old HTTP/1.1" 404 88 "-" "Mozilla/5.0 (Macintosh; Intel Mac OS X 10.15; rv:77.0) Gecko/20100101 Firefox/77.0" "asbanet.org"
3.140.187.163 - - [10/Dec/2022:17:52:52 -0800] "GET /wp-config.php.bak HTTP/1.1" 404 88 "-" "Mozilla/5.0 (Macintosh; Intel Mac OS X 10.15; rv:77.0) Gecko/20100101 Firefox/77.0" "asbanet.org"
3.140.187.163 - - [10/Dec/2022:17:53:02 -0800] "GET /wp-config.php.dist HTTP/1.1" 404 88 "-" "Mozilla/5.0 (Macintosh; Intel Mac OS X 10.15; rv:77.0) Gecko/20100101 Firefox/77.0" "asbanet.org"
3.140.187.163 - - [10/Dec/2022:17:53:11 -0800] "GET /wp-config.php.inc HTTP/1.1" 403 170 "-" "Mozilla/5.0 (Macintosh; Intel Mac OS X 10.15; rv:77.0) Gecko/20100101 Firefox/77.0" "asbanet.org"
3.140.187.163 - - [10/Dec/2022:17:53:21 -0800] "GET /wp-config.php.old HTTP/1.1" 404 88 "-" "Mozilla/5.0 (Macintosh; Intel Mac OS X 10.15; rv:77.0) Gecko/20100101 Firefox/77.0" "asbanet.org"
3.140.187.163 - - [10/Dec/2022:17:53:31 -0800] "GET /wp-config.php~ HTTP/1.1" 404 88 "-" "Mozilla/5.0 (Macintosh; Intel Mac OS X 10.15; rv:77.0) Gecko/20100101 Firefox/77.0" "asbanet.org"
3.140.187.163 - - [10/Dec/2022:17:53:41 -0800] "GET /wp-config.php.txt HTTP/1.1" 404 88 "-" "Mozilla/5.0 (Macintosh; Intel Mac OS X 10.15; rv:77.0) Gecko/20100101 Firefox/77.0" "asbanet.org"
3.140.187.163 - - [10/Dec/2022:17:53:51 -0800] "GET /wp-config.txt HTTP/1.1" 404 88 "-" "Mozilla/5.0 (Macintosh; Intel Mac OS X 10.15; rv:77.0) Gecko/20100101 Firefox/77.0" "asbanet.org"
3.140.187.163 - - [10/Dec/2022:17:54:00 -0800] "GET /phpinfo.php HTTP/1.1" 404 88 "-" "Mozilla/5.0 (Macintosh; Intel Mac OS X 10.15; rv:77.0) Gecko/20100101 Firefox/77.0" "asbanet.org"
3.140.187.163 - - [10/Dec/2022:17:54:19 -0800] "GET /php.php HTTP/1.1" 404 88 "-" "Mozilla/5.0 (Macintosh; Intel Mac OS X 10.15; rv:77.0) Gecko/20100101 Firefox/77.0" "asbanet.org"
3.140.187.163 - - [10/Dec/2022:17:54:29 -0800] "GET /info.php HTTP/1.1" 404 88 "-" "Mozilla/5.0 (Macintosh; Intel Mac OS X 10.15; rv:77.0) Gecko/20100101 Firefox/77.0" "asbanet.org"
64.124.8.50 - - [10/Dec/2022:17:58:00 -0800] "GET /robots.txt HTTP/1.1" 404 88 "-" "Mozilla/5.0 (X11; Linux x86_64) AppleWebKit/537.36 (KHTML, like Gecko) Chrome/61.0.3163.79 Safari/537.36" "www.asbanet.org"
64.124.8.50 - - [10/Dec/2022:17:58:00 -0800] "GET /ok/ HTTP/1.1" 200 425 "-" "Mozilla/5.0 (X11; Linux x86_64) AppleWebKit/537.36 (KHTML, like Gecko) Chrome/61.0.3163.79 Safari/537.36" "www.asbanet.org"
51.222.253.15 - - [10/Dec/2022:18:11:22 -0800] "GET /images/Shannon2/?C=N;O=A HTTP/1.1" 200 434 "-" "Mozilla/5.0 (compatible; AhrefsBot/7.0; +http://ahrefs.com/robot/)" "www.asbanet.org"
64.124.8.59 - - [10/Dec/2022:18:31:51 -0800] "GET /robots.txt HTTP/1.1" 404 88 "-" "Mozilla/5.0 (X11; Linux x86_64) AppleWebKit/537.36 (KHTML, like Gecko) Chrome/61.0.3163.79 Safari/537.36" "asbanet.org"
64.124.8.59 - - [10/Dec/2022:18:31:51 -0800] "GET /issues/voices.shtml HTTP/1.1" 404 88 "-" "Mozilla/5.0 (X11; Linux x86_64) AppleWebKit/537.36 (KHTML, like Gecko) Chrome/61.0.3163.79 Safari/537.36" "asbanet.org"
51.222.253.5 - - [10/Dec/2022:18:35:40 -0800] "GET /images/Shannon2/?C=S;O=A HTTP/1.1" 200 433 "-" "Mozilla/5.0 (compatible; AhrefsBot/7.0; +http://ahrefs.com/robot/)" "www.asbanet.org"
207.46.13.129 - - [10/Dec/2022:18:52:22 -0800] "GET /contact/index.shtml HTTP/1.1" 200 2466 "-" "Mozilla/5.0 (compatible; bingbot/2.0; +http://www.bing.com/bingbot.htm)" "asbanet.org"
5.102.173.71 - - [10/Dec/2022:19:00:02 -0800] "GET /robots.txt HTTP/1.1" 404 88 "-" "Mozilla/5.0 (compatible; MojeekBot/0.11; +https://www.mojeek.com/bot.html)" "www.asbanet.org"
5.102.173.71 - - [10/Dec/2022:19:00:03 -0800] "GET /ok/issues/6reasons.shtml HTTP/1.1" 200 6476 "-" "Mozilla/5.0 (compatible; MojeekBot/0.11; +https://www.mojeek.com/bot.html)" "www.asbanet.org"
51.222.253.19 - - [10/Dec/2022:19:00:11 -0800] "GET /Mann/megadownload/?C=D;O=A HTTP/1.1" 200 395 "-" "Mozilla/5.0 (compatible; AhrefsBot/7.0; +http://ahrefs.com/robot/)" "asbanet.org"
64.124.8.59 - - [10/Dec/2022:19:16:59 -0800] "GET /includes/ok_rotation.html HTTP/1.1" 304 - "-" "Mozilla/5.0 (X11; Linux x86_64) AppleWebKit/537.36 (KHTML, like Gecko) Chrome/61.0.3163.79 Safari/537.36" "asbanet.org"
51.222.253.10 - - [10/Dec/2022:19:25:05 -0800] "GET /alaska/?C=S;O=D HTTP/1.1" 200 532 "-" "Mozilla/5.0 (compatible; AhrefsBot/7.0; +http://ahrefs.com/robot/)" "asbanet.org"
64.124.8.33 - - [10/Dec/2022:19:40:06 -0800] "GET /robots.txt HTTP/1.1" 404 88 "-" "Mozilla/5.0 (X11; Linux x86_64) AppleWebKit/537.36 (KHTML, like Gecko) Chrome/61.0.3163.79 Safari/537.36" "www.asbanet.org"
64.124.8.33 - - [10/Dec/2022:19:40:06 -0800] "GET /includes/fl_get_involved.html HTTP/1.1" 304 - "-" "Mozilla/5.0 (X11; Linux x86_64) AppleWebKit/537.36 (KHTML, like Gecko) Chrome/61.0.3163.79 Safari/537.36" "www.asbanet.org"
51.222.253.2 - - [10/Dec/2022:19:46:59 -0800] "GET /Mann/megadownload/images/ HTTP/1.1" 200 532 "-" "Mozilla/5.0 (compatible; AhrefsBot/7.0; +http://ahrefs.com/robot/)" "asbanet.org"
77.88.5.130 - - [10/Dec/2022:19:49:27 -0800] "GET /robots.txt HTTP/1.1" 404 73 "-" "Mozilla/5.0 (compatible; YandexBot/3.0; +http://yandex.com/bots)" "www.asbanet.org"
93.158.161.46 - - [10/Dec/2022:19:49:31 -0800] "GET /images/voterguide/?C=N;O=A HTTP/1.1" 200 410 "-" "Mozilla/5.0 (compatible; YandexBot/3.0; +http://yandex.com/bots)" "www.asbanet.org"
64.124.8.37 - - [10/Dec/2022:20:01:36 -0800] "GET /robots.txt HTTP/1.1" 404 88 "-" "Mozilla/5.0 (X11; Linux x86_64) AppleWebKit/537.36 (KHTML, like Gecko) Chrome/61.0.3163.79 Safari/537.36" "www.asbanet.org"
64.124.8.37 - - [10/Dec/2022:20:01:36 -0800] "GET /fl/join/ HTTP/1.1" 200 2237 "-" "Mozilla/5.0 (X11; Linux x86_64) AppleWebKit/537.36 (KHTML, like Gecko) Chrome/61.0.3163.79 Safari/537.36" "www.asbanet.org"
64.124.8.52 - - [10/Dec/2022:20:05:51 -0800] "GET /robots.txt HTTP/1.1" 404 88 "-" "Mozilla/5.0 (X11; Linux x86_64) AppleWebKit/537.36 (KHTML, like Gecko) Chrome/61.0.3163.79 Safari/537.36" "asbanet.org"
64.124.8.52 - - [10/Dec/2022:20:05:51 -0800] "GET /lott/pool.htm HTTP/1.1" 304 - "-" "Mozilla/5.0 (X11; Linux x86_64) AppleWebKit/537.36 (KHTML, like Gecko) Chrome/61.0.3163.79 Safari/537.36" "asbanet.org"
64.124.8.52 - - [10/Dec/2022:20:07:01 -0800] "GET /ok/issues/solow.shtml HTTP/1.1" 304 - "-" "Mozilla/5.0 (X11; Linux x86_64) AppleWebKit/537.36 (KHTML, like Gecko) Chrome/61.0.3163.79 Safari/537.36" "asbanet.org"
64.124.8.52 - - [10/Dec/2022:20:07:36 -0800] "GET /images/Shannon2/ HTTP/1.1" 200 434 "-" "Mozilla/5.0 (X11; Linux x86_64) AppleWebKit/537.36 (KHTML, like Gecko) Chrome/61.0.3163.79 Safari/537.36" "asbanet.org"
157.90.182.30 - - [10/Dec/2022:20:13:22 -0800] "GET /robots.txt HTTP/1.1" 404 88 "-" "Mozilla/5.0 (compatible; BLEXBot/1.0; +http://webmeup-crawler.com/)" "www.asbanet.org"
157.90.182.30 - - [10/Dec/2022:20:13:24 -0800] "GET / HTTP/1.1" 200 4048 "-" "Mozilla/5.0 (compatible; BLEXBot/1.0; +http://webmeup-crawler.com/)" "www.asbanet.org"
51.222.253.9 - - [10/Dec/2022:20:15:33 -0800] "GET /nh/contact/?C=D;O=A HTTP/1.1" 200 366 "-" "Mozilla/5.0 (compatible; AhrefsBot/7.0; +http://ahrefs.com/robot/)" "www.asbanet.org"
40.77.167.16 - - [10/Dec/2022:20:28:18 -0800] "GET /images/Ross%20Relles/THE%20CREEK.JPG HTTP/1.1" 200 61038 "-" "Mozilla/5.0 (compatible; bingbot/2.0; +http://www.bing.com/bingbot.htm)" "www.asbanet.org"
162.221.192.26 - - [10/Dec/2022:20:46:06 -0800] "GET / HTTP/1.1" 200 4048 "-" "Mozilla/5.0 (Windows NT 10.0; Win64; x64) AppleWebKit/537.36 (KHTML, like Gecko) Chrome/60.0.3112.113 Safari/537.36" "www.asbanet.org"
114.119.128.236 - - [10/Dec/2022:20:46:37 -0800] "GET /images/Shannon2/?C=D%3BO%3DA HTTP/1.1" 200 434 "http://asbanet.org/images/Shannon2" "Mozilla/5.0 (Linux; Android 7.0;) AppleWebKit/537.36 (KHTML, like Gecko) Mobile Safari/537.36 (compatible; PetalBot;+https://webmaster.petalsearch.com/site/petalbot)" "asbanet.org"
51.222.253.8 - - [10/Dec/2022:20:50:40 -0800] "GET /issues/?C=N;O=D HTTP/1.1" 200 421 "-" "Mozilla/5.0 (compatible; AhrefsBot/7.0; +http://ahrefs.com/robot/)" "asbanet.org"
114.119.144.31 - - [10/Dec/2022:20:58:33 -0800] "GET /images/Ross%20Relles?M=A HTTP/1.1" 301 1424 "https://www.asbanet.org/images/Ross%20Relles" "Mozilla/5.0 (Linux; Android 7.0;) AppleWebKit/537.36 (KHTML, like Gecko) Mobile Safari/537.36 (compatible; PetalBot;+https://webmaster.petalsearch.com/site/petalbot)" "www.asbanet.org"
114.119.144.31 - - [10/Dec/2022:20:58:46 -0800] "GET /images/Ross%20Relles/?M=A HTTP/1.1" 200 834 "https://www.asbanet.org/images/Ross%20Relles" "Mozilla/5.0 (Linux; Android 7.0;) AppleWebKit/537.36 (KHTML, like Gecko) Mobile Safari/537.36 (compatible; PetalBot;+https://webmaster.petalsearch.com/site/petalbot)" "www.asbanet.org"
114.119.131.211 - - [10/Dec/2022:21:00:49 -0800] "GET /issues/Stimulus/_notes/?C=N%3BO%3DD HTTP/1.1" 200 327 "http://www.asbanet.org/issues/Stimulus/_notes?N=A" "Mozilla/5.0 (Linux; Android 7.0;) AppleWebKit/537.36 (KHTML, like Gecko) Mobile Safari/537.36 (compatible; PetalBot;+https://webmaster.petalsearch.com/site/petalbot)" "www.asbanet.org"
114.119.147.137 - - [10/Dec/2022:21:11:18 -0800] "GET /contact?M=D HTTP/1.1" 301 1415 "https://www.asbanet.org/contact?M=A" "Mozilla/5.0 (Linux; Android 7.0;) AppleWebKit/537.36 (KHTML, like Gecko) Mobile Safari/537.36 (compatible; PetalBot;+https://webmaster.petalsearch.com/site/petalbot)" "www.asbanet.org"
114.119.147.137 - - [10/Dec/2022:21:11:33 -0800] "GET /contact/?M=D HTTP/1.1" 200 362 "https://www.asbanet.org/contact?M=A" "Mozilla/5.0 (Linux; Android 7.0;) AppleWebKit/537.36 (KHTML, like Gecko) Mobile Safari/537.36 (compatible; PetalBot;+https://webmaster.petalsearch.com/site/petalbot)" "www.asbanet.org"
194.38.20.161 - - [10/Dec/2022:21:14:55 -0800] "GET /elfinder/src/connectors/php/connector.php HTTP/1.1" 404 73 "-" "ALittle Client" "asbanet.org"
51.222.253.19 - - [10/Dec/2022:21:20:32 -0800] "GET /images/voterguide/?C=N;O=A HTTP/1.1" 200 410 "-" "Mozilla/5.0 (compatible; AhrefsBot/7.0; +http://ahrefs.com/robot/)" "www.asbanet.org"
64.124.8.55 - - [10/Dec/2022:21:22:42 -0800] "GET /robots.txt HTTP/1.1" 404 88 "-" "Mozilla/5.0 (X11; Linux x86_64) AppleWebKit/537.36 (KHTML, like Gecko) Chrome/61.0.3163.79 Safari/537.36" "asbanet.org"
64.124.8.55 - - [10/Dec/2022:21:22:42 -0800] "GET /issues/Reports/SBA_files/filelist.xml HTTP/1.1" 304 - "-" "Mozilla/5.0 (X11; Linux x86_64) AppleWebKit/537.36 (KHTML, like Gecko) Chrome/61.0.3163.79 Safari/537.36" "asbanet.org"
207.46.13.156 - - [10/Dec/2022:21:31:47 -0800] "GET /images/Ross%20Relles/STAR%20GAZE%20FROM%20HERE.JPG HTTP/1.1" 200 64124 "-" "Mozilla/5.0 AppleWebKit/537.36 (KHTML, like Gecko; compatible; bingbot/2.0; +http://www.bing.com/bingbot.htm) Chrome/103.0.5060.134 Safari/537.36" "www.asbanet.org"
114.119.156.250 - - [10/Dec/2022:21:32:12 -0800] "GET /about?D=A HTTP/1.1" 301 1413 "https://www.asbanet.org/about?M=D" "Mozilla/5.0 (Linux; Android 7.0;) AppleWebKit/537.36 (KHTML, like Gecko) Mobile Safari/537.36 (compatible; PetalBot;+https://webmaster.petalsearch.com/site/petalbot)" "www.asbanet.org"
34.23.202.11 - - [10/Dec/2022:21:32:22 -0800] "GET /robots.txt HTTP/1.1" 404 88 "-" "ZoominfoBot (zoominfobot at zoominfo dot com)" "www.asbanet.org"
34.23.202.11 - - [10/Dec/2022:21:32:22 -0800] "GET /join/ HTTP/1.1" 200 394 "-" "ZoominfoBot (zoominfobot at zoominfo dot com)" "www.asbanet.org"
114.119.156.250 - - [10/Dec/2022:21:32:31 -0800] "GET /about/?D=A HTTP/1.1" 200 361 "https://www.asbanet.org/about?M=D" "Mozilla/5.0 (Linux; Android 7.0;) AppleWebKit/537.36 (KHTML, like Gecko) Mobile Safari/537.36 (compatible; PetalBot;+https://webmaster.petalsearch.com/site/petalbot)" "www.asbanet.org"
114.119.140.29 - - [10/Dec/2022:21:34:10 -0800] "GET /_old/voters?M=D HTTP/1.1" 301 1418 "https://www.asbanet.org/_old/voters?M=A" "Mozilla/5.0 (Linux; Android 7.0;) AppleWebKit/537.36 (KHTML, like Gecko) Mobile Safari/537.36 (compatible; PetalBot;+https://webmaster.petalsearch.com/site/petalbot)" "www.asbanet.org"
114.119.140.29 - - [10/Dec/2022:21:34:21 -0800] "GET /_old/voters/?M=D HTTP/1.1" 200 480 "https://www.asbanet.org/_old/voters?M=A" "Mozilla/5.0 (Linux; Android 7.0;) AppleWebKit/537.36 (KHTML, like Gecko) Mobile Safari/537.36 (compatible; PetalBot;+https://webmaster.petalsearch.com/site/petalbot)" "www.asbanet.org"
114.119.147.246 - - [10/Dec/2022:21:37:42 -0800] "GET /index2.shtml HTTP/1.1" 200 4871 "https://www.asbanet.org?C=N%3BO%3DD" "Mozilla/5.0 (Linux; Android 7.0;) AppleWebKit/537.36 (KHTML, like Gecko) Mobile Safari/537.36 (compatible; PetalBot;+https://webmaster.petalsearch.com/site/petalbot)" "www.asbanet.org"
114.119.131.123 - - [10/Dec/2022:21:39:04 -0800] "GET /issues/PBR?C=M%3BO%3DA HTTP/1.1" 301 1421 "http://asbanet.org/issues/PBR?C=N%3BO%3DD" "Mozilla/5.0 (Linux; Android 7.0;) AppleWebKit/537.36 (KHTML, like Gecko) Mobile Safari/537.36 (compatible; PetalBot;+https://webmaster.petalsearch.com/site/petalbot)" "asbanet.org"
114.119.131.123 - - [10/Dec/2022:21:39:14 -0800] "GET /issues/PBR/?C=M%3BO%3DA HTTP/1.1" 200 450 "http://asbanet.org/issues/PBR?C=N%3BO%3DD" "Mozilla/5.0 (Linux; Android 7.0;) AppleWebKit/537.36 (KHTML, like Gecko) Mobile Safari/537.36 (compatible; PetalBot;+https://webmaster.petalsearch.com/site/petalbot)" "asbanet.org"
64.124.8.55 - - [10/Dec/2022:21:40:46 -0800] "GET /miscellaneous/weddingpix.htm HTTP/1.1" 304 - "-" "Mozilla/5.0 (X11; Linux x86_64) AppleWebKit/537.36 (KHTML, like Gecko) Chrome/61.0.3163.79 Safari/537.36" "asbanet.org"
51.222.253.9 - - [10/Dec/2022:21:46:50 -0800] "GET /issues/Stimulus/_notes/?C=N;O=D HTTP/1.1" 200 325 "-" "Mozilla/5.0 (compatible; AhrefsBot/7.0; +http://ahrefs.com/robot/)" "asbanet.org"
114.119.147.113 - - [10/Dec/2022:21:52:48 -0800] "GET /ok/contact?C=S%3BO%3DA HTTP/1.1" 301 1421 "http://asbanet.org/ok/contact?C=M%3BO%3DA" "Mozilla/5.0 (Linux; Android 7.0;) AppleWebKit/537.36 (KHTML, like Gecko) Mobile Safari/537.36 (compatible; PetalBot;+https://webmaster.petalsearch.com/site/petalbot)" "asbanet.org"
114.119.147.113 - - [10/Dec/2022:21:52:59 -0800] "GET /ok/contact/?C=S%3BO%3DA HTTP/1.1" 200 366 "http://asbanet.org/ok/contact?C=M%3BO%3DA" "Mozilla/5.0 (Linux; Android 7.0;) AppleWebKit/537.36 (KHTML, like Gecko) Mobile Safari/537.36 (compatible; PetalBot;+https://webmaster.petalsearch.com/site/petalbot)" "asbanet.org"
34.122.81.197 - - [10/Dec/2022:22:11:05 -0800] "GET / HTTP/1.1" 200 4048 "-" "Mozilla/5.0 (X11; Linux x86_64) AppleWebKit/537.36 (KHTML, like Gecko) Chrome/110.0.0.0 Safari/537.36" "asbanet.org"
34.122.81.197 - - [10/Dec/2022:22:11:05 -0800] "GET /Mann/megadownload/images/shim.gif HTTP/1.1" 200 43 "http://asbanet.org/" "Mozilla/5.0 (X11; Linux x86_64) AppleWebKit/537.36 (KHTML, like Gecko) Chrome/110.0.0.0 Safari/537.36" "asbanet.org"
34.122.81.197 - - [10/Dec/2022:22:11:05 -0800] "GET /images/nav/navspacer.gif HTTP/1.1" 200 57 "http://asbanet.org/" "Mozilla/5.0 (X11; Linux x86_64) AppleWebKit/537.36 (KHTML, like Gecko) Chrome/110.0.0.0 Safari/537.36" "asbanet.org"
34.122.81.197 - - [10/Dec/2022:22:11:05 -0800] "GET /images/nav/ushome_off.gif HTTP/1.1" 200 149 "http://asbanet.org/" "Mozilla/5.0 (X11; Linux x86_64) AppleWebKit/537.36 (KHTML, like Gecko) Chrome/110.0.0.0 Safari/537.36" "asbanet.org"
34.122.81.197 - - [10/Dec/2022:22:11:06 -0800] "GET /images/nav/usissues_off.gif HTTP/1.1" 200 154 "http://asbanet.org/" "Mozilla/5.0 (X11; Linux x86_64) AppleWebKit/537.36 (KHTML, like Gecko) Chrome/110.0.0.0 Safari/537.36" "asbanet.org"
34.122.81.197 - - [10/Dec/2022:22:11:06 -0800] "GET /images/nav/usabout_off.gif HTTP/1.1" 200 207 "http://asbanet.org/" "Mozilla/5.0 (X11; Linux x86_64) AppleWebKit/537.36 (KHTML, like Gecko) Chrome/110.0.0.0 Safari/537.36" "asbanet.org"
34.122.81.197 - - [10/Dec/2022:22:11:06 -0800] "GET /images/nav/usjoin_off.gif HTTP/1.1" 200 196 "http://asbanet.org/" "Mozilla/5.0 (X11; Linux x86_64) AppleWebKit/537.36 (KHTML, like Gecko) Chrome/110.0.0.0 Safari/537.36" "asbanet.org"
34.122.81.197 - - [10/Dec/2022:22:11:06 -0800] "GET /images/nav/usresources_off.gif HTTP/1.1" 200 180 "http://asbanet.org/" "Mozilla/5.0 (X11; Linux x86_64) AppleWebKit/537.36 (KHTML, like Gecko) Chrome/110.0.0.0 Safari/537.36" "asbanet.org"
34.122.81.197 - - [10/Dec/2022:22:11:06 -0800] "GET /images/nav/uscontact_off.gif HTTP/1.1" 200 169 "http://asbanet.org/" "Mozilla/5.0 (X11; Linux x86_64) AppleWebKit/537.36 (KHTML, like Gecko) Chrome/110.0.0.0 Safari/537.36" "asbanet.org"
34.122.81.197 - - [10/Dec/2022:22:11:06 -0800] "GET /images/shim.gif HTTP/1.1" 200 43 "http://asbanet.org/" "Mozilla/5.0 (X11; Linux x86_64) AppleWebKit/537.36 (KHTML, like Gecko) Chrome/110.0.0.0 Safari/537.36" "asbanet.org"
34.122.81.197 - - [10/Dec/2022:22:11:06 -0800] "GET /images/asba_us_logo.gif HTTP/1.1" 200 4347 "http://asbanet.org/" "Mozilla/5.0 (X11; Linux x86_64) AppleWebKit/537.36 (KHTML, like Gecko) Chrome/110.0.0.0 Safari/537.36" "asbanet.org"
34.122.81.197 - - [10/Dec/2022:22:11:06 -0800] "GET /images/nav/ushome_on.gif HTTP/1.1" 200 184 "http://asbanet.org/" "Mozilla/5.0 (X11; Linux x86_64) AppleWebKit/537.36 (KHTML, like Gecko) Chrome/110.0.0.0 Safari/537.36" "asbanet.org"
34.122.81.197 - - [10/Dec/2022:22:11:06 -0800] "GET /images/Mainelogo.gif HTTP/1.1" 200 6064 "http://asbanet.org/" "Mozilla/5.0 (X11; Linux x86_64) AppleWebKit/537.36 (KHTML, like Gecko) Chrome/110.0.0.0 Safari/537.36" "asbanet.org"
34.122.81.197 - - [10/Dec/2022:22:11:06 -0800] "GET /images/nav/ushome_over.gif HTTP/1.1" 200 182 "http://asbanet.org/" "Mozilla/5.0 (X11; Linux x86_64) AppleWebKit/537.36 (KHTML, like Gecko) Chrome/110.0.0.0 Safari/537.36" "asbanet.org"
34.122.81.197 - - [10/Dec/2022:22:11:06 -0800] "GET /images/nav/usissues_on.gif HTTP/1.1" 200 189 "http://asbanet.org/" "Mozilla/5.0 (X11; Linux x86_64) AppleWebKit/537.36 (KHTML, like Gecko) Chrome/110.0.0.0 Safari/537.36" "asbanet.org"
34.122.81.197 - - [10/Dec/2022:22:11:07 -0800] "GET /images/nav/usissues_over.gif HTTP/1.1" 200 188 "http://asbanet.org/" "Mozilla/5.0 (X11; Linux x86_64) AppleWebKit/537.36 (KHTML, like Gecko) Chrome/110.0.0.0 Safari/537.36" "asbanet.org"
34.122.81.197 - - [10/Dec/2022:22:11:07 -0800] "GET /images/nav/usabout_on.gif HTTP/1.1" 200 242 "http://asbanet.org/" "Mozilla/5.0 (X11; Linux x86_64) AppleWebKit/537.36 (KHTML, like Gecko) Chrome/110.0.0.0 Safari/537.36" "asbanet.org"
34.122.81.197 - - [10/Dec/2022:22:11:07 -0800] "GET /images/nav/usabout_over.gif HTTP/1.1" 200 240 "http://asbanet.org/" "Mozilla/5.0 (X11; Linux x86_64) AppleWebKit/537.36 (KHTML, like Gecko) Chrome/110.0.0.0 Safari/537.36" "asbanet.org"
34.122.81.197 - - [10/Dec/2022:22:11:07 -0800] "GET /images/nav/usjoin_on.gif HTTP/1.1" 200 231 "http://asbanet.org/" "Mozilla/5.0 (X11; Linux x86_64) AppleWebKit/537.36 (KHTML, like Gecko) Chrome/110.0.0.0 Safari/537.36" "asbanet.org"
34.122.81.197 - - [10/Dec/2022:22:11:07 -0800] "GET /images/nav/usjoin_over.gif HTTP/1.1" 200 229 "http://asbanet.org/" "Mozilla/5.0 (X11; Linux x86_64) AppleWebKit/537.36 (KHTML, like Gecko) Chrome/110.0.0.0 Safari/537.36" "asbanet.org"
34.122.81.197 - - [10/Dec/2022:22:11:07 -0800] "GET /images/nav/usresources_on.gif HTTP/1.1" 200 215 "http://asbanet.org/" "Mozilla/5.0 (X11; Linux x86_64) AppleWebKit/537.36 (KHTML, like Gecko) Chrome/110.0.0.0 Safari/537.36" "asbanet.org"
34.122.81.197 - - [10/Dec/2022:22:11:07 -0800] "GET /images/nav/usresources_over.gif HTTP/1.1" 200 212 "http://asbanet.org/" "Mozilla/5.0 (X11; Linux x86_64) AppleWebKit/537.36 (KHTML, like Gecko) Chrome/110.0.0.0 Safari/537.36" "asbanet.org"
34.122.81.197 - - [10/Dec/2022:22:11:07 -0800] "GET /images/nav/uscontact_on.gif HTTP/1.1" 200 204 "http://asbanet.org/" "Mozilla/5.0 (X11; Linux x86_64) AppleWebKit/537.36 (KHTML, like Gecko) Chrome/110.0.0.0 Safari/537.36" "asbanet.org"
34.122.81.197 - - [10/Dec/2022:22:11:07 -0800] "GET /images/nav/uscontact_over.gif HTTP/1.1" 200 202 "http://asbanet.org/" "Mozilla/5.0 (X11; Linux x86_64) AppleWebKit/537.36 (KHTML, like Gecko) Chrome/110.0.0.0 Safari/537.36" "asbanet.org"
34.122.81.197 - - [10/Dec/2022:22:11:07 -0800] "GET /images/voices/diane_warren.gif HTTP/1.1" 200 6881 "http://asbanet.org/" "Mozilla/5.0 (X11; Linux x86_64) AppleWebKit/537.36 (KHTML, like Gecko) Chrome/110.0.0.0 Safari/537.36" "asbanet.org"
34.122.81.197 - - [10/Dec/2022:22:11:07 -0800] "GET /images/us_left_back.gif HTTP/1.1" 200 11789 "http://asbanet.org/" "Mozilla/5.0 (X11; Linux x86_64) AppleWebKit/537.36 (KHTML, like Gecko) Chrome/110.0.0.0 Safari/537.36" "asbanet.org"
34.122.81.197 - - [10/Dec/2022:22:11:07 -0800] "GET /images/nav/bar_purple.gif HTTP/1.1" 200 175 "http://asbanet.org/" "Mozilla/5.0 (X11; Linux x86_64) AppleWebKit/537.36 (KHTML, like Gecko) Chrome/110.0.0.0 Safari/537.36" "asbanet.org"
34.122.81.197 - - [10/Dec/2022:22:11:08 -0800] "GET /images/nav/shadow_purple.gif HTTP/1.1" 200 111 "http://asbanet.org/" "Mozilla/5.0 (X11; Linux x86_64) AppleWebKit/537.36 (KHTML, like Gecko) Chrome/110.0.0.0 Safari/537.36" "asbanet.org"
34.122.81.197 - - [10/Dec/2022:22:11:09 -0800] "GET /favicon.ico HTTP/1.1" 404 88 "http://asbanet.org/" "Mozilla/5.0 (X11; Linux x86_64) AppleWebKit/537.36 (KHTML, like Gecko) Chrome/110.0.0.0 Safari/537.36" "asbanet.org"
64.124.8.57 - - [10/Dec/2022:22:13:19 -0800] "GET /robots.txt HTTP/1.1" 404 88 "-" "Mozilla/5.0 (X11; Linux x86_64) AppleWebKit/537.36 (KHTML, like Gecko) Chrome/61.0.3163.79 Safari/537.36" "www.asbanet.org"
64.124.8.57 - - [10/Dec/2022:22:13:19 -0800] "GET /includes/ok_get_involved.html HTTP/1.1" 304 - "-" "Mozilla/5.0 (X11; Linux x86_64) AppleWebKit/537.36 (KHTML, like Gecko) Chrome/61.0.3163.79 Safari/537.36" "www.asbanet.org"
51.222.253.8 - - [10/Dec/2022:22:16:41 -0800] "GET /ok/contact/?C=M;O=A HTTP/1.1" 200 366 "-" "Mozilla/5.0 (compatible; AhrefsBot/7.0; +http://ahrefs.com/robot/)" "asbanet.org"
114.119.146.19 - - [10/Dec/2022:22:19:02 -0800] "GET /issues/PBR HTTP/1.1" 301 1413 "http://www.asbanet.org/issues" "Mozilla/5.0 (Linux; Android 7.0;) AppleWebKit/537.36 (KHTML, like Gecko) Mobile Safari/537.36 (compatible; PetalBot;+https://webmaster.petalsearch.com/site/petalbot)" "www.asbanet.org"
114.119.146.19 - - [10/Dec/2022:22:19:23 -0800] "GET /issues/PBR/ HTTP/1.1" 200 450 "http://www.asbanet.org/issues" "Mozilla/5.0 (Linux; Android 7.0;) AppleWebKit/537.36 (KHTML, like Gecko) Mobile Safari/537.36 (compatible; PetalBot;+https://webmaster.petalsearch.com/site/petalbot)" "www.asbanet.org"
114.119.129.33 - - [10/Dec/2022:22:20:37 -0800] "GET /maine/?C=S%3BO%3DA HTTP/1.1" 200 431 "http://asbanet.org/maine?D=D" "Mozilla/5.0 (Linux; Android 7.0;) AppleWebKit/537.36 (KHTML, like Gecko) Mobile Safari/537.36 (compatible; PetalBot;+https://webmaster.petalsearch.com/site/petalbot)" "asbanet.org"
40.77.167.35 - - [10/Dec/2022:22:22:09 -0800] "GET /_old/voters/education_train.html HTTP/1.1" 200 1702 "-" "Mozilla/5.0 AppleWebKit/537.36 (KHTML, like Gecko; compatible; bingbot/2.0; +http://www.bing.com/bingbot.htm) Chrome/103.0.5060.134 Safari/537.36" "www.asbanet.org"
114.119.150.15 - - [10/Dec/2022:22:22:17 -0800] "GET /links?C=M%3BO%3DA HTTP/1.1" 301 1422 "http://asbanet.org/links?N=A" "Mozilla/5.0 (Linux; Android 7.0;) AppleWebKit/537.36 (KHTML, like Gecko) Mobile Safari/537.36 (compatible; PetalBot;+https://webmaster.petalsearch.com/site/petalbot)" "asbanet.org"
114.119.150.15 - - [10/Dec/2022:22:22:28 -0800] "GET /links/?C=M%3BO%3DA HTTP/1.1" 200 361 "http://asbanet.org/links?N=A" "Mozilla/5.0 (Linux; Android 7.0;) AppleWebKit/537.36 (KHTML, like Gecko) Mobile Safari/537.36 (compatible; PetalBot;+https://webmaster.petalsearch.com/site/petalbot)" "asbanet.org"
114.119.131.2 - - [10/Dec/2022:22:24:58 -0800] "GET /moad?C=D%3BO%3DA HTTP/1.1" 301 1418 "http://www.asbanet.org/moad?C=M%3BO%3DA" "Mozilla/5.0 (Linux; Android 7.0;) AppleWebKit/537.36 (KHTML, like Gecko) Mobile Safari/537.36 (compatible; PetalBot;+https://webmaster.petalsearch.com/site/petalbot)" "www.asbanet.org"
114.119.131.2 - - [10/Dec/2022:22:25:07 -0800] "GET /moad/?C=D%3BO%3DA HTTP/1.1" 200 453 "http://www.asbanet.org/moad?C=M%3BO%3DA" "Mozilla/5.0 (Linux; Android 7.0;) AppleWebKit/537.36 (KHTML, like Gecko) Mobile Safari/537.36 (compatible; PetalBot;+https://webmaster.petalsearch.com/site/petalbot)" "www.asbanet.org"
64.124.8.57 - - [10/Dec/2022:22:30:37 -0800] "GET /_old/ HTTP/1.1" 200 351 "-" "Mozilla/5.0 (X11; Linux x86_64) AppleWebKit/537.36 (KHTML, like Gecko) Chrome/61.0.3163.79 Safari/537.36" "www.asbanet.org"
207.46.13.129 - - [10/Dec/2022:22:39:24 -0800] "GET /images/Ross%20Relles/WE'LL%20SET%20UP%20DIFFERENTLY.JPG HTTP/1.1" 200 60171 "-" "Mozilla/5.0 AppleWebKit/537.36 (KHTML, like Gecko; compatible; bingbot/2.0; +http://www.bing.com/bingbot.htm) Chrome/103.0.5060.134 Safari/537.36" "www.asbanet.org"
34.23.202.11 - - [10/Dec/2022:22:42:55 -0800] "GET /robots.txt HTTP/1.1" 404 88 "-" "ZoominfoBot (zoominfobot at zoominfo dot com)" "asbanet.org"
34.23.202.11 - - [10/Dec/2022:22:42:55 -0800] "GET /about/ HTTP/1.1" 200 361 "-" "ZoominfoBot (zoominfobot at zoominfo dot com)" "asbanet.org"
114.119.133.194 - - [10/Dec/2022:22:46:33 -0800] "GET /fl/contact/ HTTP/1.1" 200 365 "https://asbanet.org/fl" "Mozilla/5.0 (Linux; Android 7.0;) AppleWebKit/537.36 (KHTML, like Gecko) Mobile Safari/537.36 (compatible; PetalBot;+https://webmaster.petalsearch.com/site/petalbot)" "asbanet.org"
51.222.253.3 - - [10/Dec/2022:22:49:46 -0800] "GET /images/voterguide/?C=D;O=A HTTP/1.1" 200 410 "-" "Mozilla/5.0 (compatible; AhrefsBot/7.0; +http://ahrefs.com/robot/)" "www.asbanet.org"
64.124.8.22 - - [10/Dec/2022:22:52:42 -0800] "GET /robots.txt HTTP/1.1" 404 88 "-" "Mozilla/5.0 (X11; Linux x86_64) AppleWebKit/537.36 (KHTML, like Gecko) Chrome/61.0.3163.79 Safari/537.36" "asbanet.org"
64.124.8.22 - - [10/Dec/2022:22:52:42 -0800] "GET /moad/cabins.htm HTTP/1.1" 304 - "-" "Mozilla/5.0 (X11; Linux x86_64) AppleWebKit/537.36 (KHTML, like Gecko) Chrome/61.0.3163.79 Safari/537.36" "asbanet.org"
114.119.136.221 - - [10/Dec/2022:22:57:26 -0800] "GET /voterguide?S=A HTTP/1.1" 301 1413 "http://www.asbanet.org/voterguide?S=D" "Mozilla/5.0 (Linux; Android 7.0;) AppleWebKit/537.36 (KHTML, like Gecko) Mobile Safari/537.36 (compatible; PetalBot;+https://webmaster.petalsearch.com/site/petalbot)" "www.asbanet.org"
114.119.136.221 - - [10/Dec/2022:22:57:36 -0800] "GET /voterguide/?S=A HTTP/1.1" 200 365 "http://www.asbanet.org/voterguide?S=D" "Mozilla/5.0 (Linux; Android 7.0;) AppleWebKit/537.36 (KHTML, like Gecko) Mobile Safari/537.36 (compatible; PetalBot;+https://webmaster.petalsearch.com/site/petalbot)" "www.asbanet.org"
114.119.158.106 - - [10/Dec/2022:23:04:17 -0800] "GET /ok/contact/?C=S%3BO%3DA HTTP/1.1" 200 366 "http://asbanet.org/ok/contact?M=D" "Mozilla/5.0 (Linux; Android 7.0;) AppleWebKit/537.36 (KHTML, like Gecko) Mobile Safari/537.36 (compatible; PetalBot;+https://webmaster.petalsearch.com/site/petalbot)" "asbanet.org"
68.69.184.202 - - [10/Dec/2022:23:04:33 -0800] "GET /robots.txt HTTP/1.1" 404 88 "-" "test" "asbanet.org"
68.69.184.202 - - [10/Dec/2022:23:04:33 -0800] "GET / HTTP/1.1" 200 4048 "-" "test" "asbanet.org"
64.124.8.22 - - [10/Dec/2022:23:10:31 -0800] "GET /includes/nh_get_involved.html HTTP/1.1" 304 - "-" "Mozilla/5.0 (X11; Linux x86_64) AppleWebKit/537.36 (KHTML, like Gecko) Chrome/61.0.3163.79 Safari/537.36" "asbanet.org"
51.222.253.8 - - [10/Dec/2022:23:10:43 -0800] "GET /images/voterguide/?C=S;O=A HTTP/1.1" 200 410 "-" "Mozilla/5.0 (compatible; AhrefsBot/7.0; +http://ahrefs.com/robot/)" "www.asbanet.org"
64.124.8.22 - - [10/Dec/2022:23:13:58 -0800] "GET /index4.shtm HTTP/1.1" 304 - "-" "Mozilla/5.0 (X11; Linux x86_64) AppleWebKit/537.36 (KHTML, like Gecko) Chrome/61.0.3163.79 Safari/537.36" "asbanet.org"
118.184.177.83 - - [10/Dec/2022:23:20:38 -0800] "GET / HTTP/1.1" 200 4048 "-" "Sogou web spider/4.0(+http://www.sogou.com/docs/help/webmasters.htm#07)" "www.asbanet.org"
51.159.37.31 - - [10/Dec/2022:23:23:09 -0800] "GET /wp-content/languages/ HTTP/1.1" 404 73 "-" "Mozilla/5.0 (Windows NT 10.0; Win64; x64) AppleWebKit/537.36 (KHTML, like Gecko) Chrome/108.0.0.0 Safari/537.36" "asbanet.org"
51.222.253.15 - - [10/Dec/2022:23:32:30 -0800] "GET /images/voterguide/?C=M;O=A HTTP/1.1" 200 410 "-" "Mozilla/5.0 (compatible; AhrefsBot/7.0; +http://ahrefs.com/robot/)" "www.asbanet.org"
216.244.66.200 - - [10/Dec/2022:23:35:39 -0800] "GET /robots.txt HTTP/1.1" 404 73 "-" "Mozilla/5.0 (compatible; DotBot/1.2; +https://opensiteexplorer.org/dotbot; help@moz.com)" "asbanet.org"
64.124.8.57 - - [10/Dec/2022:23:37:24 -0800] "GET /robots.txt HTTP/1.1" 404 88 "-" "Mozilla/5.0 (X11; Linux x86_64) AppleWebKit/537.36 (KHTML, like Gecko) Chrome/61.0.3163.79 Safari/537.36" "www.asbanet.org"
64.124.8.57 - - [10/Dec/2022:23:37:24 -0800] "GET /miscellaneous/sundance.htm HTTP/1.1" 304 - "-" "Mozilla/5.0 (X11; Linux x86_64) AppleWebKit/537.36 (KHTML, like Gecko) Chrome/61.0.3163.79 Safari/537.36" "www.asbanet.org"
5.188.62.76 - - [10/Dec/2022:23:38:03 -0800] "GET / HTTP/1.1" 200 4048 "-" "Mozilla/5.0 (Windows NT 6.1; WOW64) AppleWebKit/537.36 (KHTML, like Gecko) Chrome/101.0.4951.67 Safari/537.36" "asbanet.org"
5.188.62.76 - - [10/Dec/2022:23:38:09 -0800] "GET / HTTP/1.1" 200 4048 "http://asbanet.org/" "Mozilla/5.0 (Windows NT 6.1; WOW64) AppleWebKit/537.36 (KHTML, like Gecko) Chrome/101.0.4951.67 Safari/537.36" "asbanet.org"
5.188.62.76 - - [10/Dec/2022:23:38:14 -0800] "GET /admin HTTP/1.1" 404 88 "http://asbanet.org/" "Mozilla/5.0 (Windows NT 6.1; WOW64) AppleWebKit/537.36 (KHTML, like Gecko) Chrome/101.0.4951.67 Safari/537.36" "asbanet.org"
51.222.253.6 - - [10/Dec/2022:23:52:36 -0800] "GET / HTTP/1.1" 200 4048 "-" "Mozilla/5.0 (compatible; AhrefsBot/7.0; +http://ahrefs.com/robot/)" "asbanet.org"
51.222.253.15 - - [10/Dec/2022:23:52:50 -0800] "GET /images/nav/uscontact_off.gif HTTP/1.1" 200 169 "-" "Mozilla/5.0 (compatible; AhrefsBot/7.0; +http://ahrefs.com/robot/)" "asbanet.org"
51.222.253.9 - - [10/Dec/2022:23:52:50 -0800] "GET /images/nav/navspacer.gif HTTP/1.1" 200 57 "-" "Mozilla/5.0 (compatible; AhrefsBot/7.0; +http://ahrefs.com/robot/)" "asbanet.org"
51.222.253.7 - - [10/Dec/2022:23:52:51 -0800] "GET /images/asba_us_logo.gif HTTP/1.1" 200 4347 "-" "Mozilla/5.0 (compatible; AhrefsBot/7.0; +http://ahrefs.com/robot/)" "asbanet.org"
51.222.253.8 - - [10/Dec/2022:23:52:53 -0800] "GET /images/nav/usresources_off.gif HTTP/1.1" 200 180 "-" "Mozilla/5.0 (compatible; AhrefsBot/7.0; +http://ahrefs.com/robot/)" "asbanet.org"
51.222.253.20 - - [10/Dec/2022:23:52:53 -0800] "GET /images/nav/usjoin_off.gif HTTP/1.1" 200 196 "-" "Mozilla/5.0 (compatible; AhrefsBot/7.0; +http://ahrefs.com/robot/)" "asbanet.org"
51.222.253.16 - - [10/Dec/2022:23:52:54 -0800] "GET /images/nav/usissues_off.gif HTTP/1.1" 200 154 "-" "Mozilla/5.0 (compatible; AhrefsBot/7.0; +http://ahrefs.com/robot/)" "asbanet.org"
51.222.253.17 - - [10/Dec/2022:23:52:54 -0800] "GET /images/nav/ushome_off.gif HTTP/1.1" 200 149 "-" "Mozilla/5.0 (compatible; AhrefsBot/7.0; +http://ahrefs.com/robot/)" "asbanet.org"
51.222.253.6 - - [10/Dec/2022:23:52:54 -0800] "GET /images/shim.gif HTTP/1.1" 200 43 "-" "Mozilla/5.0 (compatible; AhrefsBot/7.0; +http://ahrefs.com/robot/)" "asbanet.org"
157.90.181.207 - - [10/Dec/2022:23:58:48 -0800] "GET /robots.txt HTTP/1.1" 404 88 "-" "Mozilla/5.0 (compatible; BLEXBot/1.0; +http://webmeup-crawler.com/)" "asbanet.org"
157.90.181.207 - - [10/Dec/2022:23:58:51 -0800] "GET /sitemap HTTP/1.1" 404 88 "-" "Mozilla/5.0 (compatible; BLEXBot/1.0; +http://webmeup-crawler.com/)" "asbanet.org"
157.90.181.207 - - [10/Dec/2022:23:58:57 -0800] "GET /robots.txt HTTP/1.1" 404 88 "-" "Mozilla/5.0 (compatible; BLEXBot/1.0; +http://webmeup-crawler.com/)" "www.asbanet.org"
157.90.181.207 - - [10/Dec/2022:23:59:01 -0800] "GET /sitemap HTTP/1.1" 404 88 "-" "Mozilla/5.0 (compatible; BLEXBot/1.0; +http://webmeup-crawler.com/)" "www.asbanet.org"
157.90.181.207 - - [10/Dec/2022:23:59:18 -0800] "GET /sitemap.txt HTTP/1.1" 404 88 "-" "Mozilla/5.0 (compatible; BLEXBot/1.0; +http://webmeup-crawler.com/)" "asbanet.org"
157.90.181.207 - - [10/Dec/2022:23:59:24 -0800] "GET /sitemap.txt HTTP/1.1" 404 88 "-" "Mozilla/5.0 (compatible; BLEXBot/1.0; +http://webmeup-crawler.com/)" "www.asbanet.org"
157.90.181.207 - - [10/Dec/2022:23:59:41 -0800] "GET /about/ HTTP/1.1" 200 361 "-" "Mozilla/5.0 (compatible; BLEXBot/1.0; +http://webmeup-crawler.com/)" "www.asbanet.org"
157.90.181.207 - - [10/Dec/2022:23:59:50 -0800] "GET /contact/ HTTP/1.1" 200 362 "-" "Mozilla/5.0 (compatible; BLEXBot/1.0; +http://webmeup-crawler.com/)" "www.asbanet.org"
157.90.181.207 - - [10/Dec/2022:23:59:56 -0800] "GET /index.shtml HTTP/1.1" 404 88 "-" "Mozilla/5.0 (compatible; BLEXBot/1.0; +http://webmeup-crawler.com/)" "www.asbanet.org"
157.90.181.207 - - [11/Dec/2022:00:00:02 -0800] "GET /issues/ HTTP/1.1" 200 416 "-" "Mozilla/5.0 (compatible; BLEXBot/1.0; +http://webmeup-crawler.com/)" "www.asbanet.org"
157.90.181.207 - - [11/Dec/2022:00:00:10 -0800] "GET /join/ HTTP/1.1" 200 394 "-" "Mozilla/5.0 (compatible; BLEXBot/1.0; +http://webmeup-crawler.com/)" "www.asbanet.org"
157.90.181.207 - - [11/Dec/2022:00:00:16 -0800] "GET /join/index.shtml HTTP/1.1" 200 7451 "-" "Mozilla/5.0 (compatible; BLEXBot/1.0; +http://webmeup-crawler.com/)" "www.asbanet.org"
157.90.181.207 - - [11/Dec/2022:00:00:23 -0800] "GET /resources/ HTTP/1.1" 200 365 "-" "Mozilla/5.0 (compatible; BLEXBot/1.0; +http://webmeup-crawler.com/)" "www.asbanet.org"
64.124.8.49 - - [11/Dec/2022:00:13:35 -0800] "GET /robots.txt HTTP/1.1" 404 88 "-" "Mozilla/5.0 (X11; Linux x86_64) AppleWebKit/537.36 (KHTML, like Gecko) Chrome/61.0.3163.79 Safari/537.36" "asbanet.org"
64.124.8.49 - - [11/Dec/2022:00:13:35 -0800] "GET /includes/us_navjs.html HTTP/1.1" 304 - "-" "Mozilla/5.0 (X11; Linux x86_64) AppleWebKit/537.36 (KHTML, like Gecko) Chrome/61.0.3163.79 Safari/537.36" "asbanet.org"
51.222.253.3 - - [11/Dec/2022:00:14:58 -0800] "GET /ok/contact/?C=D;O=A HTTP/1.1" 200 366 "-" "Mozilla/5.0 (compatible; AhrefsBot/7.0; +http://ahrefs.com/robot/)" "asbanet.org"
216.244.66.200 - - [11/Dec/2022:00:21:55 -0800] "GET /robots.txt HTTP/1.1" 404 73 "-" "Mozilla/5.0 (compatible; DotBot/1.2; +https://opensiteexplorer.org/dotbot; help@moz.com)" "asbanet.org"
61.135.159.197 - - [11/Dec/2022:00:25:04 -0800] "GET / HTTP/1.1" 200 4048 "-" "Sogou web spider/4.0(+http://www.sogou.com/docs/help/webmasters.htm#07)" "www.asbanet.org"
64.124.8.49 - - [11/Dec/2022:00:27:23 -0800] "GET /Mann/megadownload/index2.shtml HTTP/1.1" 304 - "-" "Mozilla/5.0 (X11; Linux x86_64) AppleWebKit/537.36 (KHTML, like Gecko) Chrome/61.0.3163.79 Safari/537.36" "asbanet.org"
34.139.40.125 - - [11/Dec/2022:00:35:56 -0800] "GET /robots.txt HTTP/1.1" 404 88 "-" "ZoominfoBot (zoominfobot at zoominfo dot com)" "www.asbanet.org"
34.139.40.125 - - [11/Dec/2022:00:35:56 -0800] "GET /join/ HTTP/1.1" 200 394 "-" "ZoominfoBot (zoominfobot at zoominfo dot com)" "www.asbanet.org"
51.222.253.9 - - [11/Dec/2022:00:37:11 -0800] "GET /robots.txt HTTP/1.1" 404 88 "-" "Mozilla/5.0 (compatible; AhrefsBot/7.0; +http://ahrefs.com/robot/)" "asbanet.org"
51.222.253.18 - - [11/Dec/2022:00:37:17 -0800] "GET /join/?C=N;O=D HTTP/1.1" 200 393 "-" "Mozilla/5.0 (compatible; AhrefsBot/7.0; +http://ahrefs.com/robot/)" "asbanet.org"
64.124.8.49 - - [11/Dec/2022:00:42:32 -0800] "GET /issues/Reports/bush_report.htm HTTP/1.1" 200 5344 "-" "Mozilla/5.0 (X11; Linux x86_64) AppleWebKit/537.36 (KHTML, like Gecko) Chrome/61.0.3163.79 Safari/537.36" "asbanet.org"
64.124.8.49 - - [11/Dec/2022:00:47:33 -0800] "GET /alaska/script1.htm HTTP/1.1" 304 - "-" "Mozilla/5.0 (X11; Linux x86_64) AppleWebKit/537.36 (KHTML, like Gecko) Chrome/61.0.3163.79 Safari/537.36" "asbanet.org"
51.222.253.6 - - [11/Dec/2022:01:00:06 -0800] "GET /issues/ HTTP/1.1" 200 416 "-" "Mozilla/5.0 (compatible; AhrefsBot/7.0; +http://ahrefs.com/robot/)" "asbanet.org"
216.244.66.200 - - [11/Dec/2022:01:08:40 -0800] "GET /robots.txt HTTP/1.1" 404 73 "-" "Mozilla/5.0 (compatible; DotBot/1.2; +https://opensiteexplorer.org/dotbot; help@moz.com)" "asbanet.org"
51.222.253.2 - - [11/Dec/2022:01:19:08 -0800] "GET /moad/?C=S;O=A HTTP/1.1" 200 445 "-" "Mozilla/5.0 (compatible; AhrefsBot/7.0; +http://ahrefs.com/robot/)" "asbanet.org"
64.124.8.36 - - [11/Dec/2022:01:27:28 -0800] "GET /robots.txt HTTP/1.1" 404 88 "-" "Mozilla/5.0 (X11; Linux x86_64) AppleWebKit/537.36 (KHTML, like Gecko) Chrome/61.0.3163.79 Safari/537.36" "www.asbanet.org"
64.124.8.36 - - [11/Dec/2022:01:27:28 -0800] "GET /includes/ok_about.html HTTP/1.1" 304 - "-" "Mozilla/5.0 (X11; Linux x86_64) AppleWebKit/537.36 (KHTML, like Gecko) Chrome/61.0.3163.79 Safari/537.36" "www.asbanet.org"
64.124.8.32 - - [11/Dec/2022:01:39:09 -0800] "GET /robots.txt HTTP/1.1" 404 88 "-" "Mozilla/5.0 (X11; Linux x86_64) AppleWebKit/537.36 (KHTML, like Gecko) Chrome/61.0.3163.79 Safari/537.36" "asbanet.org"
64.124.8.32 - - [11/Dec/2022:01:39:10 -0800] "GET /nh/benefits.htm HTTP/1.1" 404 88 "-" "Mozilla/5.0 (X11; Linux x86_64) AppleWebKit/537.36 (KHTML, like Gecko) Chrome/61.0.3163.79 Safari/537.36" "asbanet.org"
34.139.40.125 - - [11/Dec/2022:01:42:52 -0800] "GET /robots.txt HTTP/1.1" 404 88 "-" "ZoominfoBot (zoominfobot at zoominfo dot com)" "asbanet.org"
34.139.40.125 - - [11/Dec/2022:01:42:52 -0800] "GET /about/ HTTP/1.1" 200 361 "-" "ZoominfoBot (zoominfobot at zoominfo dot com)" "asbanet.org"
51.222.253.1 - - [11/Dec/2022:01:46:26 -0800] "GET /issues/Stimulus/?C=S;O=A HTTP/1.1" 200 397 "-" "Mozilla/5.0 (compatible; AhrefsBot/7.0; +http://ahrefs.com/robot/)" "asbanet.org"
93.158.161.46 - - [11/Dec/2022:02:00:38 -0800] "GET /robots.txt HTTP/1.1" 404 73 "-" "Mozilla/5.0 (compatible; YandexBot/3.0; +http://yandex.com/bots)" "www.asbanet.org"
93.158.161.46 - - [11/Dec/2022:02:00:42 -0800] "GET /images/issues/technology_100.gif HTTP/1.1" 200 2522 "-" "Mozilla/5.0 (compatible; YandexImages/3.0; +http://yandex.com/bots)" "www.asbanet.org"
64.124.8.32 - - [11/Dec/2022:02:07:31 -0800] "GET /issues/Stimulus/lauster.htm HTTP/1.1" 200 4735 "-" "Mozilla/5.0 (X11; Linux x86_64) AppleWebKit/537.36 (KHTML, like Gecko) Chrome/61.0.3163.79 Safari/537.36" "asbanet.org"
46.35.252.130 - - [11/Dec/2022:02:12:07 -0800] "GET / HTTP/1.1" 200 4048 "-" "Mozilla/5.0 (X11; Linux i686) AppleWebKit/537.36 (KHTML, like Gecko) Chrome/103.0.0.0 Safari/537.36 Vivaldi/5.3.2679.68" "asbanet.org"
46.35.252.130 - - [11/Dec/2022:02:12:07 -0800] "GET /contact/ HTTP/1.1" 200 362 "http://asbanet.org" "Mozilla/5.0 (X11; Linux i686) AppleWebKit/537.36 (KHTML, like Gecko) Chrome/103.0.0.0 Safari/537.36 Vivaldi/5.3.2679.68" "asbanet.org"
51.222.253.19 - - [11/Dec/2022:02:15:00 -0800] "GET /robots.txt HTTP/1.1" 404 88 "-" "Mozilla/5.0 (compatible; AhrefsBot/7.0; +http://ahrefs.com/robot/)" "www.asbanet.org"
51.222.253.17 - - [11/Dec/2022:02:15:01 -0800] "GET /issues/ HTTP/1.1" 200 416 "-" "Mozilla/5.0 (compatible; AhrefsBot/7.0; +http://ahrefs.com/robot/)" "www.asbanet.org"
77.75.79.119 - - [11/Dec/2022:02:28:05 -0800] "GET /robots.txt HTTP/1.1" 404 88 "-" "Mozilla/5.0 (compatible; SeznamBot/4.0-RC1; +http://napoveda.seznam.cz/seznambot-intro/)" "www.asbanet.org"
77.75.79.31 - - [11/Dec/2022:02:28:05 -0800] "GET /alaska/ HTTP/1.1" 200 542 "-" "Mozilla/5.0 (compatible; SeznamBot/4.0-RC1; +http://napoveda.seznam.cz/seznambot-intro/)" "www.asbanet.org"
216.244.66.200 - - [11/Dec/2022:02:41:32 -0800] "GET /robots.txt HTTP/1.1" 404 73 "-" "Mozilla/5.0 (compatible; DotBot/1.2; +https://opensiteexplorer.org/dotbot; help@moz.com)" "asbanet.org"
51.222.253.5 - - [11/Dec/2022:02:44:04 -0800] "GET / HTTP/1.1" 200 4048 "-" "Mozilla/5.0 (compatible; AhrefsBot/7.0; +http://ahrefs.com/robot/)" "www.asbanet.org"
51.222.253.13 - - [11/Dec/2022:02:44:15 -0800] "GET /Mann/megadownload/images/shim.gif HTTP/1.1" 200 43 "-" "Mozilla/5.0 (compatible; AhrefsBot/7.0; +http://ahrefs.com/robot/)" "www.asbanet.org"
51.222.253.18 - - [11/Dec/2022:02:44:15 -0800] "GET /images/nav/usabout_off.gif HTTP/1.1" 200 207 "-" "Mozilla/5.0 (compatible; AhrefsBot/7.0; +http://ahrefs.com/robot/)" "www.asbanet.org"
51.222.253.3 - - [11/Dec/2022:02:44:15 -0800] "GET /images/nav/uscontact_off.gif HTTP/1.1" 200 169 "-" "Mozilla/5.0 (compatible; AhrefsBot/7.0; +http://ahrefs.com/robot/)" "www.asbanet.org"
51.222.253.10 - - [11/Dec/2022:02:44:16 -0800] "GET /images/nav/ushome_off.gif HTTP/1.1" 200 149 "-" "Mozilla/5.0 (compatible; AhrefsBot/7.0; +http://ahrefs.com/robot/)" "www.asbanet.org"
51.222.253.13 - - [11/Dec/2022:02:44:16 -0800] "GET /images/asba_us_logo.gif HTTP/1.1" 200 4347 "-" "Mozilla/5.0 (compatible; AhrefsBot/7.0; +http://ahrefs.com/robot/)" "www.asbanet.org"
51.222.253.11 - - [11/Dec/2022:02:44:21 -0800] "GET /images/Mainelogo.gif HTTP/1.1" 200 6064 "-" "Mozilla/5.0 (compatible; AhrefsBot/7.0; +http://ahrefs.com/robot/)" "www.asbanet.org"
51.222.253.10 - - [11/Dec/2022:02:44:26 -0800] "GET /images/nav/usjoin_off.gif HTTP/1.1" 200 196 "-" "Mozilla/5.0 (compatible; AhrefsBot/7.0; +http://ahrefs.com/robot/)" "www.asbanet.org"
51.222.253.6 - - [11/Dec/2022:02:44:26 -0800] "GET /images/nav/navspacer.gif HTTP/1.1" 200 57 "-" "Mozilla/5.0 (compatible; AhrefsBot/7.0; +http://ahrefs.com/robot/)" "www.asbanet.org"
51.222.253.15 - - [11/Dec/2022:02:44:27 -0800] "GET /images/nav/usissues_off.gif HTTP/1.1" 200 154 "-" "Mozilla/5.0 (compatible; AhrefsBot/7.0; +http://ahrefs.com/robot/)" "www.asbanet.org"
51.222.253.19 - - [11/Dec/2022:02:44:27 -0800] "GET /images/shim.gif HTTP/1.1" 200 43 "-" "Mozilla/5.0 (compatible; AhrefsBot/7.0; +http://ahrefs.com/robot/)" "www.asbanet.org"
34.139.40.125 - - [11/Dec/2022:03:00:28 -0800] "GET /join/index.shtml HTTP/1.1" 200 7451 "-" "ZoominfoBot (zoominfobot at zoominfo dot com)" "asbanet.org"
64.124.8.33 - - [11/Dec/2022:03:01:02 -0800] "GET /robots.txt HTTP/1.1" 404 88 "-" "Mozilla/5.0 (X11; Linux x86_64) AppleWebKit/537.36 (KHTML, like Gecko) Chrome/61.0.3163.79 Safari/537.36" "asbanet.org"
64.124.8.33 - - [11/Dec/2022:03:01:02 -0800] "GET /includes/ok_navjs.html HTTP/1.1" 304 - "-" "Mozilla/5.0 (X11; Linux x86_64) AppleWebKit/537.36 (KHTML, like Gecko) Chrome/61.0.3163.79 Safari/537.36" "asbanet.org"
64.124.8.58 - - [11/Dec/2022:03:10:07 -0800] "GET /robots.txt HTTP/1.1" 404 88 "-" "Mozilla/5.0 (X11; Linux x86_64) AppleWebKit/537.36 (KHTML, like Gecko) Chrome/61.0.3163.79 Safari/537.36" "www.asbanet.org"
64.124.8.58 - - [11/Dec/2022:03:10:07 -0800] "GET /index.shtml HTTP/1.1" 404 88 "-" "Mozilla/5.0 (X11; Linux x86_64) AppleWebKit/537.36 (KHTML, like Gecko) Chrome/61.0.3163.79 Safari/537.36" "www.asbanet.org"
51.222.253.17 - - [11/Dec/2022:03:18:02 -0800] "GET /fl/images/?C=D;O=A HTTP/1.1" 200 393 "-" "Mozilla/5.0 (compatible; AhrefsBot/7.0; +http://ahrefs.com/robot/)" "asbanet.org"
64.124.8.33 - - [11/Dec/2022:03:20:10 -0800] "GET /robots.txt HTTP/1.1" 404 88 "-" "Mozilla/5.0 (X11; Linux x86_64) AppleWebKit/537.36 (KHTML, like Gecko) Chrome/61.0.3163.79 Safari/537.36" "asbanet.org"
64.124.8.33 - - [11/Dec/2022:03:20:10 -0800] "GET /issues/index.shtml HTTP/1.1" 304 - "-" "Mozilla/5.0 (X11; Linux x86_64) AppleWebKit/537.36 (KHTML, like Gecko) Chrome/61.0.3163.79 Safari/537.36" "asbanet.org"
114.119.139.251 - - [11/Dec/2022:03:24:39 -0800] "GET /moad/ HTTP/1.1" 200 453 "http://asbanet.org/" "Mozilla/5.0 (Linux; Android 7.0;) AppleWebKit/537.36 (KHTML, like Gecko) Mobile Safari/537.36 (compatible; PetalBot;+https://webmaster.petalsearch.com/site/petalbot)" "asbanet.org"
216.244.66.200 - - [11/Dec/2022:03:28:00 -0800] "GET /robots.txt HTTP/1.1" 404 73 "-" "Mozilla/5.0 (compatible; DotBot/1.2; +https://opensiteexplorer.org/dotbot; help@moz.com)" "asbanet.org"
34.139.40.125 - - [11/Dec/2022:03:28:32 -0800] "GET /index.shtml HTTP/1.1" 404 88 "-" "ZoominfoBot (zoominfobot at zoominfo dot com)" "www.asbanet.org"
34.139.40.125 - - [11/Dec/2022:03:40:16 -0800] "GET /join/index.shtml HTTP/1.1" 200 7451 "-" "ZoominfoBot (zoominfobot at zoominfo dot com)" "www.asbanet.org"
34.139.40.125 - - [11/Dec/2022:03:47:24 -0800] "GET /contact/ HTTP/1.1" 200 362 "-" "ZoominfoBot (zoominfobot at zoominfo dot com)" "www.asbanet.org"
51.222.253.6 - - [11/Dec/2022:03:53:56 -0800] "GET /robots.txt HTTP/1.1" 404 88 "-" "Mozilla/5.0 (compatible; AhrefsBot/7.0; +http://ahrefs.com/robot/)" "www.asbanet.org"
51.222.253.13 - - [11/Dec/2022:03:53:57 -0800] "GET /resources/ HTTP/1.1" 200 365 "-" "Mozilla/5.0 (compatible; AhrefsBot/7.0; +http://ahrefs.com/robot/)" "www.asbanet.org"
216.244.66.200 - - [11/Dec/2022:04:00:37 -0800] "GET /ok/?C=M;O=A HTTP/1.1" 200 1284 "-" "Mozilla/5.0 (compatible; DotBot/1.2; +https://opensiteexplorer.org/dotbot; help@moz.com)" "asbanet.org"
34.139.40.125 - - [11/Dec/2022:04:01:51 -0800] "GET /contact/ HTTP/1.1" 200 362 "-" "ZoominfoBot (zoominfobot at zoominfo dot com)" "asbanet.org"
