104.198.170.116 - - [28/Nov/2022:21:23:25 -0800] "GET /images/nav/usabout_over.gif HTTP/1.1" 200 240 "http://asbanet.org/" "Mozilla/5.0 (X11; Linux x86_64) AppleWebKit/537.36 (KHTML, like Gecko) Chrome/110.0.0.0 Safari/537.36" "asbanet.org"
104.198.170.116 - - [28/Nov/2022:21:23:25 -0800] "GET /images/nav/usjoin_on.gif HTTP/1.1" 200 231 "http://asbanet.org/" "Mozilla/5.0 (X11; Linux x86_64) AppleWebKit/537.36 (KHTML, like Gecko) Chrome/110.0.0.0 Safari/537.36" "asbanet.org"
104.198.170.116 - - [28/Nov/2022:21:23:26 -0800] "GET /images/nav/usjoin_over.gif HTTP/1.1" 200 229 "http://asbanet.org/" "Mozilla/5.0 (X11; Linux x86_64) AppleWebKit/537.36 (KHTML, like Gecko) Chrome/110.0.0.0 Safari/537.36" "asbanet.org"
104.198.170.116 - - [28/Nov/2022:21:23:26 -0800] "GET /images/nav/usresources_on.gif HTTP/1.1" 200 215 "http://asbanet.org/" "Mozilla/5.0 (X11; Linux x86_64) AppleWebKit/537.36 (KHTML, like Gecko) Chrome/110.0.0.0 Safari/537.36" "asbanet.org"
104.198.170.116 - - [28/Nov/2022:21:23:26 -0800] "GET /images/nav/usresources_over.gif HTTP/1.1" 200 212 "http://asbanet.org/" "Mozilla/5.0 (X11; Linux x86_64) AppleWebKit/537.36 (KHTML, like Gecko) Chrome/110.0.0.0 Safari/537.36" "asbanet.org"
104.198.170.116 - - [28/Nov/2022:21:23:26 -0800] "GET /images/nav/uscontact_on.gif HTTP/1.1" 200 204 "http://asbanet.org/" "Mozilla/5.0 (X11; Linux x86_64) AppleWebKit/537.36 (KHTML, like Gecko) Chrome/110.0.0.0 Safari/537.36" "asbanet.org"
104.198.170.116 - - [28/Nov/2022:21:23:26 -0800] "GET /images/nav/uscontact_over.gif HTTP/1.1" 200 202 "http://asbanet.org/" "Mozilla/5.0 (X11; Linux x86_64) AppleWebKit/537.36 (KHTML, like Gecko) Chrome/110.0.0.0 Safari/537.36" "asbanet.org"
104.198.170.116 - - [28/Nov/2022:21:23:26 -0800] "GET /images/nav/shadow_purple.gif HTTP/1.1" 200 111 "http://asbanet.org/" "Mozilla/5.0 (X11; Linux x86_64) AppleWebKit/537.36 (KHTML, like Gecko) Chrome/110.0.0.0 Safari/537.36" "asbanet.org"
203.198.249.31 - - [28/Nov/2022:21:29:13 -0800] "GET / HTTP/1.1" 200 4048 "-" "Mozilla/5.0 (Windows NT 10.0; Win64; x64) AppleWebKit/537.36 (KHTML, like Gecko) Chrome/85.0.4183.121 Safari/537.36" "asbanet.org"
203.198.249.31 - - [28/Nov/2022:21:29:14 -0800] "GET /join/index.shtml HTTP/1.1" 200 7451 "-" "Mozilla/5.0 (Windows NT 10.0; Win64; x64) AppleWebKit/537.36 (KHTML, like Gecko) Chrome/85.0.4183.121 Safari/537.36" "asbanet.org"
35.210.225.86 - - [28/Nov/2022:21:30:46 -0800] "GET /robots.txt HTTP/1.1" 404 88 "-" "Go-http-client/1.1" "asbanet.org"
35.210.225.86 - - [28/Nov/2022:21:30:46 -0800] "GET /includes/us_on_location_in_ok.html HTTP/1.1" 200 388 "-" "Mozilla/5.0 (compatible; VelenPublicWebCrawler/1.0; +https://velen.io)" "asbanet.org"
51.222.253.18 - - [28/Nov/2022:21:34:49 -0800] "GET / HTTP/1.1" 200 4048 "-" "Mozilla/5.0 (compatible; AhrefsBot/7.0; +http://ahrefs.com/robot/)" "www.asbanet.org"
51.222.253.18 - - [28/Nov/2022:21:34:58 -0800] "GET /Mann/megadownload/images/shim.gif HTTP/1.1" 200 43 "-" "Mozilla/5.0 (compatible; AhrefsBot/7.0; +http://ahrefs.com/robot/)" "www.asbanet.org"
51.222.253.5 - - [28/Nov/2022:21:34:58 -0800] "GET /images/nav/usabout_off.gif HTTP/1.1" 200 207 "-" "Mozilla/5.0 (compatible; AhrefsBot/7.0; +http://ahrefs.com/robot/)" "www.asbanet.org"
51.222.253.2 - - [28/Nov/2022:21:34:58 -0800] "GET /images/nav/uscontact_off.gif HTTP/1.1" 200 169 "-" "Mozilla/5.0 (compatible; AhrefsBot/7.0; +http://ahrefs.com/robot/)" "www.asbanet.org"
51.222.253.19 - - [28/Nov/2022:21:34:59 -0800] "GET /images/nav/ushome_off.gif HTTP/1.1" 200 149 "-" "Mozilla/5.0 (compatible; AhrefsBot/7.0; +http://ahrefs.com/robot/)" "www.asbanet.org"
51.222.253.18 - - [28/Nov/2022:21:34:59 -0800] "GET /images/asba_us_logo.gif HTTP/1.1" 200 4347 "-" "Mozilla/5.0 (compatible; AhrefsBot/7.0; +http://ahrefs.com/robot/)" "www.asbanet.org"
51.222.253.10 - - [28/Nov/2022:21:34:59 -0800] "GET /images/Mainelogo.gif HTTP/1.1" 200 6064 "-" "Mozilla/5.0 (compatible; AhrefsBot/7.0; +http://ahrefs.com/robot/)" "www.asbanet.org"
51.222.253.4 - - [28/Nov/2022:21:35:05 -0800] "GET /images/nav/usjoin_off.gif HTTP/1.1" 200 196 "-" "Mozilla/5.0 (compatible; AhrefsBot/7.0; +http://ahrefs.com/robot/)" "www.asbanet.org"
51.222.253.12 - - [28/Nov/2022:21:35:05 -0800] "GET /images/nav/navspacer.gif HTTP/1.1" 200 57 "-" "Mozilla/5.0 (compatible; AhrefsBot/7.0; +http://ahrefs.com/robot/)" "www.asbanet.org"
51.222.253.3 - - [28/Nov/2022:21:35:05 -0800] "GET /images/nav/usissues_off.gif HTTP/1.1" 200 154 "-" "Mozilla/5.0 (compatible; AhrefsBot/7.0; +http://ahrefs.com/robot/)" "www.asbanet.org"
51.222.253.19 - - [28/Nov/2022:21:35:05 -0800] "GET /images/shim.gif HTTP/1.1" 200 43 "-" "Mozilla/5.0 (compatible; AhrefsBot/7.0; +http://ahrefs.com/robot/)" "www.asbanet.org"
203.123.98.4 - - [28/Nov/2022:21:38:09 -0800] "GET /security.txt HTTP/1.1" 404 88 "-" "Go-http-client/1.1" "asbanet.org"
51.222.253.14 - - [28/Nov/2022:21:43:41 -0800] "GET /fl/contact/?C=N;O=D HTTP/1.1" 200 363 "-" "Mozilla/5.0 (compatible; AhrefsBot/7.0; +http://ahrefs.com/robot/)" "asbanet.org"
185.250.151.200 - - [28/Nov/2022:21:50:19 -0800] "POST /upl.php HTTP/1.1" 404 88 "-" "Mozilla/5.0 (Macintosh; Intel Mac OS X 10_8_4) AppleWebKit/537.36 (KHTML, like Gecko) Chrome/55.0.2894.73 Safari/537.36" "asbanet.org"
51.222.253.4 - - [28/Nov/2022:21:52:43 -0800] "GET /miscellaneous/birthday.htm HTTP/1.1" 200 1057 "-" "Mozilla/5.0 (compatible; AhrefsBot/7.0; +http://ahrefs.com/robot/)" "www.asbanet.org"
77.75.77.119 - - [28/Nov/2022:21:58:34 -0800] "GET /Mann/ HTTP/1.1" 200 355 "-" "Mozilla/5.0 (compatible; SeznamBot/4.0-RC1; +http://napoveda.seznam.cz/seznambot-intro/)" "www.asbanet.org"
51.222.253.9 - - [28/Nov/2022:22:02:03 -0800] "GET /links/?C=D;O=D HTTP/1.1" 200 360 "-" "Mozilla/5.0 (compatible; AhrefsBot/7.0; +http://ahrefs.com/robot/)" "asbanet.org"
147.78.47.249 - - [28/Nov/2022:22:02:43 -0800] "GET /_ignition/health-check/ HTTP/1.1" 404 88 "-" "Mozilla/5.0 (Windows NT 10.0; Win64; x64) AppleWebKit/537.36 (KHTML, like Gecko) Chrome/105.0.0.0 Safari/537.36" "asbanet.org"
147.78.47.249 - - [28/Nov/2022:22:02:45 -0800] "GET /public/_ignition/health-check/ HTTP/1.1" 404 88 "-" "Mozilla/5.0 (Windows NT 10.0; Win64; x64) AppleWebKit/537.36 (KHTML, like Gecko) Chrome/105.0.0.0 Safari/537.36" "asbanet.org"
147.78.47.249 - - [28/Nov/2022:22:02:47 -0800] "GET /wp-includes/wlwmanifest.xml HTTP/1.1" 404 88 "-" "Mozilla/5.0 (Windows NT 10.0; Win64; x64) AppleWebKit/537.36 (KHTML, like Gecko) Chrome/105.0.0.0 Safari/537.36" "asbanet.org"
64.124.8.31 - - [28/Nov/2022:22:03:11 -0800] "GET /robots.txt HTTP/1.1" 404 88 "-" "Mozilla/5.0 (X11; Linux x86_64) AppleWebKit/537.36 (KHTML, like Gecko) Chrome/61.0.3163.79 Safari/537.36" "www.asbanet.org"
64.124.8.31 - - [28/Nov/2022:22:03:11 -0800] "GET /includes/ HTTP/1.1" 200 770 "-" "Mozilla/5.0 (X11; Linux x86_64) AppleWebKit/537.36 (KHTML, like Gecko) Chrome/61.0.3163.79 Safari/537.36" "www.asbanet.org"
51.222.253.18 - - [28/Nov/2022:22:10:40 -0800] "GET /join/?C=D;O=D HTTP/1.1" 200 393 "-" "Mozilla/5.0 (compatible; AhrefsBot/7.0; +http://ahrefs.com/robot/)" "www.asbanet.org"
93.158.161.49 - - [28/Nov/2022:22:15:39 -0800] "GET /robots.txt HTTP/1.1" 404 73 "-" "Mozilla/5.0 (compatible; YandexBot/3.0; +http://yandex.com/bots)" "www.asbanet.org"
93.158.161.70 - - [28/Nov/2022:22:15:43 -0800] "GET /images/Shannon2/?C=M;O=A HTTP/1.1" 200 435 "-" "Mozilla/5.0 (compatible; YandexBot/3.0; +http://yandex.com/bots)" "www.asbanet.org"
51.222.253.4 - - [28/Nov/2022:22:17:21 -0800] "GET /images/voices/?C=N;O=A HTTP/1.1" 200 546 "-" "Mozilla/5.0 (compatible; AhrefsBot/7.0; +http://ahrefs.com/robot/)" "www.asbanet.org"
185.191.171.44 - - [28/Nov/2022:22:20:08 -0800] "GET /robots.txt HTTP/1.1" 404 88 "-" "Mozilla/5.0 (compatible; SemrushBot/7~bl; +http://www.semrush.com/bot.html)" "www.asbanet.org"
185.191.171.2 - - [28/Nov/2022:22:20:08 -0800] "GET /miscellaneous/jen.htm HTTP/1.1" 200 1007 "-" "Mozilla/5.0 (compatible; SemrushBot/7~bl; +http://www.semrush.com/bot.html)" "www.asbanet.org"
51.222.253.20 - - [28/Nov/2022:22:25:18 -0800] "GET /alaska/radio.htm HTTP/1.1" 200 693 "-" "Mozilla/5.0 (compatible; AhrefsBot/7.0; +http://ahrefs.com/robot/)" "www.asbanet.org"
66.249.66.87 - - [28/Nov/2022:22:31:46 -0800] "GET /robots.txt HTTP/1.1" 404 88 "-" "Mozilla/5.0 (compatible; Googlebot/2.1; +http://www.google.com/bot.html)" "asbanet.org"
51.222.253.8 - - [28/Nov/2022:22:33:44 -0800] "GET /images/voices/?C=N;O=D HTTP/1.1" 200 547 "-" "Mozilla/5.0 (compatible; AhrefsBot/7.0; +http://ahrefs.com/robot/)" "asbanet.org"
114.119.135.48 - - [28/Nov/2022:22:37:02 -0800] "GET /alaska/ HTTP/1.1" 200 542 "https://www.asbanet.org?C=N%3BO%3DD" "Mozilla/5.0 (Linux; Android 7.0;) AppleWebKit/537.36 (KHTML, like Gecko) Mobile Safari/537.36 (compatible; PetalBot;+https://webmaster.petalsearch.com/site/petalbot)" "www.asbanet.org"
51.222.253.4 - - [28/Nov/2022:22:37:10 -0800] "GET /alaska/script3.htm HTTP/1.1" 200 558 "-" "Mozilla/5.0 (compatible; AhrefsBot/7.0; +http://ahrefs.com/robot/)" "www.asbanet.org"
114.119.135.171 - - [28/Nov/2022:22:39:10 -0800] "GET /alaska/?C=M%3BO%3DA HTTP/1.1" 200 542 "https://asbanet.org/alaska?N=A" "Mozilla/5.0 (Linux; Android 7.0;) AppleWebKit/537.36 (KHTML, like Gecko) Mobile Safari/537.36 (compatible; PetalBot;+https://webmaster.petalsearch.com/site/petalbot)" "asbanet.org"
54.36.148.80 - - [28/Nov/2022:22:41:39 -0800] "GET /robots.txt HTTP/1.1" 404 88 "-" "Mozilla/5.0 (compatible; AhrefsBot/7.0; +http://ahrefs.com/robot/)" "asbanet.org"
51.222.253.12 - - [28/Nov/2022:22:41:39 -0800] "GET /_old/voters/images/ HTTP/1.1" 200 821 "-" "Mozilla/5.0 (compatible; AhrefsBot/7.0; +http://ahrefs.com/robot/)" "asbanet.org"
51.222.253.14 - - [28/Nov/2022:22:41:48 -0800] "GET /_old/voters/images/images/noframes_meye/now20_button.gif HTTP/1.1" 200 1001 "-" "Mozilla/5.0 (compatible; AhrefsBot/7.0; +http://ahrefs.com/robot/)" "asbanet.org"
51.222.253.6 - - [28/Nov/2022:22:41:53 -0800] "GET /_old/voters/images/images/noframes_meye/or.gif HTTP/1.1" 200 211 "-" "Mozilla/5.0 (compatible; AhrefsBot/7.0; +http://ahrefs.com/robot/)" "asbanet.org"
51.222.253.13 - - [28/Nov/2022:22:41:54 -0800] "GET /_old/voters/images/images/noframes_meye/like.gif HTTP/1.1" 200 1810 "-" "Mozilla/5.0 (compatible; AhrefsBot/7.0; +http://ahrefs.com/robot/)" "asbanet.org"
51.222.253.18 - - [28/Nov/2022:22:41:59 -0800] "GET /_old/voters/images/images/noframes_meye/entered_0.gif HTTP/1.1" 200 10554 "-" "Mozilla/5.0 (compatible; AhrefsBot/7.0; +http://ahrefs.com/robot/)" "asbanet.org"
51.222.253.7 - - [28/Nov/2022:22:45:17 -0800] "GET /resources/ HTTP/1.1" 200 365 "-" "Mozilla/5.0 (compatible; AhrefsBot/7.0; +http://ahrefs.com/robot/)" "www.asbanet.org"
51.222.253.8 - - [28/Nov/2022:22:50:02 -0800] "GET /images/voices/?C=D;O=A HTTP/1.1" 200 546 "-" "Mozilla/5.0 (compatible; AhrefsBot/7.0; +http://ahrefs.com/robot/)" "www.asbanet.org"
64.124.8.58 - - [28/Nov/2022:22:51:17 -0800] "GET /robots.txt HTTP/1.1" 404 88 "-" "Mozilla/5.0 (X11; Linux x86_64) AppleWebKit/537.36 (KHTML, like Gecko) Chrome/61.0.3163.79 Safari/537.36" "www.asbanet.org"
64.124.8.58 - - [28/Nov/2022:22:51:17 -0800] "GET /join/thankyou.shtml HTTP/1.1" 200 2684 "-" "Mozilla/5.0 (X11; Linux x86_64) AppleWebKit/537.36 (KHTML, like Gecko) Chrome/61.0.3163.79 Safari/537.36" "www.asbanet.org"
64.124.8.58 - - [28/Nov/2022:22:51:17 -0800] "GET / HTTP/1.1" 200 4048 "-" "Mozilla/5.0 (X11; Linux x86_64) AppleWebKit/537.36 (KHTML, like Gecko) Chrome/61.0.3163.79 Safari/537.36" "www.asbanet.org"
51.222.253.1 - - [28/Nov/2022:22:54:48 -0800] "GET /issues/PBR/?C=D;O=A HTTP/1.1" 200 450 "-" "Mozilla/5.0 (compatible; AhrefsBot/7.0; +http://ahrefs.com/robot/)" "www.asbanet.org"
216.244.66.200 - - [28/Nov/2022:22:55:18 -0800] "GET /robots.txt HTTP/1.1" 404 73 "-" "Mozilla/5.0 (compatible; DotBot/1.2; +https://opensiteexplorer.org/dotbot; help@moz.com)" "asbanet.org"
51.222.253.14 - - [28/Nov/2022:22:59:06 -0800] "GET /alaska/script2.htm HTTP/1.1" 200 543 "-" "Mozilla/5.0 (compatible; AhrefsBot/7.0; +http://ahrefs.com/robot/)" "www.asbanet.org"
51.222.253.15 - - [28/Nov/2022:23:03:59 -0800] "GET /ok/about/?C=D;O=A HTTP/1.1" 200 366 "-" "Mozilla/5.0 (compatible; AhrefsBot/7.0; +http://ahrefs.com/robot/)" "www.asbanet.org"
77.88.5.250 - - [28/Nov/2022:23:04:35 -0800] "GET /miscellaneous/?C=N;O=D HTTP/1.1" 200 575 "-" "Mozilla/5.0 (compatible; YandexBot/3.0; +http://yandex.com/bots)" "www.asbanet.org"
64.124.8.58 - - [28/Nov/2022:23:06:27 -0800] "GET /robots.txt HTTP/1.1" 404 88 "-" "Mozilla/5.0 (X11; Linux x86_64) AppleWebKit/537.36 (KHTML, like Gecko) Chrome/61.0.3163.79 Safari/537.36" "asbanet.org"
64.124.8.58 - - [28/Nov/2022:23:06:27 -0800] "GET /nh/findout.shtml HTTP/1.1" 304 - "-" "Mozilla/5.0 (X11; Linux x86_64) AppleWebKit/537.36 (KHTML, like Gecko) Chrome/61.0.3163.79 Safari/537.36" "asbanet.org"
77.88.5.168 - - [28/Nov/2022:23:06:42 -0800] "GET /issues/Reports/?C=D;O=A HTTP/1.1" 200 438 "-" "Mozilla/5.0 (compatible; YandexBot/3.0; +http://yandex.com/bots)" "www.asbanet.org"
77.88.5.168 - - [28/Nov/2022:23:07:28 -0800] "GET /fl/includes/?C=N;O=D HTTP/1.1" 200 368 "-" "Mozilla/5.0 (compatible; YandexBot/3.0; +http://yandex.com/bots)" "www.asbanet.org"
51.222.253.15 - - [28/Nov/2022:23:08:01 -0800] "GET /_old/voters/environment.html HTTP/1.1" 200 2174 "-" "Mozilla/5.0 (compatible; AhrefsBot/7.0; +http://ahrefs.com/robot/)" "www.asbanet.org"
51.222.253.16 - - [28/Nov/2022:23:08:12 -0800] "GET /_old/voters/images/environment_head.gif HTTP/1.1" 404 88 "-" "Mozilla/5.0 (compatible; AhrefsBot/7.0; +http://ahrefs.com/robot/)" "www.asbanet.org"
51.222.253.17 - - [28/Nov/2022:23:14:39 -0800] "GET /_old/voters/images/ HTTP/1.1" 200 821 "-" "Mozilla/5.0 (compatible; AhrefsBot/7.0; +http://ahrefs.com/robot/)" "www.asbanet.org"
51.222.253.15 - - [28/Nov/2022:23:14:49 -0800] "GET /_old/voters/images/images/noframes_meye/now20_button.gif HTTP/1.1" 200 1001 "-" "Mozilla/5.0 (compatible; AhrefsBot/7.0; +http://ahrefs.com/robot/)" "www.asbanet.org"
51.222.253.3 - - [28/Nov/2022:23:14:50 -0800] "GET /_old/voters/images/images/noframes_meye/or.gif HTTP/1.1" 200 211 "-" "Mozilla/5.0 (compatible; AhrefsBot/7.0; +http://ahrefs.com/robot/)" "www.asbanet.org"
51.222.253.12 - - [28/Nov/2022:23:14:50 -0800] "GET /_old/voters/images/images/noframes_meye/ie_animated.gif HTTP/1.1" 200 8609 "-" "Mozilla/5.0 (compatible; AhrefsBot/7.0; +http://ahrefs.com/robot/)" "www.asbanet.org"
51.222.253.12 - - [28/Nov/2022:23:14:55 -0800] "GET /_old/voters/images/images/noframes_meye/like.gif HTTP/1.1" 200 1810 "-" "Mozilla/5.0 (compatible; AhrefsBot/7.0; +http://ahrefs.com/robot/)" "www.asbanet.org"
51.222.253.17 - - [28/Nov/2022:23:15:00 -0800] "GET /_old/voters/images/images/noframes_meye/entered_0.gif HTTP/1.1" 200 10554 "-" "Mozilla/5.0 (compatible; AhrefsBot/7.0; +http://ahrefs.com/robot/)" "www.asbanet.org"
114.119.157.25 - - [28/Nov/2022:23:22:59 -0800] "GET /fl?N=A HTTP/1.1" 301 1408 "http://www.asbanet.org/fl/?N=D" "Mozilla/5.0 (Linux; Android 7.0;) AppleWebKit/537.36 (KHTML, like Gecko) Mobile Safari/537.36 (compatible; PetalBot;+https://webmaster.petalsearch.com/site/petalbot)" "www.asbanet.org"
51.222.253.20 - - [28/Nov/2022:23:23:10 -0800] "GET /links/?C=S;O=D HTTP/1.1" 200 360 "-" "Mozilla/5.0 (compatible; AhrefsBot/7.0; +http://ahrefs.com/robot/)" "asbanet.org"
114.119.157.25 - - [28/Nov/2022:23:23:15 -0800] "GET /fl/?N=A HTTP/1.1" 200 499 "http://www.asbanet.org/fl/?N=D" "Mozilla/5.0 (Linux; Android 7.0;) AppleWebKit/537.36 (KHTML, like Gecko) Mobile Safari/537.36 (compatible; PetalBot;+https://webmaster.petalsearch.com/site/petalbot)" "www.asbanet.org"
93.158.161.70 - - [28/Nov/2022:23:28:22 -0800] "GET /issues/Stimulus/ HTTP/1.1" 200 397 "-" "Mozilla/5.0 (compatible; YandexBot/3.0; +http://yandex.com/bots)" "www.asbanet.org"
51.222.253.15 - - [28/Nov/2022:23:30:24 -0800] "GET /ok/issues/?C=D;O=A HTTP/1.1" 200 440 "-" "Mozilla/5.0 (compatible; AhrefsBot/7.0; +http://ahrefs.com/robot/)" "www.asbanet.org"
216.244.66.200 - - [28/Nov/2022:23:31:41 -0800] "GET /nh/?C=M;O=D HTTP/1.1" 200 1757 "-" "Mozilla/5.0 (compatible; DotBot/1.2; +https://opensiteexplorer.org/dotbot; help@moz.com)" "asbanet.org"
113.133.188.74 - - [28/Nov/2022:23:36:01 -0800] "GET / HTTP/1.1" 200 4048 "-" "Mozilla/5.0 (Windows NT 10.0; Win64; x64) AppleWebKit/537.36 (KHTML, like Gecko) Chrome/100.0.4896.127 Safari/537.36 Edg/100.0.1185.50" "asbanet.org"
51.222.253.8 - - [28/Nov/2022:23:38:22 -0800] "GET /miscellaneous/?C=M;O=A HTTP/1.1" 200 578 "-" "Mozilla/5.0 (compatible; AhrefsBot/7.0; +http://ahrefs.com/robot/)" "www.asbanet.org"
93.158.161.47 - - [28/Nov/2022:23:41:12 -0800] "GET /ok/about/?C=S;O=A HTTP/1.1" 200 366 "-" "Mozilla/5.0 (compatible; YandexBot/3.0; +http://yandex.com/bots)" "www.asbanet.org"
51.222.253.8 - - [28/Nov/2022:23:46:04 -0800] "GET /nh/join/ HTTP/1.1" 200 2271 "-" "Mozilla/5.0 (compatible; AhrefsBot/7.0; +http://ahrefs.com/robot/)" "asbanet.org"
51.222.253.3 - - [28/Nov/2022:23:46:13 -0800] "GET /images/shim.gif HTTP/1.1" 200 43 "-" "Mozilla/5.0 (compatible; AhrefsBot/7.0; +http://ahrefs.com/robot/)" "asbanet.org"
51.222.253.9 - - [28/Nov/2022:23:52:36 -0800] "GET /issues/?C=D;O=D HTTP/1.1" 200 421 "-" "Mozilla/5.0 (compatible; AhrefsBot/7.0; +http://ahrefs.com/robot/)" "asbanet.org"
114.119.134.195 - - [28/Nov/2022:23:56:17 -0800] "GET /robots.txt HTTP/1.1" 404 88 "-" "Mozilla/5.0 (compatible;PetalBot;+https://webmaster.petalsearch.com/site/petalbot)" "asbanet.org"
51.222.253.2 - - [28/Nov/2022:23:59:10 -0800] "GET /images/Ross%20Relles/?C=M;O=A HTTP/1.1" 200 834 "-" "Mozilla/5.0 (compatible; AhrefsBot/7.0; +http://ahrefs.com/robot/)" "asbanet.org"
51.222.253.1 - - [29/Nov/2022:00:04:21 -0800] "GET /issues/Reports/?C=N;O=D HTTP/1.1" 200 433 "-" "Mozilla/5.0 (compatible; AhrefsBot/7.0; +http://ahrefs.com/robot/)" "asbanet.org"
51.222.253.4 - - [29/Nov/2022:00:09:44 -0800] "GET /contact/ HTTP/1.1" 200 362 "-" "Mozilla/5.0 (compatible; AhrefsBot/7.0; +http://ahrefs.com/robot/)" "www.asbanet.org"
51.222.253.7 - - [29/Nov/2022:00:15:14 -0800] "GET /resources/?C=N;O=D HTTP/1.1" 200 363 "-" "Mozilla/5.0 (compatible; AhrefsBot/7.0; +http://ahrefs.com/robot/)" "asbanet.org"
93.158.161.70 - - [29/Nov/2022:00:16:48 -0800] "GET /_old/voters/ HTTP/1.1" 200 480 "-" "Mozilla/5.0 (compatible; YandexBot/3.0; +http://yandex.com/bots)" "www.asbanet.org"
51.222.253.17 - - [29/Nov/2022:00:21:09 -0800] "GET /issues/ HTTP/1.1" 200 416 "-" "Mozilla/5.0 (compatible; AhrefsBot/7.0; +http://ahrefs.com/robot/)" "asbanet.org"
51.222.253.13 - - [29/Nov/2022:00:27:03 -0800] "GET /contact/ HTTP/1.1" 200 362 "-" "Mozilla/5.0 (compatible; AhrefsBot/7.0; +http://ahrefs.com/robot/)" "asbanet.org"
51.222.253.6 - - [29/Nov/2022:00:33:55 -0800] "GET /resources/ HTTP/1.1" 200 365 "-" "Mozilla/5.0 (compatible; AhrefsBot/7.0; +http://ahrefs.com/robot/)" "asbanet.org"
51.222.253.11 - - [29/Nov/2022:00:42:07 -0800] "GET /links/?C=N;O=A HTTP/1.1" 200 361 "-" "Mozilla/5.0 (compatible; AhrefsBot/7.0; +http://ahrefs.com/robot/)" "asbanet.org"
93.158.161.47 - - [29/Nov/2022:00:47:01 -0800] "GET /moad/activites.htm HTTP/1.1" 200 851 "-" "Mozilla/5.0 (compatible; YandexBot/3.0; +http://yandex.com/bots)" "www.asbanet.org"
93.158.161.47 - - [29/Nov/2022:00:50:57 -0800] "GET /maine/brochure.htm HTTP/1.1" 200 226 "-" "Mozilla/5.0 (compatible; YandexBot/3.0; +http://yandex.com/bots)" "www.asbanet.org"
51.222.253.12 - - [29/Nov/2022:01:01:58 -0800] "GET /Mann/megadownload/images/ HTTP/1.1" 200 532 "-" "Mozilla/5.0 (compatible; AhrefsBot/7.0; +http://ahrefs.com/robot/)" "www.asbanet.org"
77.88.5.168 - - [29/Nov/2022:01:08:37 -0800] "GET /robots.txt HTTP/1.1" 404 73 "-" "Mozilla/5.0 (compatible; YandexBot/3.0; +http://yandex.com/bots)" "www.asbanet.org"
93.158.161.47 - - [29/Nov/2022:01:08:41 -0800] "GET /moad/?C=D;O=A HTTP/1.1" 200 453 "-" "Mozilla/5.0 (compatible; YandexBot/3.0; +http://yandex.com/bots)" "www.asbanet.org"
64.124.8.38 - - [29/Nov/2022:01:14:24 -0800] "GET /robots.txt HTTP/1.1" 404 88 "-" "Mozilla/5.0 (X11; Linux x86_64) AppleWebKit/537.36 (KHTML, like Gecko) Chrome/61.0.3163.79 Safari/537.36" "asbanet.org"
64.124.8.38 - - [29/Nov/2022:01:14:24 -0800] "GET /moad/activites.htm HTTP/1.1" 304 - "-" "Mozilla/5.0 (X11; Linux x86_64) AppleWebKit/537.36 (KHTML, like Gecko) Chrome/61.0.3163.79 Safari/537.36" "asbanet.org"
77.88.5.250 - - [29/Nov/2022:01:19:43 -0800] "GET /ok/join/ HTTP/1.1" 200 400 "-" "Mozilla/5.0 (compatible; YandexBot/3.0; +http://yandex.com/bots)" "www.asbanet.org"
77.88.5.168 - - [29/Nov/2022:01:30:27 -0800] "GET /images/?C=S;O=A HTTP/1.1" 200 824 "-" "Mozilla/5.0 (compatible; YandexBot/3.0; +http://yandex.com/bots)" "www.asbanet.org"
51.222.253.15 - - [29/Nov/2022:01:34:07 -0800] "GET /contact/ HTTP/1.1" 200 362 "-" "Mozilla/5.0 (compatible; AhrefsBot/7.0; +http://ahrefs.com/robot/)" "www.asbanet.org"
93.158.161.47 - - [29/Nov/2022:01:39:07 -0800] "GET /images/Shannon2/ HTTP/1.1" 200 434 "-" "Mozilla/5.0 (compatible; YandexBot/3.0; +http://yandex.com/bots)" "www.asbanet.org"
114.119.167.239 - - [29/Nov/2022:01:41:45 -0800] "GET /robots.txt HTTP/1.1" 404 88 "-" "Mozilla/5.0 (compatible;PetalBot;+https://webmaster.petalsearch.com/site/petalbot)" "asbanet.org"
64.124.8.38 - - [29/Nov/2022:01:45:08 -0800] "GET /robots.txt HTTP/1.1" 404 88 "-" "Mozilla/5.0 (X11; Linux x86_64) AppleWebKit/537.36 (KHTML, like Gecko) Chrome/61.0.3163.79 Safari/537.36" "www.asbanet.org"
64.124.8.38 - - [29/Nov/2022:01:45:08 -0800] "GET /fl/includes/ HTTP/1.1" 200 369 "-" "Mozilla/5.0 (X11; Linux x86_64) AppleWebKit/537.36 (KHTML, like Gecko) Chrome/61.0.3163.79 Safari/537.36" "www.asbanet.org"
37.139.53.50 - - [29/Nov/2022:01:52:16 -0800] "GET /miscellaneous/alumni.htm HTTP/1.1" 200 244 "http://www.asbanet.org/miscellaneous/alumni.htm" "Mozilla/5.0 (Windows NT 6.1; Win64; x64) AppleWebKit/537.36 (KHTML, like Gecko) Chrome/90.0.4430.93 Safari/537.36" "www.asbanet.org"
37.139.53.50 - - [29/Nov/2022:01:52:16 -0800] "GET / HTTP/1.1" 200 14849 "http://www.asbanet.org/" "Mozilla/5.0 (Windows NT 6.1; Win64; x64) AppleWebKit/537.36 (KHTML, like Gecko) Chrome/90.0.4430.93 Safari/537.36" "www.asbanet.org"
64.124.8.38 - - [29/Nov/2022:01:52:20 -0800] "GET /nh/ HTTP/1.1" 200 481 "-" "Mozilla/5.0 (X11; Linux x86_64) AppleWebKit/537.36 (KHTML, like Gecko) Chrome/61.0.3163.79 Safari/537.36" "asbanet.org"
64.124.8.38 - - [29/Nov/2022:02:02:13 -0800] "GET /nh/ HTTP/1.1" 200 481 "-" "Mozilla/5.0 (X11; Linux x86_64) AppleWebKit/537.36 (KHTML, like Gecko) Chrome/61.0.3163.79 Safari/537.36" "www.asbanet.org"
51.222.253.17 - - [29/Nov/2022:02:03:52 -0800] "GET /resources/ HTTP/1.1" 200 365 "-" "Mozilla/5.0 (compatible; AhrefsBot/7.0; +http://ahrefs.com/robot/)" "asbanet.org"
114.119.146.88 - - [29/Nov/2022:02:07:53 -0800] "GET /robots.txt HTTP/1.1" 404 88 "-" "Mozilla/5.0 (compatible;PetalBot;+https://webmaster.petalsearch.com/site/petalbot)" "www.asbanet.org"
64.124.8.45 - - [29/Nov/2022:02:29:14 -0800] "GET /robots.txt HTTP/1.1" 404 88 "-" "Mozilla/5.0 (X11; Linux x86_64) AppleWebKit/537.36 (KHTML, like Gecko) Chrome/61.0.3163.79 Safari/537.36" "asbanet.org"
64.124.8.45 - - [29/Nov/2022:02:29:14 -0800] "GET /includes/ok_about.html HTTP/1.1" 200 220 "-" "Mozilla/5.0 (X11; Linux x86_64) AppleWebKit/537.36 (KHTML, like Gecko) Chrome/61.0.3163.79 Safari/537.36" "asbanet.org"
51.222.253.20 - - [29/Nov/2022:02:37:26 -0800] "GET /robots.txt HTTP/1.1" 404 88 "-" "Mozilla/5.0 (compatible; AhrefsBot/7.0; +http://ahrefs.com/robot/)" "www.asbanet.org"
51.222.253.12 - - [29/Nov/2022:02:37:27 -0800] "GET /Mann/megadownload/images/?C=M;O=A HTTP/1.1" 200 532 "-" "Mozilla/5.0 (compatible; AhrefsBot/7.0; +http://ahrefs.com/robot/)" "www.asbanet.org"
93.158.161.49 - - [29/Nov/2022:02:44:20 -0800] "GET /issues/ HTTP/1.1" 200 416 "-" "Mozilla/5.0 (compatible; YandexBot/3.0; +http://yandex.com/bots)" "www.asbanet.org"
51.222.253.13 - - [29/Nov/2022:03:01:23 -0800] "GET /Mann/megadownload/images/?C=S;O=A HTTP/1.1" 200 526 "-" "Mozilla/5.0 (compatible; AhrefsBot/7.0; +http://ahrefs.com/robot/)" "www.asbanet.org"
64.124.8.45 - - [29/Nov/2022:03:09:43 -0800] "GET /robots.txt HTTP/1.1" 404 88 "-" "Mozilla/5.0 (X11; Linux x86_64) AppleWebKit/537.36 (KHTML, like Gecko) Chrome/61.0.3163.79 Safari/537.36" "www.asbanet.org"
64.124.8.45 - - [29/Nov/2022:03:09:43 -0800] "GET /nh/join/index.shtml HTTP/1.1" 304 - "-" "Mozilla/5.0 (X11; Linux x86_64) AppleWebKit/537.36 (KHTML, like Gecko) Chrome/61.0.3163.79 Safari/537.36" "www.asbanet.org"
51.222.253.3 - - [29/Nov/2022:03:23:05 -0800] "GET /Mann/megadownload/images/?C=D;O=A HTTP/1.1" 200 532 "-" "Mozilla/5.0 (compatible; AhrefsBot/7.0; +http://ahrefs.com/robot/)" "www.asbanet.org"
64.124.8.45 - - [29/Nov/2022:03:32:25 -0800] "GET /lott/pool.htm HTTP/1.1" 200 1482 "-" "Mozilla/5.0 (X11; Linux x86_64) AppleWebKit/537.36 (KHTML, like Gecko) Chrome/61.0.3163.79 Safari/537.36" "www.asbanet.org"
77.88.5.168 - - [29/Nov/2022:03:32:44 -0800] "GET /includes/us_on_location_in_ok.html HTTP/1.1" 200 388 "-" "Mozilla/5.0 (compatible; YandexBot/3.0; +http://yandex.com/bots)" "www.asbanet.org"
51.222.253.13 - - [29/Nov/2022:03:43:01 -0800] "GET /ok/about/?C=S;O=A HTTP/1.1" 200 366 "-" "Mozilla/5.0 (compatible; AhrefsBot/7.0; +http://ahrefs.com/robot/)" "www.asbanet.org"
207.46.13.129 - - [29/Nov/2022:03:58:07 -0800] "GET /images/nav/navspacer.gif HTTP/1.1" 200 57 "-" "Mozilla/5.0 AppleWebKit/537.36 (KHTML, like Gecko; compatible; bingbot/2.0; +http://www.bing.com/bingbot.htm) Chrome/103.0.5060.134 Safari/537.36" "www.asbanet.org"
216.244.66.200 - - [29/Nov/2022:04:03:13 -0800] "GET /robots.txt HTTP/1.1" 404 73 "-" "Mozilla/5.0 (compatible; DotBot/1.2; +https://opensiteexplorer.org/dotbot; help@moz.com)" "asbanet.org"
51.222.253.3 - - [29/Nov/2022:04:05:24 -0800] "GET / HTTP/1.1" 200 4048 "-" "Mozilla/5.0 (compatible; AhrefsBot/7.0; +http://ahrefs.com/robot/)" "www.asbanet.org"
64.124.8.37 - - [29/Nov/2022:04:09:44 -0800] "GET /robots.txt HTTP/1.1" 404 88 "-" "Mozilla/5.0 (X11; Linux x86_64) AppleWebKit/537.36 (KHTML, like Gecko) Chrome/61.0.3163.79 Safari/537.36" "www.asbanet.org"
64.124.8.37 - - [29/Nov/2022:04:09:44 -0800] "GET /includes/us_navjs.html HTTP/1.1" 304 - "-" "Mozilla/5.0 (X11; Linux x86_64) AppleWebKit/537.36 (KHTML, like Gecko) Chrome/61.0.3163.79 Safari/537.36" "www.asbanet.org"
61.135.159.166 - - [29/Nov/2022:04:10:48 -0800] "GET / HTTP/1.1" 200 4048 "-" "Sogou web spider/4.0(+http://www.sogou.com/docs/help/webmasters.htm#07)" "www.asbanet.org"
157.55.39.221 - - [29/Nov/2022:04:32:24 -0800] "GET /images/Ross%20Relles/main%20room.jpg HTTP/1.1" 200 59474 "-" "Mozilla/5.0 (compatible; bingbot/2.0; +http://www.bing.com/bingbot.htm)" "www.asbanet.org"
77.88.5.36 - - [29/Nov/2022:04:36:07 -0800] "GET /robots.txt HTTP/1.1" 404 73 "-" "Mozilla/5.0 (compatible; YandexBot/3.0; +http://yandex.com/bots)" "www.asbanet.org"
77.88.5.234 - - [29/Nov/2022:04:36:11 -0800] "GET /alaska/?C=N;O=D HTTP/1.1" 200 550 "-" "Mozilla/5.0 (compatible; YandexBot/3.0; +http://yandex.com/bots)" "www.asbanet.org"
124.65.241.66 - - [29/Nov/2022:04:46:26 -0800] "POST / HTTP/1.1" 200 4048 "-" "Mozilla/5.0 (X11; Linux x86_64) AppleWebKit/537.36 (KHTML, like Gecko) Chrome/81.0.4044.129 Safari/537.36" "asbanet.org"
66.249.66.197 - - [29/Nov/2022:05:11:18 -0800] "GET /robots.txt HTTP/1.1" 404 88 "-" "Mozilla/5.0 (compatible; Googlebot/2.1; +http://www.google.com/bot.html)" "www.asbanet.org"
66.249.66.197 - - [29/Nov/2022:05:11:18 -0800] "GET /index.shtml HTTP/1.1" 404 88 "-" "Mozilla/5.0 (Linux; Android 6.0.1; Nexus 5X Build/MMB29P) AppleWebKit/537.36 (KHTML, like Gecko) Chrome/99.0.4844.84 Mobile Safari/537.36 (compatible; Googlebot/2.1; +http://www.google.com/bot.html)" "www.asbanet.org"
66.249.66.193 - - [29/Nov/2022:05:11:19 -0800] "GET /index.shtml HTTP/1.1" 404 88 "-" "Mozilla/5.0 (compatible; Googlebot/2.1; +http://www.google.com/bot.html)" "www.asbanet.org"
216.244.66.200 - - [29/Nov/2022:05:41:29 -0800] "GET /robots.txt HTTP/1.1" 404 73 "-" "Mozilla/5.0 (compatible; DotBot/1.2; +https://opensiteexplorer.org/dotbot; help@moz.com)" "asbanet.org"
194.38.20.161 - - [29/Nov/2022:05:47:43 -0800] "GET /sites/all/libraries/elfinder/php/connector.minimal.php HTTP/1.1" 404 73 "-" "ALittle Client" "asbanet.org"
64.124.8.30 - - [29/Nov/2022:05:58:56 -0800] "GET /robots.txt HTTP/1.1" 404 88 "-" "Mozilla/5.0 (X11; Linux x86_64) AppleWebKit/537.36 (KHTML, like Gecko) Chrome/61.0.3163.79 Safari/537.36" "www.asbanet.org"
64.124.8.30 - - [29/Nov/2022:05:58:56 -0800] "GET /_old/voters/education_train.html HTTP/1.1" 200 1702 "-" "Mozilla/5.0 (X11; Linux x86_64) AppleWebKit/537.36 (KHTML, like Gecko) Chrome/61.0.3163.79 Safari/537.36" "www.asbanet.org"
157.90.181.207 - - [29/Nov/2022:06:09:28 -0800] "GET /robots.txt HTTP/1.1" 404 88 "-" "Mozilla/5.0 (compatible; BLEXBot/1.0; +http://webmeup-crawler.com/)" "asbanet.org"
157.90.181.207 - - [29/Nov/2022:06:09:32 -0800] "GET /sitemap HTTP/1.1" 404 88 "-" "Mozilla/5.0 (compatible; BLEXBot/1.0; +http://webmeup-crawler.com/)" "asbanet.org"
157.90.181.207 - - [29/Nov/2022:06:09:38 -0800] "GET /robots.txt HTTP/1.1" 404 88 "-" "Mozilla/5.0 (compatible; BLEXBot/1.0; +http://webmeup-crawler.com/)" "www.asbanet.org"
157.90.181.207 - - [29/Nov/2022:06:09:41 -0800] "GET /sitemap HTTP/1.1" 404 88 "-" "Mozilla/5.0 (compatible; BLEXBot/1.0; +http://webmeup-crawler.com/)" "www.asbanet.org"
157.90.181.207 - - [29/Nov/2022:06:09:46 -0800] "GET /sitemap.txt HTTP/1.1" 404 88 "-" "Mozilla/5.0 (compatible; BLEXBot/1.0; +http://webmeup-crawler.com/)" "asbanet.org"
157.90.181.207 - - [29/Nov/2022:06:09:52 -0800] "GET /sitemap.txt HTTP/1.1" 404 88 "-" "Mozilla/5.0 (compatible; BLEXBot/1.0; +http://webmeup-crawler.com/)" "www.asbanet.org"
157.90.181.207 - - [29/Nov/2022:06:09:56 -0800] "GET /about/ HTTP/1.1" 200 361 "-" "Mozilla/5.0 (compatible; BLEXBot/1.0; +http://webmeup-crawler.com/)" "www.asbanet.org"
157.90.181.207 - - [29/Nov/2022:06:10:01 -0800] "GET /contact/ HTTP/1.1" 200 362 "-" "Mozilla/5.0 (compatible; BLEXBot/1.0; +http://webmeup-crawler.com/)" "www.asbanet.org"
157.90.181.207 - - [29/Nov/2022:06:10:06 -0800] "GET /index.shtml HTTP/1.1" 404 88 "-" "Mozilla/5.0 (compatible; BLEXBot/1.0; +http://webmeup-crawler.com/)" "asbanet.org"
157.90.181.207 - - [29/Nov/2022:06:10:11 -0800] "GET /index.shtml HTTP/1.1" 404 88 "-" "Mozilla/5.0 (compatible; BLEXBot/1.0; +http://webmeup-crawler.com/)" "www.asbanet.org"
157.90.181.207 - - [29/Nov/2022:06:10:16 -0800] "GET /issues/ HTTP/1.1" 200 416 "-" "Mozilla/5.0 (compatible; BLEXBot/1.0; +http://webmeup-crawler.com/)" "www.asbanet.org"
157.90.181.207 - - [29/Nov/2022:06:10:21 -0800] "GET /issues/PBR/?C=D;O=D HTTP/1.1" 200 448 "-" "Mozilla/5.0 (compatible; BLEXBot/1.0; +http://webmeup-crawler.com/)" "asbanet.org"
157.90.181.207 - - [29/Nov/2022:06:10:25 -0800] "GET /issues/PBR/?C=M;O=D HTTP/1.1" 200 448 "-" "Mozilla/5.0 (compatible; BLEXBot/1.0; +http://webmeup-crawler.com/)" "asbanet.org"
157.90.181.207 - - [29/Nov/2022:06:10:30 -0800] "GET /issues/PBR/?C=N;O=A HTTP/1.1" 200 450 "-" "Mozilla/5.0 (compatible; BLEXBot/1.0; +http://webmeup-crawler.com/)" "asbanet.org"
157.90.181.207 - - [29/Nov/2022:06:10:33 -0800] "GET /issues/PBR/?C=S;O=D HTTP/1.1" 200 450 "-" "Mozilla/5.0 (compatible; BLEXBot/1.0; +http://webmeup-crawler.com/)" "asbanet.org"
157.90.181.207 - - [29/Nov/2022:06:10:38 -0800] "GET /issues/Reports/?C=D;O=D HTTP/1.1" 200 433 "-" "Mozilla/5.0 (compatible; BLEXBot/1.0; +http://webmeup-crawler.com/)" "asbanet.org"
157.90.181.207 - - [29/Nov/2022:06:10:42 -0800] "GET /issues/Reports/?C=M;O=D HTTP/1.1" 200 433 "-" "Mozilla/5.0 (compatible; BLEXBot/1.0; +http://webmeup-crawler.com/)" "asbanet.org"
157.90.181.207 - - [29/Nov/2022:06:10:46 -0800] "GET /issues/Reports/?C=N;O=A HTTP/1.1" 200 438 "-" "Mozilla/5.0 (compatible; BLEXBot/1.0; +http://webmeup-crawler.com/)" "asbanet.org"
157.90.181.207 - - [29/Nov/2022:06:10:50 -0800] "GET /issues/Reports/?C=S;O=D HTTP/1.1" 200 435 "-" "Mozilla/5.0 (compatible; BLEXBot/1.0; +http://webmeup-crawler.com/)" "asbanet.org"
157.90.181.207 - - [29/Nov/2022:06:10:55 -0800] "GET /issues/Reports/SBA_files/?C=D;O=A HTTP/1.1" 200 412 "-" "Mozilla/5.0 (compatible; BLEXBot/1.0; +http://webmeup-crawler.com/)" "asbanet.org"
157.90.181.207 - - [29/Nov/2022:06:11:00 -0800] "GET /issues/Reports/SBA_files/?C=M;O=A HTTP/1.1" 200 413 "-" "Mozilla/5.0 (compatible; BLEXBot/1.0; +http://webmeup-crawler.com/)" "asbanet.org"
157.90.181.207 - - [29/Nov/2022:06:11:04 -0800] "GET /issues/Reports/SBA_files/?C=N;O=D HTTP/1.1" 200 411 "-" "Mozilla/5.0 (compatible; BLEXBot/1.0; +http://webmeup-crawler.com/)" "asbanet.org"
157.90.181.207 - - [29/Nov/2022:06:11:08 -0800] "GET /issues/Reports/SBA_files/?C=S;O=A HTTP/1.1" 200 412 "-" "Mozilla/5.0 (compatible; BLEXBot/1.0; +http://webmeup-crawler.com/)" "asbanet.org"
157.90.181.207 - - [29/Nov/2022:06:11:13 -0800] "GET /issues/Stimulus/?C=D;O=D HTTP/1.1" 200 399 "-" "Mozilla/5.0 (compatible; BLEXBot/1.0; +http://webmeup-crawler.com/)" "asbanet.org"
157.90.181.207 - - [29/Nov/2022:06:11:17 -0800] "GET /issues/Stimulus/?C=M;O=D HTTP/1.1" 200 399 "-" "Mozilla/5.0 (compatible; BLEXBot/1.0; +http://webmeup-crawler.com/)" "asbanet.org"
157.90.181.207 - - [29/Nov/2022:06:11:22 -0800] "GET /issues/Stimulus/?C=N;O=A HTTP/1.1" 200 397 "-" "Mozilla/5.0 (compatible; BLEXBot/1.0; +http://webmeup-crawler.com/)" "asbanet.org"
157.90.181.207 - - [29/Nov/2022:06:11:26 -0800] "GET /issues/Stimulus/?C=S;O=D HTTP/1.1" 200 399 "-" "Mozilla/5.0 (compatible; BLEXBot/1.0; +http://webmeup-crawler.com/)" "asbanet.org"
157.90.181.207 - - [29/Nov/2022:06:11:31 -0800] "GET /issues/Stimulus/_notes/?C=D;O=A HTTP/1.1" 200 327 "-" "Mozilla/5.0 (compatible; BLEXBot/1.0; +http://webmeup-crawler.com/)" "asbanet.org"
157.90.181.207 - - [29/Nov/2022:06:11:36 -0800] "GET /issues/Stimulus/_notes/?C=M;O=A HTTP/1.1" 200 326 "-" "Mozilla/5.0 (compatible; BLEXBot/1.0; +http://webmeup-crawler.com/)" "asbanet.org"
157.90.181.207 - - [29/Nov/2022:06:11:40 -0800] "GET /issues/Stimulus/_notes/?C=N;O=D HTTP/1.1" 200 325 "-" "Mozilla/5.0 (compatible; BLEXBot/1.0; +http://webmeup-crawler.com/)" "asbanet.org"
157.90.181.207 - - [29/Nov/2022:06:11:44 -0800] "GET /issues/Stimulus/_notes/?C=S;O=A HTTP/1.1" 200 327 "-" "Mozilla/5.0 (compatible; BLEXBot/1.0; +http://webmeup-crawler.com/)" "asbanet.org"
157.90.181.207 - - [29/Nov/2022:06:11:49 -0800] "GET /issues/join/index.shtml HTTP/1.1" 404 88 "-" "Mozilla/5.0 (compatible; BLEXBot/1.0; +http://webmeup-crawler.com/)" "asbanet.org"
157.90.181.207 - - [29/Nov/2022:06:11:54 -0800] "GET /join/ HTTP/1.1" 200 394 "-" "Mozilla/5.0 (compatible; BLEXBot/1.0; +http://webmeup-crawler.com/)" "www.asbanet.org"
157.90.181.207 - - [29/Nov/2022:06:11:59 -0800] "GET /join/index.shtml HTTP/1.1" 200 7451 "-" "Mozilla/5.0 (compatible; BLEXBot/1.0; +http://webmeup-crawler.com/)" "www.asbanet.org"
157.90.181.207 - - [29/Nov/2022:06:12:04 -0800] "GET /resources/ HTTP/1.1" 200 365 "-" "Mozilla/5.0 (compatible; BLEXBot/1.0; +http://webmeup-crawler.com/)" "www.asbanet.org"
64.124.8.22 - - [29/Nov/2022:06:31:09 -0800] "GET /robots.txt HTTP/1.1" 404 88 "-" "Mozilla/5.0 (X11; Linux x86_64) AppleWebKit/537.36 (KHTML, like Gecko) Chrome/61.0.3163.79 Safari/537.36" "www.asbanet.org"
64.124.8.22 - - [29/Nov/2022:06:31:09 -0800] "GET /includes/us_join.html HTTP/1.1" 304 - "-" "Mozilla/5.0 (X11; Linux x86_64) AppleWebKit/537.36 (KHTML, like Gecko) Chrome/61.0.3163.79 Safari/537.36" "www.asbanet.org"
51.222.253.12 - - [29/Nov/2022:07:19:32 -0800] "GET / HTTP/1.1" 200 4048 "-" "Mozilla/5.0 (compatible; AhrefsBot/7.0; +http://ahrefs.com/robot/)" "asbanet.org"
51.222.253.12 - - [29/Nov/2022:07:19:41 -0800] "GET /images/Mainelogo.gif HTTP/1.1" 200 6064 "-" "Mozilla/5.0 (compatible; AhrefsBot/7.0; +http://ahrefs.com/robot/)" "asbanet.org"
51.222.253.20 - - [29/Nov/2022:07:19:47 -0800] "GET /images/nav/uscontact_off.gif HTTP/1.1" 200 169 "-" "Mozilla/5.0 (compatible; AhrefsBot/7.0; +http://ahrefs.com/robot/)" "asbanet.org"
51.222.253.17 - - [29/Nov/2022:07:19:47 -0800] "GET /images/asba_us_logo.gif HTTP/1.1" 200 4347 "-" "Mozilla/5.0 (compatible; AhrefsBot/7.0; +http://ahrefs.com/robot/)" "asbanet.org"
51.222.253.17 - - [29/Nov/2022:07:19:52 -0800] "GET /images/nav/navspacer.gif HTTP/1.1" 200 57 "-" "Mozilla/5.0 (compatible; AhrefsBot/7.0; +http://ahrefs.com/robot/)" "asbanet.org"
51.222.253.6 - - [29/Nov/2022:07:19:52 -0800] "GET /images/nav/usissues_off.gif HTTP/1.1" 200 154 "-" "Mozilla/5.0 (compatible; AhrefsBot/7.0; +http://ahrefs.com/robot/)" "asbanet.org"
51.222.253.6 - - [29/Nov/2022:07:19:52 -0800] "GET /images/nav/usjoin_off.gif HTTP/1.1" 200 196 "-" "Mozilla/5.0 (compatible; AhrefsBot/7.0; +http://ahrefs.com/robot/)" "asbanet.org"
51.222.253.5 - - [29/Nov/2022:07:19:53 -0800] "GET /images/nav/usabout_off.gif HTTP/1.1" 200 207 "-" "Mozilla/5.0 (compatible; AhrefsBot/7.0; +http://ahrefs.com/robot/)" "asbanet.org"
51.222.253.11 - - [29/Nov/2022:07:19:53 -0800] "GET /Mann/megadownload/images/shim.gif HTTP/1.1" 200 43 "-" "Mozilla/5.0 (compatible; AhrefsBot/7.0; +http://ahrefs.com/robot/)" "asbanet.org"
51.222.253.17 - - [29/Nov/2022:07:19:53 -0800] "GET /images/nav/ushome_off.gif HTTP/1.1" 200 149 "-" "Mozilla/5.0 (compatible; AhrefsBot/7.0; +http://ahrefs.com/robot/)" "asbanet.org"
216.244.66.200 - - [29/Nov/2022:07:21:14 -0800] "GET /robots.txt HTTP/1.1" 404 73 "-" "Mozilla/5.0 (compatible; DotBot/1.2; +https://opensiteexplorer.org/dotbot; help@moz.com)" "asbanet.org"
93.158.161.47 - - [29/Nov/2022:07:24:46 -0800] "GET /robots.txt HTTP/1.1" 404 73 "-" "Mozilla/5.0 (compatible; YandexBot/3.0; +http://yandex.com/bots)" "www.asbanet.org"
93.158.161.47 - - [29/Nov/2022:07:24:50 -0800] "GET /about/?C=S;O=A HTTP/1.1" 200 361 "-" "Mozilla/5.0 (compatible; YandexBot/3.0; +http://yandex.com/bots)" "www.asbanet.org"
93.158.161.70 - - [29/Nov/2022:07:27:08 -0800] "GET /ok/contact/?C=D;O=A HTTP/1.1" 200 366 "-" "Mozilla/5.0 (compatible; YandexBot/3.0; +http://yandex.com/bots)" "www.asbanet.org"
77.88.5.168 - - [29/Nov/2022:07:29:46 -0800] "GET /fl/contact/?C=S;O=A HTTP/1.1" 200 365 "-" "Mozilla/5.0 (compatible; YandexBot/3.0; +http://yandex.com/bots)" "www.asbanet.org"
207.46.13.129 - - [29/Nov/2022:07:48:18 -0800] "GET /images/Ross%20Relles/WE'LL%20SET%20UP%20DIFFERENTLY.JPG HTTP/1.1" 200 60171 "-" "Mozilla/5.0 (compatible; bingbot/2.0; +http://www.bing.com/bingbot.htm)" "www.asbanet.org"
40.77.167.12 - - [29/Nov/2022:07:52:09 -0800] "GET /images/Ross%20Relles/THE%20CREEK.JPG HTTP/1.1" 200 61038 "-" "Mozilla/5.0 (compatible; bingbot/2.0; +http://www.bing.com/bingbot.htm)" "www.asbanet.org"
207.46.13.210 - - [29/Nov/2022:07:54:37 -0800] "GET /images/Ross%20Relles/COLD%20DRINKS%20AND%20FRUIT%20ALL%20DAY.JPG HTTP/1.1" 200 60893 "-" "Mozilla/5.0 (compatible; bingbot/2.0; +http://www.bing.com/bingbot.htm)" "www.asbanet.org"
5.102.173.71 - - [29/Nov/2022:07:59:45 -0800] "GET /robots.txt HTTP/1.1" 404 88 "-" "Mozilla/5.0 (compatible; MojeekBot/0.11; +https://www.mojeek.com/bot.html)" "www.asbanet.org"
5.102.173.71 - - [29/Nov/2022:07:59:45 -0800] "GET /moad/?D=D HTTP/1.1" 200 453 "-" "Mozilla/5.0 (compatible; MojeekBot/0.11; +https://www.mojeek.com/bot.html)" "www.asbanet.org"
213.175.93.181 - - [29/Nov/2022:08:30:17 -0800] "GET /issues/ HTTP/1.1" 200 416 "-" "AcademicBotRTU (https://academicbot.rtu.lv; mailto:caps@rtu.lv)" "www.asbanet.org"
5.102.173.71 - - [29/Nov/2022:08:34:16 -0800] "GET /robots.txt HTTP/1.1" 404 88 "-" "Mozilla/5.0 (compatible; MojeekBot/0.11; +https://www.mojeek.com/bot.html)" "www.asbanet.org"
5.102.173.71 - - [29/Nov/2022:08:34:16 -0800] "GET /ok/about/?C=N;O=D HTTP/1.1" 200 364 "-" "Mozilla/5.0 (compatible; MojeekBot/0.11; +https://www.mojeek.com/bot.html)" "www.asbanet.org"
64.124.8.48 - - [29/Nov/2022:08:34:28 -0800] "GET /robots.txt HTTP/1.1" 404 88 "-" "Mozilla/5.0 (X11; Linux x86_64) AppleWebKit/537.36 (KHTML, like Gecko) Chrome/61.0.3163.79 Safari/537.36" "asbanet.org"
64.124.8.48 - - [29/Nov/2022:08:34:28 -0800] "GET /maine/brochure.htm HTTP/1.1" 304 - "-" "Mozilla/5.0 (X11; Linux x86_64) AppleWebKit/537.36 (KHTML, like Gecko) Chrome/61.0.3163.79 Safari/537.36" "asbanet.org"
159.89.123.105 - - [29/Nov/2022:08:40:40 -0800] "HEAD / HTTP/1.1" 200 - "-" "curl/7.68.0" "www.asbanet.org"
64.124.8.48 - - [29/Nov/2022:08:40:45 -0800] "GET /Mann/megadownload/images/ HTTP/1.1" 200 532 "-" "Mozilla/5.0 (X11; Linux x86_64) AppleWebKit/537.36 (KHTML, like Gecko) Chrome/61.0.3163.79 Safari/537.36" "asbanet.org"
93.158.161.70 - - [29/Nov/2022:08:50:33 -0800] "GET /images/Shannon2/?C=N;O=A HTTP/1.1" 200 434 "-" "Mozilla/5.0 (compatible; YandexBot/3.0; +http://yandex.com/bots)" "www.asbanet.org"
216.244.66.200 - - [29/Nov/2022:09:02:14 -0800] "GET /robots.txt HTTP/1.1" 404 73 "-" "Mozilla/5.0 (compatible; DotBot/1.2; +https://opensiteexplorer.org/dotbot; help@moz.com)" "asbanet.org"
93.158.161.47 - - [29/Nov/2022:09:18:12 -0800] "GET /contact/?C=N;O=D HTTP/1.1" 200 360 "-" "Mozilla/5.0 (compatible; YandexBot/3.0; +http://yandex.com/bots)" "www.asbanet.org"
64.124.8.37 - - [29/Nov/2022:09:22:36 -0800] "GET /robots.txt HTTP/1.1" 404 88 "-" "Mozilla/5.0 (X11; Linux x86_64) AppleWebKit/537.36 (KHTML, like Gecko) Chrome/61.0.3163.79 Safari/537.36" "asbanet.org"
64.124.8.37 - - [29/Nov/2022:09:22:37 -0800] "GET /issues/Stimulus/_notes/ HTTP/1.1" 200 327 "-" "Mozilla/5.0 (X11; Linux x86_64) AppleWebKit/537.36 (KHTML, like Gecko) Chrome/61.0.3163.79 Safari/537.36" "asbanet.org"
64.124.8.37 - - [29/Nov/2022:09:24:14 -0800] "GET /robots.txt HTTP/1.1" 404 88 "-" "Mozilla/5.0 (X11; Linux x86_64) AppleWebKit/537.36 (KHTML, like Gecko) Chrome/61.0.3163.79 Safari/537.36" "asbanet.org"
64.124.8.37 - - [29/Nov/2022:09:24:14 -0800] "GET /nh/issues/ HTTP/1.1" 404 88 "-" "Mozilla/5.0 (X11; Linux x86_64) AppleWebKit/537.36 (KHTML, like Gecko) Chrome/61.0.3163.79 Safari/537.36" "asbanet.org"
114.119.136.174 - - [29/Nov/2022:09:27:22 -0800] "GET /alaska?N=A HTTP/1.1" 301 1411 "https://www.asbanet.org/alaska?S=D" "Mozilla/5.0 (Linux; Android 7.0;) AppleWebKit/537.36 (KHTML, like Gecko) Mobile Safari/537.36 (compatible; PetalBot;+https://webmaster.petalsearch.com/site/petalbot)" "www.asbanet.org"
114.119.136.174 - - [29/Nov/2022:09:27:22 -0800] "GET /alaska/?N=A HTTP/1.1" 200 542 "https://www.asbanet.org/alaska?S=D" "Mozilla/5.0 (Linux; Android 7.0;) AppleWebKit/537.36 (KHTML, like Gecko) Mobile Safari/537.36 (compatible; PetalBot;+https://webmaster.petalsearch.com/site/petalbot)" "www.asbanet.org"
139.59.106.244 - - [29/Nov/2022:09:46:36 -0800] "GET / HTTP/1.1" 200 14849 "-" "Mozilla/5.0 (Windows NT 10.0; Win64; x64) AppleWebKit/537.36 (KHTML, like Gecko) Chrome/95.0.4638.69 Safari/537.36" "asbanet.org"
139.59.106.244 - - [29/Nov/2022:09:46:37 -0800] "GET /wp-includes/ID3/license.txt HTTP/1.1" 404 73 "-" "Mozilla/5.0 (Windows NT 10.0; Win64; x64) AppleWebKit/537.36 (KHTML, like Gecko) Chrome/95.0.4638.69 Safari/537.36" "asbanet.org"
139.59.106.244 - - [29/Nov/2022:09:46:38 -0800] "GET /feed/ HTTP/1.1" 404 73 "-" "Mozilla/5.0 (Windows NT 10.0; Win64; x64) AppleWebKit/537.36 (KHTML, like Gecko) Chrome/95.0.4638.69 Safari/537.36" "asbanet.org"
139.59.106.244 - - [29/Nov/2022:09:46:38 -0800] "GET /xmlrpc.php?rsd HTTP/1.1" 500 4931 "-" "Mozilla/5.0 (Windows NT 10.0; Win64; x64) AppleWebKit/537.36 (KHTML, like Gecko) Chrome/95.0.4638.69 Safari/537.36" "asbanet.org"
139.59.106.244 - - [29/Nov/2022:09:46:39 -0800] "GET /blog/wp-includes/wlwmanifest.xml HTTP/1.1" 404 73 "-" "Mozilla/5.0 (Windows NT 10.0; Win64; x64) AppleWebKit/537.36 (KHTML, like Gecko) Chrome/95.0.4638.69 Safari/537.36" "asbanet.org"
139.59.106.244 - - [29/Nov/2022:09:46:39 -0800] "GET /web/wp-includes/wlwmanifest.xml HTTP/1.1" 404 73 "-" "Mozilla/5.0 (Windows NT 10.0; Win64; x64) AppleWebKit/537.36 (KHTML, like Gecko) Chrome/95.0.4638.69 Safari/537.36" "asbanet.org"
139.59.106.244 - - [29/Nov/2022:09:46:40 -0800] "GET /wordpress/wp-includes/wlwmanifest.xml HTTP/1.1" 404 73 "-" "Mozilla/5.0 (Windows NT 10.0; Win64; x64) AppleWebKit/537.36 (KHTML, like Gecko) Chrome/95.0.4638.69 Safari/537.36" "asbanet.org"
139.59.106.244 - - [29/Nov/2022:09:46:41 -0800] "GET /wp/wp-includes/wlwmanifest.xml HTTP/1.1" 404 73 "-" "Mozilla/5.0 (Windows NT 10.0; Win64; x64) AppleWebKit/537.36 (KHTML, like Gecko) Chrome/95.0.4638.69 Safari/537.36" "asbanet.org"
139.59.106.244 - - [29/Nov/2022:09:46:41 -0800] "GET /2020/wp-includes/wlwmanifest.xml HTTP/1.1" 404 73 "-" "Mozilla/5.0 (Windows NT 10.0; Win64; x64) AppleWebKit/537.36 (KHTML, like Gecko) Chrome/95.0.4638.69 Safari/537.36" "asbanet.org"
139.59.106.244 - - [29/Nov/2022:09:46:42 -0800] "GET /2019/wp-includes/wlwmanifest.xml HTTP/1.1" 404 73 "-" "Mozilla/5.0 (Windows NT 10.0; Win64; x64) AppleWebKit/537.36 (KHTML, like Gecko) Chrome/95.0.4638.69 Safari/537.36" "asbanet.org"
139.59.106.244 - - [29/Nov/2022:09:46:42 -0800] "GET /2021/wp-includes/wlwmanifest.xml HTTP/1.1" 404 73 "-" "Mozilla/5.0 (Windows NT 10.0; Win64; x64) AppleWebKit/537.36 (KHTML, like Gecko) Chrome/95.0.4638.69 Safari/537.36" "asbanet.org"
139.59.106.244 - - [29/Nov/2022:09:46:43 -0800] "GET /shop/wp-includes/wlwmanifest.xml HTTP/1.1" 404 73 "-" "Mozilla/5.0 (Windows NT 10.0; Win64; x64) AppleWebKit/537.36 (KHTML, like Gecko) Chrome/95.0.4638.69 Safari/537.36" "asbanet.org"
139.59.106.244 - - [29/Nov/2022:09:46:43 -0800] "GET /wp1/wp-includes/wlwmanifest.xml HTTP/1.1" 404 73 "-" "Mozilla/5.0 (Windows NT 10.0; Win64; x64) AppleWebKit/537.36 (KHTML, like Gecko) Chrome/95.0.4638.69 Safari/537.36" "asbanet.org"
139.59.106.244 - - [29/Nov/2022:09:46:44 -0800] "GET /test/wp-includes/wlwmanifest.xml HTTP/1.1" 404 73 "-" "Mozilla/5.0 (Windows NT 10.0; Win64; x64) AppleWebKit/537.36 (KHTML, like Gecko) Chrome/95.0.4638.69 Safari/537.36" "asbanet.org"
139.59.106.244 - - [29/Nov/2022:09:46:44 -0800] "GET /site/wp-includes/wlwmanifest.xml HTTP/1.1" 404 73 "-" "Mozilla/5.0 (Windows NT 10.0; Win64; x64) AppleWebKit/537.36 (KHTML, like Gecko) Chrome/95.0.4638.69 Safari/537.36" "asbanet.org"
139.59.106.244 - - [29/Nov/2022:09:46:45 -0800] "GET /cms/wp-includes/wlwmanifest.xml HTTP/1.1" 404 73 "-" "Mozilla/5.0 (Windows NT 10.0; Win64; x64) AppleWebKit/537.36 (KHTML, like Gecko) Chrome/95.0.4638.69 Safari/537.36" "asbanet.org"
114.119.135.37 - - [29/Nov/2022:09:51:24 -0800] "GET /robots.txt HTTP/1.1" 404 88 "-" "Mozilla/5.0 (compatible;PetalBot;+https://webmaster.petalsearch.com/site/petalbot)" "asbanet.org"
114.119.136.174 - - [29/Nov/2022:09:56:21 -0800] "GET /alaska/tvspots.htm HTTP/1.1" 200 234 "https://asbanet.org/alaska/?C=M%3BO%3DA" "Mozilla/5.0 (Linux; Android 7.0;) AppleWebKit/537.36 (KHTML, like Gecko) Mobile Safari/537.36 (compatible; PetalBot;+https://webmaster.petalsearch.com/site/petalbot)" "asbanet.org"
114.119.131.11 - - [29/Nov/2022:10:10:25 -0800] "GET /robots.txt HTTP/1.1" 404 88 "-" "Mozilla/5.0 (compatible;PetalBot;+https://webmaster.petalsearch.com/site/petalbot)" "www.asbanet.org"
114.119.145.188 - - [29/Nov/2022:10:11:34 -0800] "GET /nh?D=D HTTP/1.1" 301 1406 "http://asbanet.org/nh?D=A" "Mozilla/5.0 (Linux; Android 7.0;) AppleWebKit/537.36 (KHTML, like Gecko) Mobile Safari/537.36 (compatible; PetalBot;+https://webmaster.petalsearch.com/site/petalbot)" "asbanet.org"
114.119.145.188 - - [29/Nov/2022:10:11:34 -0800] "GET /nh/?D=D HTTP/1.1" 200 481 "http://asbanet.org/nh?D=A" "Mozilla/5.0 (Linux; Android 7.0;) AppleWebKit/537.36 (KHTML, like Gecko) Mobile Safari/537.36 (compatible; PetalBot;+https://webmaster.petalsearch.com/site/petalbot)" "asbanet.org"
114.119.139.217 - - [29/Nov/2022:10:13:39 -0800] "GET /nh?C=M%3BO%3DA HTTP/1.1" 301 1419 "http://asbanet.org/nh?C=S%3BO%3DA" "Mozilla/5.0 (Linux; Android 7.0;) AppleWebKit/537.36 (KHTML, like Gecko) Mobile Safari/537.36 (compatible; PetalBot;+https://webmaster.petalsearch.com/site/petalbot)" "asbanet.org"
114.119.139.217 - - [29/Nov/2022:10:13:40 -0800] "GET /nh/?C=M%3BO%3DA HTTP/1.1" 200 481 "http://asbanet.org/nh?C=S%3BO%3DA" "Mozilla/5.0 (Linux; Android 7.0;) AppleWebKit/537.36 (KHTML, like Gecko) Mobile Safari/537.36 (compatible; PetalBot;+https://webmaster.petalsearch.com/site/petalbot)" "asbanet.org"
114.119.136.174 - - [29/Nov/2022:10:15:44 -0800] "GET /issues?N=A HTTP/1.1" 301 1408 "http://asbanet.org/issues?N=D" "Mozilla/5.0 (Linux; Android 7.0;) AppleWebKit/537.36 (KHTML, like Gecko) Mobile Safari/537.36 (compatible; PetalBot;+https://webmaster.petalsearch.com/site/petalbot)" "asbanet.org"
114.119.136.174 - - [29/Nov/2022:10:15:44 -0800] "GET /issues/?N=A HTTP/1.1" 200 416 "http://asbanet.org/issues?N=D" "Mozilla/5.0 (Linux; Android 7.0;) AppleWebKit/537.36 (KHTML, like Gecko) Mobile Safari/537.36 (compatible; PetalBot;+https://webmaster.petalsearch.com/site/petalbot)" "asbanet.org"
114.119.139.217 - - [29/Nov/2022:10:17:49 -0800] "GET /links/?C=N%3BO%3DD HTTP/1.1" 200 361 "https://www.asbanet.org/links/" "Mozilla/5.0 (Linux; Android 7.0;) AppleWebKit/537.36 (KHTML, like Gecko) Mobile Safari/537.36 (compatible; PetalBot;+https://webmaster.petalsearch.com/site/petalbot)" "www.asbanet.org"
114.119.158.45 - - [29/Nov/2022:10:19:56 -0800] "GET /images/Ross%20Relles?C=D%3BO%3DA HTTP/1.1" 301 1428 "http://asbanet.org/images/Ross%20Relles?C=M%3BO%3DA" "Mozilla/5.0 (Linux; Android 7.0;) AppleWebKit/537.36 (KHTML, like Gecko) Mobile Safari/537.36 (compatible; PetalBot;+https://webmaster.petalsearch.com/site/petalbot)" "asbanet.org"
114.119.158.45 - - [29/Nov/2022:10:19:56 -0800] "GET /images/Ross%20Relles/?C=D%3BO%3DA HTTP/1.1" 200 834 "http://asbanet.org/images/Ross%20Relles?C=M%3BO%3DA" "Mozilla/5.0 (Linux; Android 7.0;) AppleWebKit/537.36 (KHTML, like Gecko) Mobile Safari/537.36 (compatible; PetalBot;+https://webmaster.petalsearch.com/site/petalbot)" "asbanet.org"
216.244.66.200 - - [29/Nov/2022:10:24:32 -0800] "GET /robots.txt HTTP/1.1" 404 73 "-" "Mozilla/5.0 (compatible; DotBot/1.2; +https://opensiteexplorer.org/dotbot; help@moz.com)" "asbanet.org"
93.158.161.70 - - [29/Nov/2022:10:25:31 -0800] "GET /robots.txt HTTP/1.1" 404 73 "-" "Mozilla/5.0 (compatible; YandexBot/3.0; +http://yandex.com/bots)" "www.asbanet.org"
