217.113.194.47 - - [15/Nov/2022:16:00:39 -0800] "GET /nh/contact/?C=M;O=D HTTP/1.1" 200 364 "-" "Mozilla/5.0 (compatible; Barkrowler/0.9; +https://babbar.tech/crawler)" "asbanet.org"
217.113.194.29 - - [15/Nov/2022:16:03:03 -0800] "GET /nh/contact/?C=N;O=D HTTP/1.1" 200 364 "-" "Mozilla/5.0 (compatible; Barkrowler/0.9; +https://babbar.tech/crawler)" "www.asbanet.org"
217.113.194.31 - - [15/Nov/2022:16:03:16 -0800] "GET /nh/contact/?C=S;O=D HTTP/1.1" 200 364 "-" "Mozilla/5.0 (compatible; Barkrowler/0.9; +https://babbar.tech/crawler)" "asbanet.org"
217.113.194.50 - - [15/Nov/2022:16:06:03 -0800] "GET /fl/images/?C=N;O=A HTTP/1.1" 200 393 "-" "Mozilla/5.0 (compatible; Barkrowler/0.9; +https://babbar.tech/crawler)" "www.asbanet.org"
217.113.194.13 - - [15/Nov/2022:16:06:16 -0800] "GET /fl/includes/?C=M;O=A HTTP/1.1" 200 370 "-" "Mozilla/5.0 (compatible; Barkrowler/0.9; +https://babbar.tech/crawler)" "asbanet.org"
217.113.194.11 - - [15/Nov/2022:16:09:12 -0800] "GET /fl/images/?C=M;O=D HTTP/1.1" 200 386 "-" "Mozilla/5.0 (compatible; Barkrowler/0.9; +https://babbar.tech/crawler)" "www.asbanet.org"
217.113.194.15 - - [15/Nov/2022:16:09:24 -0800] "GET /fl/includes/?C=S;O=A HTTP/1.1" 200 370 "-" "Mozilla/5.0 (compatible; Barkrowler/0.9; +https://babbar.tech/crawler)" "asbanet.org"
217.113.194.18 - - [15/Nov/2022:16:11:55 -0800] "GET /fl/images/?C=S;O=D HTTP/1.1" 200 390 "-" "Mozilla/5.0 (compatible; Barkrowler/0.9; +https://babbar.tech/crawler)" "www.asbanet.org"
217.113.194.8 - - [15/Nov/2022:16:12:07 -0800] "GET /fl/includes/?C=D;O=A HTTP/1.1" 200 369 "-" "Mozilla/5.0 (compatible; Barkrowler/0.9; +https://babbar.tech/crawler)" "asbanet.org"
217.113.194.38 - - [15/Nov/2022:16:14:50 -0800] "GET /fl/includes/?C=N;O=D HTTP/1.1" 200 368 "-" "Mozilla/5.0 (compatible; Barkrowler/0.9; +https://babbar.tech/crawler)" "asbanet.org"
35.89.52.4 - - [15/Nov/2022:16:15:02 -0800] "GET / HTTP/1.1" 200 4048 "-" "Mozilla/5.0 (X11; Linux x86_64) AppleWebKit/537.36 (KHTML, like Gecko) Chrome/83.0.4103.97 Safari/537.36" "asbanet.org"
54.191.105.231 - - [15/Nov/2022:16:15:28 -0800] "GET / HTTP/1.1" 200 4048 "-" "Mozilla/5.0 (X11; Linux x86_64) AppleWebKit/537.36 (KHTML, like Gecko) Chrome/83.0.4103.97 Safari/537.36" "asbanet.org"
35.93.12.88 - - [15/Nov/2022:16:15:45 -0800] "GET / HTTP/1.1" 200 4048 "-" "Mozilla/5.0 (X11; Linux x86_64) AppleWebKit/537.36 (KHTML, like Gecko) Chrome/83.0.4103.97 Safari/537.36" "asbanet.org"
217.113.194.10 - - [15/Nov/2022:16:17:21 -0800] "GET /ok/join/?C=M;O=A HTTP/1.1" 200 400 "-" "Mozilla/5.0 (compatible; Barkrowler/0.9; +https://babbar.tech/crawler)" "www.asbanet.org"
217.113.194.9 - - [15/Nov/2022:16:17:33 -0800] "GET /links/?C=D;O=D HTTP/1.1" 200 360 "-" "Mozilla/5.0 (compatible; Barkrowler/0.9; +https://babbar.tech/crawler)" "asbanet.org"
217.113.194.41 - - [15/Nov/2022:16:20:04 -0800] "GET /ok/join/?C=S;O=A HTTP/1.1" 200 400 "-" "Mozilla/5.0 (compatible; Barkrowler/0.9; +https://babbar.tech/crawler)" "www.asbanet.org"
217.113.194.14 - - [15/Nov/2022:16:20:16 -0800] "GET /ok/join/?C=N;O=A HTTP/1.1" 200 400 "-" "Mozilla/5.0 (compatible; Barkrowler/0.9; +https://babbar.tech/crawler)" "asbanet.org"
35.91.20.249 - - [15/Nov/2022:16:20:36 -0800] "GET /favicon.ico HTTP/1.1" 404 88 "-" "Mozilla/5.0 (X11; Linux x86_64) AppleWebKit/537.36 (KHTML, like Gecko) Chrome/83.0.4103.97 Safari/537.36" "asbanet.org"
35.91.20.249 - - [15/Nov/2022:16:20:37 -0800] "GET / HTTP/1.1" 200 4048 "-" "Mozilla/5.0 (X11; Linux x86_64) AppleWebKit/537.36 (KHTML, like Gecko) Chrome/83.0.4103.97 Safari/537.36" "asbanet.org"
54.218.61.187 - - [15/Nov/2022:16:22:16 -0800] "GET / HTTP/1.1" 200 4048 "-" "Mozilla/5.0 (X11; Linux x86_64) AppleWebKit/537.36 (KHTML, like Gecko) Chrome/83.0.4103.97 Safari/537.36" "asbanet.org"
217.113.194.60 - - [15/Nov/2022:16:22:21 -0800] "GET /ok/join/?C=D;O=A HTTP/1.1" 200 400 "-" "Mozilla/5.0 (compatible; Barkrowler/0.9; +https://babbar.tech/crawler)" "www.asbanet.org"
217.113.194.53 - - [15/Nov/2022:16:22:34 -0800] "GET /ok/join/?C=M;O=D HTTP/1.1" 200 399 "-" "Mozilla/5.0 (compatible; Barkrowler/0.9; +https://babbar.tech/crawler)" "asbanet.org"
217.113.194.4 - - [15/Nov/2022:16:24:40 -0800] "GET /ok/join/?C=N;O=D HTTP/1.1" 200 399 "-" "Mozilla/5.0 (compatible; Barkrowler/0.9; +https://babbar.tech/crawler)" "www.asbanet.org"
217.113.194.32 - - [15/Nov/2022:16:24:53 -0800] "GET /ok/join/?C=S;O=D HTTP/1.1" 200 399 "-" "Mozilla/5.0 (compatible; Barkrowler/0.9; +https://babbar.tech/crawler)" "asbanet.org"
217.113.194.49 - - [15/Nov/2022:16:26:58 -0800] "GET /ok/contact/?C=M;O=A HTTP/1.1" 200 366 "-" "Mozilla/5.0 (compatible; Barkrowler/0.9; +https://babbar.tech/crawler)" "www.asbanet.org"
217.113.194.29 - - [15/Nov/2022:16:27:10 -0800] "GET /ok/issues/?C=N;O=A HTTP/1.1" 200 440 "-" "Mozilla/5.0 (compatible; Barkrowler/0.9; +https://babbar.tech/crawler)" "asbanet.org"
217.113.194.12 - - [15/Nov/2022:16:29:17 -0800] "GET /ok/contact/?C=S;O=A HTTP/1.1" 200 366 "-" "Mozilla/5.0 (compatible; Barkrowler/0.9; +https://babbar.tech/crawler)" "www.asbanet.org"
217.113.194.10 - - [15/Nov/2022:16:29:29 -0800] "GET /ok/contact/?C=N;O=A HTTP/1.1" 200 366 "-" "Mozilla/5.0 (compatible; Barkrowler/0.9; +https://babbar.tech/crawler)" "asbanet.org"
217.113.194.30 - - [15/Nov/2022:16:31:36 -0800] "GET /ok/contact/?C=D;O=A HTTP/1.1" 200 366 "-" "Mozilla/5.0 (compatible; Barkrowler/0.9; +https://babbar.tech/crawler)" "www.asbanet.org"
217.113.194.16 - - [15/Nov/2022:16:31:48 -0800] "GET /ok/contact/?C=M;O=D HTTP/1.1" 200 364 "-" "Mozilla/5.0 (compatible; Barkrowler/0.9; +https://babbar.tech/crawler)" "asbanet.org"
217.113.194.33 - - [15/Nov/2022:16:33:54 -0800] "GET /ok/contact/?C=N;O=D HTTP/1.1" 200 364 "-" "Mozilla/5.0 (compatible; Barkrowler/0.9; +https://babbar.tech/crawler)" "www.asbanet.org"
217.113.194.48 - - [15/Nov/2022:16:34:07 -0800] "GET /ok/contact/?C=S;O=D HTTP/1.1" 200 364 "-" "Mozilla/5.0 (compatible; Barkrowler/0.9; +https://babbar.tech/crawler)" "asbanet.org"
217.113.194.55 - - [15/Nov/2022:16:36:13 -0800] "GET /ok/about/?C=D;O=A HTTP/1.1" 200 366 "-" "Mozilla/5.0 (compatible; Barkrowler/0.9; +https://babbar.tech/crawler)" "www.asbanet.org"
217.113.194.53 - - [15/Nov/2022:16:36:26 -0800] "GET /about/?C=D;O=D HTTP/1.1" 200 359 "-" "Mozilla/5.0 (compatible; Barkrowler/0.9; +https://babbar.tech/crawler)" "asbanet.org"
217.113.194.35 - - [15/Nov/2022:16:38:34 -0800] "GET /ok/about/?C=D;O=D HTTP/1.1" 200 364 "-" "Mozilla/5.0 (compatible; Barkrowler/0.9; +https://babbar.tech/crawler)" "www.asbanet.org"
217.113.194.31 - - [15/Nov/2022:16:38:47 -0800] "GET /images/Ross%20Relles/?C=S;O=A HTTP/1.1" 200 843 "-" "Mozilla/5.0 (compatible; Barkrowler/0.9; +https://babbar.tech/crawler)" "asbanet.org"
217.113.194.42 - - [15/Nov/2022:16:41:07 -0800] "GET /ok/about/?C=M;O=A HTTP/1.1" 200 366 "-" "Mozilla/5.0 (compatible; Barkrowler/0.9; +https://babbar.tech/crawler)" "www.asbanet.org"
217.113.194.57 - - [15/Nov/2022:16:41:19 -0800] "GET /images/Ross%20Relles/?C=M;O=A HTTP/1.1" 200 834 "-" "Mozilla/5.0 (compatible; Barkrowler/0.9; +https://babbar.tech/crawler)" "asbanet.org"
217.113.194.4 - - [15/Nov/2022:16:43:41 -0800] "GET /ok/about/?C=M;O=D HTTP/1.1" 200 364 "-" "Mozilla/5.0 (compatible; Barkrowler/0.9; +https://babbar.tech/crawler)" "www.asbanet.org"
217.113.194.23 - - [15/Nov/2022:16:43:53 -0800] "GET /images/Ross%20Relles/?C=D;O=A HTTP/1.1" 200 834 "-" "Mozilla/5.0 (compatible; Barkrowler/0.9; +https://babbar.tech/crawler)" "asbanet.org"
217.113.194.9 - - [15/Nov/2022:16:46:12 -0800] "GET /ok/about/?C=S;O=A HTTP/1.1" 200 366 "-" "Mozilla/5.0 (compatible; Barkrowler/0.9; +https://babbar.tech/crawler)" "www.asbanet.org"
217.113.194.6 - - [15/Nov/2022:16:46:25 -0800] "GET /images/Ross%20Relles/?C=N;O=D HTTP/1.1" 200 833 "-" "Mozilla/5.0 (compatible; Barkrowler/0.9; +https://babbar.tech/crawler)" "asbanet.org"
217.113.194.36 - - [15/Nov/2022:16:48:46 -0800] "GET /ok/about/?C=S;O=D HTTP/1.1" 200 364 "-" "Mozilla/5.0 (compatible; Barkrowler/0.9; +https://babbar.tech/crawler)" "www.asbanet.org"
217.113.194.13 - - [15/Nov/2022:16:48:59 -0800] "GET /images/Shannon/?C=N;O=A HTTP/1.1" 200 489 "-" "Mozilla/5.0 (compatible; Barkrowler/0.9; +https://babbar.tech/crawler)" "asbanet.org"
217.113.194.55 - - [15/Nov/2022:16:51:17 -0800] "GET /ok/about/?C=N;O=A HTTP/1.1" 200 366 "-" "Mozilla/5.0 (compatible; Barkrowler/0.9; +https://babbar.tech/crawler)" "www.asbanet.org"
217.113.194.44 - - [15/Nov/2022:16:51:29 -0800] "GET /images/Shannon/?C=M;O=D HTTP/1.1" 200 486 "-" "Mozilla/5.0 (compatible; Barkrowler/0.9; +https://babbar.tech/crawler)" "asbanet.org"
217.113.194.38 - - [15/Nov/2022:16:53:35 -0800] "GET /ok/about/?C=N;O=D HTTP/1.1" 200 364 "-" "Mozilla/5.0 (compatible; Barkrowler/0.9; +https://babbar.tech/crawler)" "www.asbanet.org"
217.113.194.52 - - [15/Nov/2022:16:53:48 -0800] "GET /images/Shannon/?C=S;O=D HTTP/1.1" 200 486 "-" "Mozilla/5.0 (compatible; Barkrowler/0.9; +https://babbar.tech/crawler)" "asbanet.org"
217.113.194.1 - - [15/Nov/2022:16:55:54 -0800] "GET /voterguide/?C=N;O=A HTTP/1.1" 200 365 "-" "Mozilla/5.0 (compatible; Barkrowler/0.9; +https://babbar.tech/crawler)" "www.asbanet.org"
217.113.194.39 - - [15/Nov/2022:16:56:06 -0800] "GET /resources/?C=D;O=D HTTP/1.1" 200 363 "-" "Mozilla/5.0 (compatible; Barkrowler/0.9; +https://babbar.tech/crawler)" "asbanet.org"
217.113.194.54 - - [15/Nov/2022:16:58:13 -0800] "GET /moad/?C=N;O=A HTTP/1.1" 200 453 "-" "Mozilla/5.0 (compatible; Barkrowler/0.9; +https://babbar.tech/crawler)" "www.asbanet.org"
217.113.194.19 - - [15/Nov/2022:16:58:25 -0800] "GET /issues/Stimulus/_notes/ HTTP/1.1" 200 327 "-" "Mozilla/5.0 (compatible; Barkrowler/0.9; +https://babbar.tech/crawler)" "asbanet.org"
217.113.194.7 - - [15/Nov/2022:17:00:30 -0800] "GET /moad/?C=M;O=D HTTP/1.1" 200 444 "-" "Mozilla/5.0 (compatible; Barkrowler/0.9; +https://babbar.tech/crawler)" "www.asbanet.org"
217.113.194.61 - - [15/Nov/2022:17:00:43 -0800] "GET /issues/Stimulus/?C=S;O=D HTTP/1.1" 200 399 "-" "Mozilla/5.0 (compatible; Barkrowler/0.9; +https://babbar.tech/crawler)" "asbanet.org"
217.113.194.32 - - [15/Nov/2022:17:03:16 -0800] "GET /moad/?C=S;O=D HTTP/1.1" 200 448 "-" "Mozilla/5.0 (compatible; Barkrowler/0.9; +https://babbar.tech/crawler)" "www.asbanet.org"
217.113.194.2 - - [15/Nov/2022:17:03:28 -0800] "GET /issues/Stimulus/?C=S;O=A HTTP/1.1" 200 397 "-" "Mozilla/5.0 (compatible; Barkrowler/0.9; +https://babbar.tech/crawler)" "asbanet.org"
217.113.194.19 - - [15/Nov/2022:17:05:59 -0800] "GET /miscellaneous/?C=M;O=D HTTP/1.1" 200 575 "-" "Mozilla/5.0 (compatible; Barkrowler/0.9; +https://babbar.tech/crawler)" "www.asbanet.org"
217.113.194.42 - - [15/Nov/2022:17:06:11 -0800] "GET /issues/Stimulus/?C=M;O=D HTTP/1.1" 200 399 "-" "Mozilla/5.0 (compatible; Barkrowler/0.9; +https://babbar.tech/crawler)" "asbanet.org"
217.113.194.9 - - [15/Nov/2022:17:08:44 -0800] "GET /miscellaneous/?C=S;O=D HTTP/1.1" 200 577 "-" "Mozilla/5.0 (compatible; Barkrowler/0.9; +https://babbar.tech/crawler)" "www.asbanet.org"
217.113.194.11 - - [15/Nov/2022:17:08:57 -0800] "GET /issues/Stimulus/?C=M;O=A HTTP/1.1" 200 397 "-" "Mozilla/5.0 (compatible; Barkrowler/0.9; +https://babbar.tech/crawler)" "asbanet.org"
217.113.194.62 - - [15/Nov/2022:17:11:28 -0800] "GET /images/Shannon/?C=D;O=A HTTP/1.1" 200 489 "-" "Mozilla/5.0 (compatible; Barkrowler/0.9; +https://babbar.tech/crawler)" "www.asbanet.org"
217.113.194.60 - - [15/Nov/2022:17:11:40 -0800] "GET /issues/Stimulus/?C=D;O=D HTTP/1.1" 200 399 "-" "Mozilla/5.0 (compatible; Barkrowler/0.9; +https://babbar.tech/crawler)" "asbanet.org"
216.244.66.200 - - [15/Nov/2022:17:13:03 -0800] "GET /robots.txt HTTP/1.1" 404 73 "-" "Mozilla/5.0 (compatible; DotBot/1.2; +https://opensiteexplorer.org/dotbot; help@moz.com)" "asbanet.org"
217.113.194.24 - - [15/Nov/2022:17:14:15 -0800] "GET /images/Shannon/?C=N;O=D HTTP/1.1" 200 486 "-" "Mozilla/5.0 (compatible; Barkrowler/0.9; +https://babbar.tech/crawler)" "www.asbanet.org"
217.113.194.3 - - [15/Nov/2022:17:14:27 -0800] "GET /issues/Stimulus/?C=D;O=A HTTP/1.1" 200 397 "-" "Mozilla/5.0 (compatible; Barkrowler/0.9; +https://babbar.tech/crawler)" "asbanet.org"
217.113.194.20 - - [15/Nov/2022:17:16:57 -0800] "GET /images/Shannon/?C=S;O=A HTTP/1.1" 200 491 "-" "Mozilla/5.0 (compatible; Barkrowler/0.9; +https://babbar.tech/crawler)" "www.asbanet.org"
217.113.194.25 - - [15/Nov/2022:17:17:10 -0800] "GET /issues/Stimulus/lauster.htm HTTP/1.1" 200 4735 "-" "Mozilla/5.0 (compatible; Barkrowler/0.9; +https://babbar.tech/crawler)" "asbanet.org"
217.113.194.11 - - [15/Nov/2022:17:19:41 -0800] "GET /images/Shannon/?C=M;O=A HTTP/1.1" 200 488 "-" "Mozilla/5.0 (compatible; Barkrowler/0.9; +https://babbar.tech/crawler)" "www.asbanet.org"
217.113.194.58 - - [15/Nov/2022:17:19:53 -0800] "GET /issues/Stimulus/?C=N;O=D HTTP/1.1" 200 399 "-" "Mozilla/5.0 (compatible; Barkrowler/0.9; +https://babbar.tech/crawler)" "asbanet.org"
217.113.194.54 - - [15/Nov/2022:17:22:27 -0800] "GET /images/kaplan%20wedding/ HTTP/1.1" 200 493 "-" "Mozilla/5.0 (compatible; Barkrowler/0.9; +https://babbar.tech/crawler)" "www.asbanet.org"
217.113.194.9 - - [15/Nov/2022:17:22:39 -0800] "GET /issues/Stimulus/?C=N;O=A HTTP/1.1" 200 397 "-" "Mozilla/5.0 (compatible; Barkrowler/0.9; +https://babbar.tech/crawler)" "asbanet.org"
217.113.194.39 - - [15/Nov/2022:17:25:10 -0800] "GET /images/voterguide/?C=N;O=D HTTP/1.1" 200 408 "-" "Mozilla/5.0 (compatible; Barkrowler/0.9; +https://babbar.tech/crawler)" "www.asbanet.org"
217.113.194.3 - - [15/Nov/2022:17:25:23 -0800] "GET /issues/Reports/bush_report.htm HTTP/1.1" 200 5344 "-" "Mozilla/5.0 (compatible; Barkrowler/0.9; +https://babbar.tech/crawler)" "asbanet.org"
217.113.194.18 - - [15/Nov/2022:17:27:53 -0800] "GET /Mann/megadownload/ HTTP/1.1" 200 395 "-" "Mozilla/5.0 (compatible; Barkrowler/0.9; +https://babbar.tech/crawler)" "www.asbanet.org"
217.113.194.31 - - [15/Nov/2022:17:28:05 -0800] "GET /Mann/megadownload/images/ HTTP/1.1" 200 532 "-" "Mozilla/5.0 (compatible; Barkrowler/0.9; +https://babbar.tech/crawler)" "asbanet.org"
217.113.194.59 - - [15/Nov/2022:17:30:24 -0800] "GET /_old/voters/images/ HTTP/1.1" 304 - "-" "Mozilla/5.0 (compatible; Barkrowler/0.9; +https://babbar.tech/crawler)" "www.asbanet.org"
217.113.194.26 - - [15/Nov/2022:17:30:37 -0800] "GET /nh/?C=D;O=D HTTP/1.1" 200 483 "-" "Mozilla/5.0 (compatible; Barkrowler/0.9; +https://babbar.tech/crawler)" "asbanet.org"
217.113.194.51 - - [15/Nov/2022:17:32:56 -0800] "GET /ok/issues/?C=S;O=A HTTP/1.1" 200 440 "-" "Mozilla/5.0 (compatible; Barkrowler/0.9; +https://babbar.tech/crawler)" "www.asbanet.org"
217.113.194.44 - - [15/Nov/2022:17:33:08 -0800] "GET /nh/?C=S;O=D HTTP/1.1" 200 480 "-" "Mozilla/5.0 (compatible; Barkrowler/0.9; +https://babbar.tech/crawler)" "asbanet.org"
217.113.194.63 - - [15/Nov/2022:17:35:27 -0800] "GET /ok/issues/?C=M;O=A HTTP/1.1" 200 440 "-" "Mozilla/5.0 (compatible; Barkrowler/0.9; +https://babbar.tech/crawler)" "www.asbanet.org"
217.113.194.6 - - [15/Nov/2022:17:35:39 -0800] "GET /nh/?C=M;O=D HTTP/1.1" 200 483 "-" "Mozilla/5.0 (compatible; Barkrowler/0.9; +https://babbar.tech/crawler)" "asbanet.org"
217.113.194.56 - - [15/Nov/2022:17:37:45 -0800] "GET /ok/issues/?C=D;O=A HTTP/1.1" 200 440 "-" "Mozilla/5.0 (compatible; Barkrowler/0.9; +https://babbar.tech/crawler)" "www.asbanet.org"
217.113.194.34 - - [15/Nov/2022:17:37:57 -0800] "GET /fl/includes/fl_style.html HTTP/1.1" 304 - "-" "Mozilla/5.0 (compatible; Barkrowler/0.9; +https://babbar.tech/crawler)" "asbanet.org"
54.36.148.8 - - [15/Nov/2022:17:38:21 -0800] "GET /robots.txt HTTP/1.1" 404 88 "-" "Mozilla/5.0 (compatible; AhrefsBot/7.0; +http://ahrefs.com/robot/)" "asbanet.org"
51.222.253.2 - - [15/Nov/2022:17:38:22 -0800] "GET /moad/?C=D;O=D HTTP/1.1" 200 444 "-" "Mozilla/5.0 (compatible; AhrefsBot/7.0; +http://ahrefs.com/robot/)" "asbanet.org"
217.113.194.34 - - [15/Nov/2022:17:40:03 -0800] "GET /ok/issues/?C=N;O=D HTTP/1.1" 200 439 "-" "Mozilla/5.0 (compatible; Barkrowler/0.9; +https://babbar.tech/crawler)" "www.asbanet.org"
217.113.194.44 - - [15/Nov/2022:17:40:15 -0800] "GET /_old/voters/?C=D;O=A HTTP/1.1" 200 480 "-" "Mozilla/5.0 (compatible; Barkrowler/0.9; +https://babbar.tech/crawler)" "asbanet.org"
217.113.194.8 - - [15/Nov/2022:17:42:21 -0800] "GET /voterguide/?C=M;O=D HTTP/1.1" 200 363 "-" "Mozilla/5.0 (compatible; Barkrowler/0.9; +https://babbar.tech/crawler)" "www.asbanet.org"
217.113.194.50 - - [15/Nov/2022:17:42:34 -0800] "GET /_old/voters/?C=N;O=D HTTP/1.1" 200 472 "-" "Mozilla/5.0 (compatible; Barkrowler/0.9; +https://babbar.tech/crawler)" "asbanet.org"
217.113.194.25 - - [15/Nov/2022:17:44:41 -0800] "GET /voterguide/?C=S;O=D HTTP/1.1" 200 363 "-" "Mozilla/5.0 (compatible; Barkrowler/0.9; +https://babbar.tech/crawler)" "www.asbanet.org"
217.113.194.56 - - [15/Nov/2022:17:44:54 -0800] "GET /_old/voters/?C=S;O=A HTTP/1.1" 200 476 "-" "Mozilla/5.0 (compatible; Barkrowler/0.9; +https://babbar.tech/crawler)" "asbanet.org"
217.113.194.56 - - [15/Nov/2022:17:46:59 -0800] "GET /images/Shannon2/?C=M;O=A HTTP/1.1" 200 435 "-" "Mozilla/5.0 (compatible; Barkrowler/0.9; +https://babbar.tech/crawler)" "www.asbanet.org"
217.113.194.1 - - [15/Nov/2022:17:47:12 -0800] "GET /ok/?C=S;O=D HTTP/1.1" 200 422 "-" "Mozilla/5.0 (compatible; Barkrowler/0.9; +https://babbar.tech/crawler)" "asbanet.org"
217.113.194.35 - - [15/Nov/2022:17:49:17 -0800] "GET /images/Shannon2/?C=S;O=A HTTP/1.1" 200 433 "-" "Mozilla/5.0 (compatible; Barkrowler/0.9; +https://babbar.tech/crawler)" "www.asbanet.org"
217.113.194.1 - - [15/Nov/2022:17:49:30 -0800] "GET /ok/?C=D;O=D HTTP/1.1" 200 420 "-" "Mozilla/5.0 (compatible; Barkrowler/0.9; +https://babbar.tech/crawler)" "asbanet.org"
217.113.194.46 - - [15/Nov/2022:17:51:23 -0800] "GET /images/Shannon2/?C=D;O=A HTTP/1.1" 200 434 "-" "Mozilla/5.0 (compatible; Barkrowler/0.9; +https://babbar.tech/crawler)" "www.asbanet.org"
217.113.194.43 - - [15/Nov/2022:17:51:35 -0800] "GET /ok/?C=M;O=D HTTP/1.1" 200 420 "-" "Mozilla/5.0 (compatible; Barkrowler/0.9; +https://babbar.tech/crawler)" "asbanet.org"
217.113.194.43 - - [15/Nov/2022:17:53:28 -0800] "GET /images/Shannon2/?C=N;O=D HTTP/1.1" 200 431 "-" "Mozilla/5.0 (compatible; Barkrowler/0.9; +https://babbar.tech/crawler)" "www.asbanet.org"
217.113.194.57 - - [15/Nov/2022:17:53:40 -0800] "GET /ok/issues/inthenews.shtml HTTP/1.1" 304 - "-" "Mozilla/5.0 (compatible; Barkrowler/0.9; +https://babbar.tech/crawler)" "asbanet.org"
217.113.194.30 - - [15/Nov/2022:17:55:32 -0800] "GET /images/voterguide/?C=N;O=A HTTP/1.1" 200 410 "-" "Mozilla/5.0 (compatible; Barkrowler/0.9; +https://babbar.tech/crawler)" "www.asbanet.org"
217.113.194.54 - - [15/Nov/2022:17:55:44 -0800] "GET /ok/issues/solow.shtml HTTP/1.1" 304 - "-" "Mozilla/5.0 (compatible; Barkrowler/0.9; +https://babbar.tech/crawler)" "asbanet.org"
217.113.194.36 - - [15/Nov/2022:17:57:36 -0800] "GET /images/voterguide/?C=M;O=D HTTP/1.1" 200 408 "-" "Mozilla/5.0 (compatible; Barkrowler/0.9; +https://babbar.tech/crawler)" "www.asbanet.org"
217.113.194.28 - - [15/Nov/2022:17:57:49 -0800] "GET /ok/issues/?C=M;O=D HTTP/1.1" 200 439 "-" "Mozilla/5.0 (compatible; Barkrowler/0.9; +https://babbar.tech/crawler)" "asbanet.org"
217.113.194.28 - - [15/Nov/2022:17:59:41 -0800] "GET /images/voterguide/?C=S;O=D HTTP/1.1" 200 408 "-" "Mozilla/5.0 (compatible; Barkrowler/0.9; +https://babbar.tech/crawler)" "www.asbanet.org"
217.113.194.50 - - [15/Nov/2022:17:59:53 -0800] "GET /ok/issues/?C=S;O=D HTTP/1.1" 200 438 "-" "Mozilla/5.0 (compatible; Barkrowler/0.9; +https://babbar.tech/crawler)" "asbanet.org"
217.113.194.32 - - [15/Nov/2022:18:01:45 -0800] "GET /images/?C=D;O=D HTTP/1.1" 200 826 "-" "Mozilla/5.0 (compatible; Barkrowler/0.9; +https://babbar.tech/crawler)" "www.asbanet.org"
217.113.194.16 - - [15/Nov/2022:18:01:58 -0800] "GET /alaska/?C=D;O=D HTTP/1.1" 200 550 "-" "Mozilla/5.0 (compatible; Barkrowler/0.9; +https://babbar.tech/crawler)" "asbanet.org"
217.113.194.45 - - [15/Nov/2022:18:03:50 -0800] "GET /issues/PBR/?C=N;O=D HTTP/1.1" 200 448 "-" "Mozilla/5.0 (compatible; Barkrowler/0.9; +https://babbar.tech/crawler)" "www.asbanet.org"
217.113.194.11 - - [15/Nov/2022:18:04:02 -0800] "GET /maine/?C=D;O=D HTTP/1.1" 200 426 "-" "Mozilla/5.0 (compatible; Barkrowler/0.9; +https://babbar.tech/crawler)" "asbanet.org"
217.113.194.57 - - [15/Nov/2022:18:05:55 -0800] "GET /issues/PBR/?C=M;O=A HTTP/1.1" 200 450 "-" "Mozilla/5.0 (compatible; Barkrowler/0.9; +https://babbar.tech/crawler)" "www.asbanet.org"
217.113.194.27 - - [15/Nov/2022:18:06:07 -0800] "GET /images/issues/?C=D;O=D HTTP/1.1" 200 526 "-" "Mozilla/5.0 (compatible; Barkrowler/0.9; +https://babbar.tech/crawler)" "asbanet.org"
216.244.66.200 - - [15/Nov/2022:18:06:28 -0800] "GET /robots.txt HTTP/1.1" 404 73 "-" "Mozilla/5.0 (compatible; DotBot/1.2; +https://opensiteexplorer.org/dotbot; help@moz.com)" "asbanet.org"
114.119.138.65 - - [15/Nov/2022:18:07:38 -0800] "GET /ok/contact HTTP/1.1" 301 1407 "http://asbanet.org/ok?N=A" "Mozilla/5.0 (Linux; Android 7.0;) AppleWebKit/537.36 (KHTML, like Gecko) Mobile Safari/537.36 (compatible; PetalBot;+https://webmaster.petalsearch.com/site/petalbot)" "asbanet.org"
114.119.138.65 - - [15/Nov/2022:18:07:40 -0800] "GET /ok/contact/ HTTP/1.1" 200 366 "http://asbanet.org/ok?N=A" "Mozilla/5.0 (Linux; Android 7.0;) AppleWebKit/537.36 (KHTML, like Gecko) Mobile Safari/537.36 (compatible; PetalBot;+https://webmaster.petalsearch.com/site/petalbot)" "asbanet.org"
217.113.194.38 - - [15/Nov/2022:18:07:59 -0800] "GET /issues/PBR/?C=S;O=A HTTP/1.1" 200 452 "-" "Mozilla/5.0 (compatible; Barkrowler/0.9; +https://babbar.tech/crawler)" "www.asbanet.org"
217.113.194.18 - - [15/Nov/2022:18:08:11 -0800] "GET /images/nav/?C=D;O=D HTTP/1.1" 200 1116 "-" "Mozilla/5.0 (compatible; Barkrowler/0.9; +https://babbar.tech/crawler)" "asbanet.org"
114.119.138.74 - - [15/Nov/2022:18:09:01 -0800] "GET /_old/voters?C=S%3BO%3DA HTTP/1.1" 301 1422 "http://asbanet.org/_old/voters?M=D" "Mozilla/5.0 (Linux; Android 7.0;) AppleWebKit/537.36 (KHTML, like Gecko) Mobile Safari/537.36 (compatible; PetalBot;+https://webmaster.petalsearch.com/site/petalbot)" "asbanet.org"
114.119.138.74 - - [15/Nov/2022:18:09:02 -0800] "GET /_old/voters/?C=S%3BO%3DA HTTP/1.1" 200 480 "http://asbanet.org/_old/voters?M=D" "Mozilla/5.0 (Linux; Android 7.0;) AppleWebKit/537.36 (KHTML, like Gecko) Mobile Safari/537.36 (compatible; PetalBot;+https://webmaster.petalsearch.com/site/petalbot)" "asbanet.org"
217.113.194.31 - - [15/Nov/2022:18:10:04 -0800] "GET /issues/PBR/?C=N;O=A HTTP/1.1" 200 450 "-" "Mozilla/5.0 (compatible; Barkrowler/0.9; +https://babbar.tech/crawler)" "www.asbanet.org"
217.113.194.38 - - [15/Nov/2022:18:10:16 -0800] "GET /images/Ross%20Relles/?C=N;O=A HTTP/1.1" 200 834 "-" "Mozilla/5.0 (compatible; Barkrowler/0.9; +https://babbar.tech/crawler)" "asbanet.org"
114.119.138.77 - - [15/Nov/2022:18:10:26 -0800] "GET /images/Shannon2?D=D HTTP/1.1" 301 1415 "http://asbanet.org/images/Shannon2?D=A" "Mozilla/5.0 (Linux; Android 7.0;) AppleWebKit/537.36 (KHTML, like Gecko) Mobile Safari/537.36 (compatible; PetalBot;+https://webmaster.petalsearch.com/site/petalbot)" "asbanet.org"
114.119.138.77 - - [15/Nov/2022:18:10:26 -0800] "GET /images/Shannon2/?D=D HTTP/1.1" 200 434 "http://asbanet.org/images/Shannon2?D=A" "Mozilla/5.0 (Linux; Android 7.0;) AppleWebKit/537.36 (KHTML, like Gecko) Mobile Safari/537.36 (compatible; PetalBot;+https://webmaster.petalsearch.com/site/petalbot)" "asbanet.org"
114.119.138.70 - - [15/Nov/2022:18:11:54 -0800] "GET /contact/?C=N%3BO%3DD HTTP/1.1" 200 362 "http://asbanet.org/contact?N=D" "Mozilla/5.0 (Linux; Android 7.0;) AppleWebKit/537.36 (KHTML, like Gecko) Mobile Safari/537.36 (compatible; PetalBot;+https://webmaster.petalsearch.com/site/petalbot)" "asbanet.org"
217.113.194.35 - - [15/Nov/2022:18:12:08 -0800] "GET /issues/PBR/?C=D;O=A HTTP/1.1" 200 450 "-" "Mozilla/5.0 (compatible; Barkrowler/0.9; +https://babbar.tech/crawler)" "www.asbanet.org"
217.113.194.50 - - [15/Nov/2022:18:12:20 -0800] "GET /images/Shannon2/?C=N;O=A HTTP/1.1" 200 434 "-" "Mozilla/5.0 (compatible; Barkrowler/0.9; +https://babbar.tech/crawler)" "asbanet.org"
114.119.138.70 - - [15/Nov/2022:18:13:33 -0800] "GET /ok/about/?C=S%3BO%3DA HTTP/1.1" 200 366 "http://asbanet.org/ok/about?S=A" "Mozilla/5.0 (Linux; Android 7.0;) AppleWebKit/537.36 (KHTML, like Gecko) Mobile Safari/537.36 (compatible; PetalBot;+https://webmaster.petalsearch.com/site/petalbot)" "asbanet.org"
217.113.194.27 - - [15/Nov/2022:18:14:13 -0800] "GET /issues/Reports/SBA_files/ HTTP/1.1" 200 412 "-" "Mozilla/5.0 (compatible; Barkrowler/0.9; +https://babbar.tech/crawler)" "www.asbanet.org"
217.113.194.56 - - [15/Nov/2022:18:14:25 -0800] "GET /images/Shannon2/?C=M;O=D HTTP/1.1" 200 431 "-" "Mozilla/5.0 (compatible; Barkrowler/0.9; +https://babbar.tech/crawler)" "asbanet.org"
114.119.138.74 - - [15/Nov/2022:18:14:41 -0800] "GET /nh?D=D HTTP/1.1" 301 1406 "http://asbanet.org/nh?D=A" "Mozilla/5.0 (Linux; Android 7.0;) AppleWebKit/537.36 (KHTML, like Gecko) Mobile Safari/537.36 (compatible; PetalBot;+https://webmaster.petalsearch.com/site/petalbot)" "asbanet.org"
114.119.138.74 - - [15/Nov/2022:18:14:42 -0800] "GET /nh/?D=D HTTP/1.1" 200 481 "http://asbanet.org/nh?D=A" "Mozilla/5.0 (Linux; Android 7.0;) AppleWebKit/537.36 (KHTML, like Gecko) Mobile Safari/537.36 (compatible; PetalBot;+https://webmaster.petalsearch.com/site/petalbot)" "asbanet.org"
114.119.138.70 - - [15/Nov/2022:18:16:10 -0800] "GET /issues/Stimulus/_notes?C=S%3BO%3DA HTTP/1.1" 301 1430 "http://asbanet.org/issues/Stimulus/_notes?M=D" "Mozilla/5.0 (Linux; Android 7.0;) AppleWebKit/537.36 (KHTML, like Gecko) Mobile Safari/537.36 (compatible; PetalBot;+https://webmaster.petalsearch.com/site/petalbot)" "asbanet.org"
114.119.138.70 - - [15/Nov/2022:18:16:11 -0800] "GET /issues/Stimulus/_notes/?C=S%3BO%3DA HTTP/1.1" 200 327 "http://asbanet.org/issues/Stimulus/_notes?M=D" "Mozilla/5.0 (Linux; Android 7.0;) AppleWebKit/537.36 (KHTML, like Gecko) Mobile Safari/537.36 (compatible; PetalBot;+https://webmaster.petalsearch.com/site/petalbot)" "asbanet.org"
217.113.194.48 - - [15/Nov/2022:18:16:17 -0800] "GET /issues/?C=D;O=D HTTP/1.1" 200 421 "-" "Mozilla/5.0 (compatible; Barkrowler/0.9; +https://babbar.tech/crawler)" "www.asbanet.org"
217.113.194.47 - - [15/Nov/2022:18:16:29 -0800] "GET /images/Shannon2/?C=S;O=D HTTP/1.1" 200 432 "-" "Mozilla/5.0 (compatible; Barkrowler/0.9; +https://babbar.tech/crawler)" "asbanet.org"
114.119.138.65 - - [15/Nov/2022:18:17:36 -0800] "GET /fl/reasons.shtml HTTP/1.1" 200 6323 "http://asbanet.org/fl?C=M%3BO%3DA" "Mozilla/5.0 (Linux; Android 7.0;) AppleWebKit/537.36 (KHTML, like Gecko) Mobile Safari/537.36 (compatible; PetalBot;+https://webmaster.petalsearch.com/site/petalbot)" "asbanet.org"
217.113.194.8 - - [15/Nov/2022:18:18:21 -0800] "GET /includes/?C=M;O=D HTTP/1.1" 200 763 "-" "Mozilla/5.0 (compatible; Barkrowler/0.9; +https://babbar.tech/crawler)" "www.asbanet.org"
217.113.194.6 - - [15/Nov/2022:18:18:34 -0800] "GET /images/kaplan%20wedding/?C=S;O=D HTTP/1.1" 200 489 "-" "Mozilla/5.0 (compatible; Barkrowler/0.9; +https://babbar.tech/crawler)" "asbanet.org"
114.119.138.77 - - [15/Nov/2022:18:18:59 -0800] "GET /issues/Stimulus?C=S%3BO%3DA HTTP/1.1" 301 1424 "http://asbanet.org/issues/Stimulus?N=A" "Mozilla/5.0 (Linux; Android 7.0;) AppleWebKit/537.36 (KHTML, like Gecko) Mobile Safari/537.36 (compatible; PetalBot;+https://webmaster.petalsearch.com/site/petalbot)" "asbanet.org"
114.119.138.77 - - [15/Nov/2022:18:18:59 -0800] "GET /issues/Stimulus/?C=S%3BO%3DA HTTP/1.1" 200 397 "http://asbanet.org/issues/Stimulus?N=A" "Mozilla/5.0 (Linux; Android 7.0;) AppleWebKit/537.36 (KHTML, like Gecko) Mobile Safari/537.36 (compatible; PetalBot;+https://webmaster.petalsearch.com/site/petalbot)" "asbanet.org"
114.119.138.78 - - [15/Nov/2022:18:20:26 -0800] "GET /issues/Stimulus?M=D HTTP/1.1" 301 1415 "http://asbanet.org/issues/Stimulus?M=A" "Mozilla/5.0 (Linux; Android 7.0;) AppleWebKit/537.36 (KHTML, like Gecko) Mobile Safari/537.36 (compatible; PetalBot;+https://webmaster.petalsearch.com/site/petalbot)" "asbanet.org"
114.119.138.78 - - [15/Nov/2022:18:20:28 -0800] "GET /issues/Stimulus/?M=D HTTP/1.1" 200 397 "http://asbanet.org/issues/Stimulus?M=A" "Mozilla/5.0 (Linux; Android 7.0;) AppleWebKit/537.36 (KHTML, like Gecko) Mobile Safari/537.36 (compatible; PetalBot;+https://webmaster.petalsearch.com/site/petalbot)" "asbanet.org"
217.113.194.54 - - [15/Nov/2022:18:20:39 -0800] "GET /includes/?C=S;O=D HTTP/1.1" 200 755 "-" "Mozilla/5.0 (compatible; Barkrowler/0.9; +https://babbar.tech/crawler)" "www.asbanet.org"
216.244.66.200 - - [15/Nov/2022:18:20:48 -0800] "GET /images/economicforum.gif HTTP/1.1" 200 13739 "-" "Mozilla/5.0 (compatible; DotBot/1.2; +https://opensiteexplorer.org/dotbot; help@moz.com)" "asbanet.org"
217.113.194.40 - - [15/Nov/2022:18:20:52 -0800] "GET /images/kaplan%20wedding/?C=S;O=A HTTP/1.1" 200 491 "-" "Mozilla/5.0 (compatible; Barkrowler/0.9; +https://babbar.tech/crawler)" "asbanet.org"
114.119.138.77 - - [15/Nov/2022:18:21:55 -0800] "GET /?C=N%3BO%3DD HTTP/1.1" 200 4048 "https://asbanet.org/" "Mozilla/5.0 (Linux; Android 7.0;) AppleWebKit/537.36 (KHTML, like Gecko) Mobile Safari/537.36 (compatible; PetalBot;+https://webmaster.petalsearch.com/site/petalbot)" "asbanet.org"
217.113.194.10 - - [15/Nov/2022:18:22:56 -0800] "GET /includes/?C=N;O=A HTTP/1.1" 200 770 "-" "Mozilla/5.0 (compatible; Barkrowler/0.9; +https://babbar.tech/crawler)" "www.asbanet.org"
217.113.194.40 - - [15/Nov/2022:18:23:08 -0800] "GET /images/kaplan%20wedding/?C=M;O=D HTTP/1.1" 200 490 "-" "Mozilla/5.0 (compatible; Barkrowler/0.9; +https://babbar.tech/crawler)" "asbanet.org"
114.119.138.70 - - [15/Nov/2022:18:23:25 -0800] "GET /fl/includes?D=D HTTP/1.1" 301 1412 "http://asbanet.org/fl/includes?D=A" "Mozilla/5.0 (Linux; Android 7.0;) AppleWebKit/537.36 (KHTML, like Gecko) Mobile Safari/537.36 (compatible; PetalBot;+https://webmaster.petalsearch.com/site/petalbot)" "asbanet.org"
114.119.138.70 - - [15/Nov/2022:18:23:26 -0800] "GET /fl/includes/?D=D HTTP/1.1" 200 369 "http://asbanet.org/fl/includes?D=A" "Mozilla/5.0 (Linux; Android 7.0;) AppleWebKit/537.36 (KHTML, like Gecko) Mobile Safari/537.36 (compatible; PetalBot;+https://webmaster.petalsearch.com/site/petalbot)" "asbanet.org"
114.119.138.74 - - [15/Nov/2022:18:24:46 -0800] "GET /images/voices/?C=N%3BO%3DD HTTP/1.1" 200 546 "http://asbanet.org/images/voices?M=A" "Mozilla/5.0 (Linux; Android 7.0;) AppleWebKit/537.36 (KHTML, like Gecko) Mobile Safari/537.36 (compatible; PetalBot;+https://webmaster.petalsearch.com/site/petalbot)" "asbanet.org"
217.113.194.17 - - [15/Nov/2022:18:25:01 -0800] "GET /includes/?C=D;O=D HTTP/1.1" 200 763 "-" "Mozilla/5.0 (compatible; Barkrowler/0.9; +https://babbar.tech/crawler)" "www.asbanet.org"
217.113.194.6 - - [15/Nov/2022:18:25:13 -0800] "GET /images/kaplan%20wedding/?C=M;O=A HTTP/1.1" 200 493 "-" "Mozilla/5.0 (compatible; Barkrowler/0.9; +https://babbar.tech/crawler)" "asbanet.org"
114.119.138.65 - - [15/Nov/2022:18:26:10 -0800] "GET /issues?N=D HTTP/1.1" 301 1408 "http://asbanet.org/issues/" "Mozilla/5.0 (Linux; Android 7.0;) AppleWebKit/537.36 (KHTML, like Gecko) Mobile Safari/537.36 (compatible; PetalBot;+https://webmaster.petalsearch.com/site/petalbot)" "asbanet.org"
114.119.138.65 - - [15/Nov/2022:18:26:10 -0800] "GET /issues/?N=D HTTP/1.1" 200 416 "http://asbanet.org/issues/" "Mozilla/5.0 (Linux; Android 7.0;) AppleWebKit/537.36 (KHTML, like Gecko) Mobile Safari/537.36 (compatible; PetalBot;+https://webmaster.petalsearch.com/site/petalbot)" "asbanet.org"
114.119.130.12 - - [15/Nov/2022:18:26:14 -0800] "GET /robots.txt HTTP/1.1" 404 88 "-" "Mozilla/5.0 (compatible;PetalBot;+https://webmaster.petalsearch.com/site/petalbot)" "asbanet.org"
217.113.194.53 - - [15/Nov/2022:18:27:05 -0800] "GET /includes/us_rotation.html HTTP/1.1" 304 - "-" "Mozilla/5.0 (compatible; Barkrowler/0.9; +https://babbar.tech/crawler)" "www.asbanet.org"
217.113.194.6 - - [15/Nov/2022:18:27:17 -0800] "GET /images/kaplan%20wedding/?C=D;O=D HTTP/1.1" 200 490 "-" "Mozilla/5.0 (compatible; Barkrowler/0.9; +https://babbar.tech/crawler)" "asbanet.org"
114.119.138.77 - - [15/Nov/2022:18:27:38 -0800] "GET /issues/Stimulus/ HTTP/1.1" 200 397 "http://asbanet.org/issues?N=A" "Mozilla/5.0 (Linux; Android 7.0;) AppleWebKit/537.36 (KHTML, like Gecko) Mobile Safari/537.36 (compatible; PetalBot;+https://webmaster.petalsearch.com/site/petalbot)" "asbanet.org"
114.119.138.70 - - [15/Nov/2022:18:29:05 -0800] "GET /fl/includes?C=N%3BO%3DD HTTP/1.1" 301 1421 "http://asbanet.org/fl/includes?S=D" "Mozilla/5.0 (Linux; Android 7.0;) AppleWebKit/537.36 (KHTML, like Gecko) Mobile Safari/537.36 (compatible; PetalBot;+https://webmaster.petalsearch.com/site/petalbot)" "asbanet.org"
217.113.194.2 - - [15/Nov/2022:18:29:09 -0800] "GET /join/?C=D;O=D HTTP/1.1" 200 393 "-" "Mozilla/5.0 (compatible; Barkrowler/0.9; +https://babbar.tech/crawler)" "www.asbanet.org"
114.119.138.70 - - [15/Nov/2022:18:29:10 -0800] "GET /fl/includes/?C=N%3BO%3DD HTTP/1.1" 200 369 "http://asbanet.org/fl/includes?S=D" "Mozilla/5.0 (Linux; Android 7.0;) AppleWebKit/537.36 (KHTML, like Gecko) Mobile Safari/537.36 (compatible; PetalBot;+https://webmaster.petalsearch.com/site/petalbot)" "asbanet.org"
217.113.194.60 - - [15/Nov/2022:18:29:22 -0800] "GET /images/kaplan%20wedding/?C=D;O=A HTTP/1.1" 200 493 "-" "Mozilla/5.0 (compatible; Barkrowler/0.9; +https://babbar.tech/crawler)" "asbanet.org"
114.119.138.74 - - [15/Nov/2022:18:30:28 -0800] "GET /ok/about/?C=M%3BO%3DA HTTP/1.1" 200 366 "http://asbanet.org/ok/about?S=A" "Mozilla/5.0 (Linux; Android 7.0;) AppleWebKit/537.36 (KHTML, like Gecko) Mobile Safari/537.36 (compatible; PetalBot;+https://webmaster.petalsearch.com/site/petalbot)" "asbanet.org"
217.113.194.49 - - [15/Nov/2022:18:31:14 -0800] "GET /nh/contact/?C=N;O=A HTTP/1.1" 200 366 "-" "Mozilla/5.0 (compatible; Barkrowler/0.9; +https://babbar.tech/crawler)" "www.asbanet.org"
217.113.194.28 - - [15/Nov/2022:18:31:27 -0800] "GET /images/kaplan%20wedding/?C=N;O=D HTTP/1.1" 200 490 "-" "Mozilla/5.0 (compatible; Barkrowler/0.9; +https://babbar.tech/crawler)" "asbanet.org"
114.119.138.65 - - [15/Nov/2022:18:31:54 -0800] "GET /miscellaneous?C=S%3BO%3DA HTTP/1.1" 301 1422 "http://asbanet.org/miscellaneous?C=D%3BO%3DA" "Mozilla/5.0 (Linux; Android 7.0;) AppleWebKit/537.36 (KHTML, like Gecko) Mobile Safari/537.36 (compatible; PetalBot;+https://webmaster.petalsearch.com/site/petalbot)" "asbanet.org"
114.119.138.65 - - [15/Nov/2022:18:31:54 -0800] "GET /miscellaneous/?C=S%3BO%3DA HTTP/1.1" 200 577 "http://asbanet.org/miscellaneous?C=D%3BO%3DA" "Mozilla/5.0 (Linux; Android 7.0;) AppleWebKit/537.36 (KHTML, like Gecko) Mobile Safari/537.36 (compatible; PetalBot;+https://webmaster.petalsearch.com/site/petalbot)" "asbanet.org"
114.119.138.77 - - [15/Nov/2022:18:33:17 -0800] "GET /issues/Reports/SBA.htm HTTP/1.1" 200 1277 "-" "Mozilla/5.0 (Linux; Android 7.0;) AppleWebKit/537.36 (KHTML, like Gecko) Mobile Safari/537.36 (compatible; PetalBot;+https://webmaster.petalsearch.com/site/petalbot)" "asbanet.org"
217.113.194.50 - - [15/Nov/2022:18:33:19 -0800] "GET /nh/contact/?C=M;O=D HTTP/1.1" 200 364 "-" "Mozilla/5.0 (compatible; Barkrowler/0.9; +https://babbar.tech/crawler)" "www.asbanet.org"
217.113.194.20 - - [15/Nov/2022:18:33:31 -0800] "GET /images/kaplan%20wedding/?C=N;O=A HTTP/1.1" 200 493 "-" "Mozilla/5.0 (compatible; Barkrowler/0.9; +https://babbar.tech/crawler)" "asbanet.org"
216.244.66.200 - - [15/Nov/2022:18:33:57 -0800] "GET /join/?D=A HTTP/1.1" 200 1005 "-" "Mozilla/5.0 (compatible; DotBot/1.2; +https://opensiteexplorer.org/dotbot; help@moz.com)" "asbanet.org"
114.119.138.70 - - [15/Nov/2022:18:34:43 -0800] "GET /miscellaneous/photo.htm HTTP/1.1" 200 234 "http://asbanet.org/miscellaneous?S=D" "Mozilla/5.0 (Linux; Android 7.0;) AppleWebKit/537.36 (KHTML, like Gecko) Mobile Safari/537.36 (compatible; PetalBot;+https://webmaster.petalsearch.com/site/petalbot)" "asbanet.org"
217.113.194.20 - - [15/Nov/2022:18:35:23 -0800] "GET /nh/contact/?C=S;O=D HTTP/1.1" 200 364 "-" "Mozilla/5.0 (compatible; Barkrowler/0.9; +https://babbar.tech/crawler)" "www.asbanet.org"
217.113.194.12 - - [15/Nov/2022:18:35:36 -0800] "GET /issues/Reports/SBA_files/?C=M;O=A HTTP/1.1" 200 413 "-" "Mozilla/5.0 (compatible; Barkrowler/0.9; +https://babbar.tech/crawler)" "asbanet.org"
114.119.138.77 - - [15/Nov/2022:18:36:17 -0800] "GET /ok/issues?D=A HTTP/1.1" 301 1411 "http://asbanet.org/ok/issues" "Mozilla/5.0 (Linux; Android 7.0;) AppleWebKit/537.36 (KHTML, like Gecko) Mobile Safari/537.36 (compatible; PetalBot;+https://webmaster.petalsearch.com/site/petalbot)" "asbanet.org"
114.119.138.77 - - [15/Nov/2022:18:36:17 -0800] "GET /ok/issues/?D=A HTTP/1.1" 200 440 "http://asbanet.org/ok/issues" "Mozilla/5.0 (Linux; Android 7.0;) AppleWebKit/537.36 (KHTML, like Gecko) Mobile Safari/537.36 (compatible; PetalBot;+https://webmaster.petalsearch.com/site/petalbot)" "asbanet.org"
217.113.194.16 - - [15/Nov/2022:18:37:27 -0800] "GET /fl/includes/?C=M;O=A HTTP/1.1" 200 370 "-" "Mozilla/5.0 (compatible; Barkrowler/0.9; +https://babbar.tech/crawler)" "www.asbanet.org"
114.119.138.65 - - [15/Nov/2022:18:37:35 -0800] "GET /Mann/megadownload/index2.shtml HTTP/1.1" 200 4949 "http://asbanet.org/Mann/megadownload?C=S%3BO%3DA" "Mozilla/5.0 (Linux; Android 7.0;) AppleWebKit/537.36 (KHTML, like Gecko) Mobile Safari/537.36 (compatible; PetalBot;+https://webmaster.petalsearch.com/site/petalbot)" "asbanet.org"
217.113.194.36 - - [15/Nov/2022:18:37:40 -0800] "GET /issues/Reports/SBA_files/?C=D;O=A HTTP/1.1" 200 412 "-" "Mozilla/5.0 (compatible; Barkrowler/0.9; +https://babbar.tech/crawler)" "asbanet.org"
113.125.51.198 - - [15/Nov/2022:18:38:34 -0800] "GET / HTTP/1.1" 200 4048 "-" "Mozilla/5.0 (iPhone; CPU iPhone OS 13_2_3 like Mac OS X) AppleWebKit/605.1.15 (KHTML, like Gecko) Version/13.0.3 Mobile/15E148 Safari/604.1" "www.asbanet.org"
114.119.138.77 - - [15/Nov/2022:18:39:00 -0800] "GET /images/kaplan%20wedding?S=D HTTP/1.1" 301 1419 "http://asbanet.org/images/kaplan%20wedding?S=A" "Mozilla/5.0 (Linux; Android 7.0;) AppleWebKit/537.36 (KHTML, like Gecko) Mobile Safari/537.36 (compatible; PetalBot;+https://webmaster.petalsearch.com/site/petalbot)" "asbanet.org"
114.119.138.77 - - [15/Nov/2022:18:39:00 -0800] "GET /images/kaplan%20wedding/?S=D HTTP/1.1" 200 493 "http://asbanet.org/images/kaplan%20wedding?S=A" "Mozilla/5.0 (Linux; Android 7.0;) AppleWebKit/537.36 (KHTML, like Gecko) Mobile Safari/537.36 (compatible; PetalBot;+https://webmaster.petalsearch.com/site/petalbot)" "asbanet.org"
217.113.194.2 - - [15/Nov/2022:18:39:32 -0800] "GET /fl/includes/?C=S;O=A HTTP/1.1" 200 370 "-" "Mozilla/5.0 (compatible; Barkrowler/0.9; +https://babbar.tech/crawler)" "www.asbanet.org"
217.113.194.33 - - [15/Nov/2022:18:39:44 -0800] "GET /issues/Reports/SBA_files/?C=S;O=A HTTP/1.1" 200 412 "-" "Mozilla/5.0 (compatible; Barkrowler/0.9; +https://babbar.tech/crawler)" "asbanet.org"
114.119.138.77 - - [15/Nov/2022:18:40:25 -0800] "GET /resources?C=S%3BO%3DA HTTP/1.1" 301 1420 "http://asbanet.org/resources?D=D" "Mozilla/5.0 (Linux; Android 7.0;) AppleWebKit/537.36 (KHTML, like Gecko) Mobile Safari/537.36 (compatible; PetalBot;+https://webmaster.petalsearch.com/site/petalbot)" "asbanet.org"
114.119.138.77 - - [15/Nov/2022:18:40:25 -0800] "GET /resources/?C=S%3BO%3DA HTTP/1.1" 200 365 "http://asbanet.org/resources?D=D" "Mozilla/5.0 (Linux; Android 7.0;) AppleWebKit/537.36 (KHTML, like Gecko) Mobile Safari/537.36 (compatible; PetalBot;+https://webmaster.petalsearch.com/site/petalbot)" "asbanet.org"
217.113.194.50 - - [15/Nov/2022:18:41:37 -0800] "GET /robots.txt HTTP/1.1" 404 88 "-" "Mozilla/5.0 (compatible; Barkrowler/0.9; +https://babbar.tech/crawler)" "www.asbanet.org"
217.113.194.11 - - [15/Nov/2022:18:41:49 -0800] "GET /robots.txt HTTP/1.1" 404 88 "-" "Mozilla/5.0 (compatible; Barkrowler/0.9; +https://babbar.tech/crawler)" "asbanet.org"
114.119.138.74 - - [15/Nov/2022:18:41:52 -0800] "GET /links?D=A HTTP/1.1" 301 1408 "http://asbanet.org/links/" "Mozilla/5.0 (Linux; Android 7.0;) AppleWebKit/537.36 (KHTML, like Gecko) Mobile Safari/537.36 (compatible; PetalBot;+https://webmaster.petalsearch.com/site/petalbot)" "asbanet.org"
114.119.138.74 - - [15/Nov/2022:18:41:52 -0800] "GET /links/?D=A HTTP/1.1" 200 361 "http://asbanet.org/links/" "Mozilla/5.0 (Linux; Android 7.0;) AppleWebKit/537.36 (KHTML, like Gecko) Mobile Safari/537.36 (compatible; PetalBot;+https://webmaster.petalsearch.com/site/petalbot)" "asbanet.org"
114.119.138.70 - - [15/Nov/2022:18:43:18 -0800] "GET /fl/images?C=M%3BO%3DA HTTP/1.1" 301 1419 "http://asbanet.org/fl/images?M=D" "Mozilla/5.0 (Linux; Android 7.0;) AppleWebKit/537.36 (KHTML, like Gecko) Mobile Safari/537.36 (compatible; PetalBot;+https://webmaster.petalsearch.com/site/petalbot)" "asbanet.org"
114.119.138.70 - - [15/Nov/2022:18:43:19 -0800] "GET /fl/images/?C=M%3BO%3DA HTTP/1.1" 200 393 "http://asbanet.org/fl/images?M=D" "Mozilla/5.0 (Linux; Android 7.0;) AppleWebKit/537.36 (KHTML, like Gecko) Mobile Safari/537.36 (compatible; PetalBot;+https://webmaster.petalsearch.com/site/petalbot)" "asbanet.org"
217.113.194.43 - - [15/Nov/2022:18:43:41 -0800] "GET /fl/includes/?C=D;O=A HTTP/1.1" 200 369 "-" "Mozilla/5.0 (compatible; Barkrowler/0.9; +https://babbar.tech/crawler)" "www.asbanet.org"
123.125.109.39 - - [15/Nov/2022:18:43:53 -0800] "GET / HTTP/1.1" 200 4048 "-" "Sogou web spider/4.0(+http://www.sogou.com/docs/help/webmasters.htm#07)" "www.asbanet.org"
217.113.194.15 - - [15/Nov/2022:18:43:53 -0800] "GET /includes/us_on_location_in_ok.html HTTP/1.1" 304 - "-" "Mozilla/5.0 (compatible; Barkrowler/0.9; +https://babbar.tech/crawler)" "asbanet.org"
114.119.138.70 - - [15/Nov/2022:18:44:50 -0800] "GET /issues/Reports/SBA_files?D=A HTTP/1.1" 301 1423 "http://asbanet.org/issues/Reports/SBA_files?N=D" "Mozilla/5.0 (Linux; Android 7.0;) AppleWebKit/537.36 (KHTML, like Gecko) Mobile Safari/537.36 (compatible; PetalBot;+https://webmaster.petalsearch.com/site/petalbot)" "asbanet.org"
114.119.138.70 - - [15/Nov/2022:18:44:58 -0800] "GET /issues/Reports/SBA_files/?D=A HTTP/1.1" 200 412 "http://asbanet.org/issues/Reports/SBA_files?N=D" "Mozilla/5.0 (Linux; Android 7.0;) AppleWebKit/537.36 (KHTML, like Gecko) Mobile Safari/537.36 (compatible; PetalBot;+https://webmaster.petalsearch.com/site/petalbot)" "asbanet.org"
217.113.194.13 - - [15/Nov/2022:18:45:46 -0800] "GET /fl/includes/?C=N;O=D HTTP/1.1" 200 368 "-" "Mozilla/5.0 (compatible; Barkrowler/0.9; +https://babbar.tech/crawler)" "www.asbanet.org"
217.113.194.7 - - [15/Nov/2022:18:45:58 -0800] "GET /includes/ok_other_issues.html HTTP/1.1" 304 - "-" "Mozilla/5.0 (compatible; Barkrowler/0.9; +https://babbar.tech/crawler)" "asbanet.org"
114.119.138.77 - - [15/Nov/2022:18:46:07 -0800] "GET /lott/?C=D%3BO%3DA HTTP/1.1" 200 390 "http://asbanet.org/lott/" "Mozilla/5.0 (Linux; Android 7.0;) AppleWebKit/537.36 (KHTML, like Gecko) Mobile Safari/537.36 (compatible; PetalBot;+https://webmaster.petalsearch.com/site/petalbot)" "asbanet.org"
217.113.194.13 - - [15/Nov/2022:18:47:51 -0800] "GET /links/?C=D;O=D HTTP/1.1" 200 360 "-" "Mozilla/5.0 (compatible; Barkrowler/0.9; +https://babbar.tech/crawler)" "www.asbanet.org"
217.113.194.61 - - [15/Nov/2022:18:48:03 -0800] "GET /Mann/megadownload/?C=N;O=D HTTP/1.1" 200 395 "-" "Mozilla/5.0 (compatible; Barkrowler/0.9; +https://babbar.tech/crawler)" "asbanet.org"
217.113.194.46 - - [15/Nov/2022:18:49:56 -0800] "GET /ok/join/?C=N;O=A HTTP/1.1" 200 400 "-" "Mozilla/5.0 (compatible; Barkrowler/0.9; +https://babbar.tech/crawler)" "www.asbanet.org"
217.113.194.53 - - [15/Nov/2022:18:50:08 -0800] "GET /Mann/megadownload/?C=S;O=A HTTP/1.1" 200 395 "-" "Mozilla/5.0 (compatible; Barkrowler/0.9; +https://babbar.tech/crawler)" "asbanet.org"
217.113.194.11 - - [15/Nov/2022:18:52:01 -0800] "GET /ok/join/?C=M;O=D HTTP/1.1" 200 399 "-" "Mozilla/5.0 (compatible; Barkrowler/0.9; +https://babbar.tech/crawler)" "www.asbanet.org"
217.113.194.34 - - [15/Nov/2022:18:52:14 -0800] "GET /Mann/megadownload/?C=M;O=A HTTP/1.1" 200 395 "-" "Mozilla/5.0 (compatible; Barkrowler/0.9; +https://babbar.tech/crawler)" "asbanet.org"
5.102.173.71 - - [15/Nov/2022:18:52:38 -0800] "GET /robots.txt HTTP/1.1" 404 88 "-" "Mozilla/5.0 (compatible; MojeekBot/0.11; +https://www.mojeek.com/bot.html)" "www.asbanet.org"
5.102.173.71 - - [15/Nov/2022:18:52:38 -0800] "GET /ok/?N=D HTTP/1.1" 200 425 "-" "Mozilla/5.0 (compatible; MojeekBot/0.11; +https://www.mojeek.com/bot.html)" "www.asbanet.org"
217.113.194.60 - - [15/Nov/2022:18:54:07 -0800] "GET /ok/join/?C=S;O=D HTTP/1.1" 200 399 "-" "Mozilla/5.0 (compatible; Barkrowler/0.9; +https://babbar.tech/crawler)" "www.asbanet.org"
217.113.194.13 - - [15/Nov/2022:18:54:19 -0800] "GET /Mann/megadownload/?C=D;O=A HTTP/1.1" 200 395 "-" "Mozilla/5.0 (compatible; Barkrowler/0.9; +https://babbar.tech/crawler)" "asbanet.org"
217.113.194.62 - - [15/Nov/2022:18:56:12 -0800] "GET /ok/issues/index.shtml HTTP/1.1" 304 - "-" "Mozilla/5.0 (compatible; Barkrowler/0.9; +https://babbar.tech/crawler)" "www.asbanet.org"
217.113.194.36 - - [15/Nov/2022:18:56:25 -0800] "GET /Mann/?C=D;O=D HTTP/1.1" 200 353 "-" "Mozilla/5.0 (compatible; Barkrowler/0.9; +https://babbar.tech/crawler)" "asbanet.org"
217.113.194.34 - - [15/Nov/2022:18:58:17 -0800] "GET /ok/issues/?C=N;O=A HTTP/1.1" 200 440 "-" "Mozilla/5.0 (compatible; Barkrowler/0.9; +https://babbar.tech/crawler)" "www.asbanet.org"
217.113.194.40 - - [15/Nov/2022:18:58:29 -0800] "GET /fl/images/?C=D;O=D HTTP/1.1" 200 386 "-" "Mozilla/5.0 (compatible; Barkrowler/0.9; +https://babbar.tech/crawler)" "asbanet.org"
217.113.194.20 - - [15/Nov/2022:19:00:21 -0800] "GET /ok/contact/?C=N;O=A HTTP/1.1" 200 366 "-" "Mozilla/5.0 (compatible; Barkrowler/0.9; +https://babbar.tech/crawler)" "www.asbanet.org"
217.113.194.34 - - [15/Nov/2022:19:00:34 -0800] "GET /fl/includes/?C=D;O=D HTTP/1.1" 200 368 "-" "Mozilla/5.0 (compatible; Barkrowler/0.9; +https://babbar.tech/crawler)" "asbanet.org"
217.113.194.6 - - [15/Nov/2022:19:02:26 -0800] "GET /ok/contact/?C=M;O=D HTTP/1.1" 200 364 "-" "Mozilla/5.0 (compatible; Barkrowler/0.9; +https://babbar.tech/crawler)" "www.asbanet.org"
217.113.194.5 - - [15/Nov/2022:19:02:38 -0800] "GET /fl/includes/?C=M;O=D HTTP/1.1" 200 368 "-" "Mozilla/5.0 (compatible; Barkrowler/0.9; +https://babbar.tech/crawler)" "asbanet.org"
212.38.178.27 - - [15/Nov/2022:19:03:47 -0800] "GET /radio.txt HTTP/1.1" 404 73 "-" "Mozilla/5.0 (Windows NT 6.1; WOW64) AppleWebKit/537.36 (KHTML, like Gecko) Chrome/50.0.2661.75 Safari/537.36" "asbanet.org"
217.113.194.49 - - [15/Nov/2022:19:04:31 -0800] "GET /ok/contact/?C=S;O=D HTTP/1.1" 200 364 "-" "Mozilla/5.0 (compatible; Barkrowler/0.9; +https://babbar.tech/crawler)" "www.asbanet.org"
217.113.194.38 - - [15/Nov/2022:19:04:43 -0800] "GET /fl/includes/?C=S;O=D HTTP/1.1" 200 368 "-" "Mozilla/5.0 (compatible; Barkrowler/0.9; +https://babbar.tech/crawler)" "asbanet.org"
216.244.66.200 - - [15/Nov/2022:19:05:45 -0800] "GET /robots.txt HTTP/1.1" 404 73 "-" "Mozilla/5.0 (compatible; DotBot/1.2; +https://opensiteexplorer.org/dotbot; help@moz.com)" "asbanet.org"
217.113.194.36 - - [15/Nov/2022:19:06:35 -0800] "GET /about/?C=D;O=D HTTP/1.1" 200 359 "-" "Mozilla/5.0 (compatible; Barkrowler/0.9; +https://babbar.tech/crawler)" "www.asbanet.org"
217.113.194.1 - - [15/Nov/2022:19:06:47 -0800] "GET /fl/includes/?C=N;O=A HTTP/1.1" 200 369 "-" "Mozilla/5.0 (compatible; Barkrowler/0.9; +https://babbar.tech/crawler)" "asbanet.org"
217.113.194.11 - - [15/Nov/2022:19:08:39 -0800] "GET /images/Ross%20Relles/?C=S;O=A HTTP/1.1" 200 843 "-" "Mozilla/5.0 (compatible; Barkrowler/0.9; +https://babbar.tech/crawler)" "www.asbanet.org"
217.113.194.24 - - [15/Nov/2022:19:08:52 -0800] "GET /_old/voters/h_card.html HTTP/1.1" 304 - "-" "Mozilla/5.0 (compatible; Barkrowler/0.9; +https://babbar.tech/crawler)" "asbanet.org"
217.113.194.7 - - [15/Nov/2022:19:10:56 -0800] "GET /images/Ross%20Relles/?C=M;O=A HTTP/1.1" 200 834 "-" "Mozilla/5.0 (compatible; Barkrowler/0.9; +https://babbar.tech/crawler)" "www.asbanet.org"
217.113.194.38 - - [15/Nov/2022:19:11:09 -0800] "GET /_old/voters/environment.html HTTP/1.1" 304 - "-" "Mozilla/5.0 (compatible; Barkrowler/0.9; +https://babbar.tech/crawler)" "asbanet.org"
217.113.194.45 - - [15/Nov/2022:19:13:13 -0800] "GET /images/Ross%20Relles/?C=D;O=A HTTP/1.1" 200 834 "-" "Mozilla/5.0 (compatible; Barkrowler/0.9; +https://babbar.tech/crawler)" "www.asbanet.org"
217.113.194.15 - - [15/Nov/2022:19:13:26 -0800] "GET /_old/voters/conclusion.html HTTP/1.1" 304 - "-" "Mozilla/5.0 (compatible; Barkrowler/0.9; +https://babbar.tech/crawler)" "asbanet.org"
217.113.194.23 - - [15/Nov/2022:19:15:18 -0800] "GET /images/Ross%20Relles/?C=N;O=D HTTP/1.1" 200 833 "-" "Mozilla/5.0 (compatible; Barkrowler/0.9; +https://babbar.tech/crawler)" "www.asbanet.org"
217.113.194.40 - - [15/Nov/2022:19:15:30 -0800] "GET /moad/?C=D;O=D HTTP/1.1" 200 444 "-" "Mozilla/5.0 (compatible; Barkrowler/0.9; +https://babbar.tech/crawler)" "asbanet.org"
217.113.194.26 - - [15/Nov/2022:19:17:22 -0800] "GET /images/Shannon/?C=N;O=A HTTP/1.1" 200 489 "-" "Mozilla/5.0 (compatible; Barkrowler/0.9; +https://babbar.tech/crawler)" "www.asbanet.org"
217.113.194.15 - - [15/Nov/2022:19:17:35 -0800] "GET /miscellaneous/?C=D;O=D HTTP/1.1" 200 575 "-" "Mozilla/5.0 (compatible; Barkrowler/0.9; +https://babbar.tech/crawler)" "asbanet.org"
216.244.66.200 - - [15/Nov/2022:19:19:21 -0800] "GET /join/?S=A HTTP/1.1" 200 1005 "-" "Mozilla/5.0 (compatible; DotBot/1.2; +https://opensiteexplorer.org/dotbot; help@moz.com)" "asbanet.org"
217.113.194.43 - - [15/Nov/2022:19:19:28 -0800] "GET /images/Shannon/?C=M;O=D HTTP/1.1" 200 486 "-" "Mozilla/5.0 (compatible; Barkrowler/0.9; +https://babbar.tech/crawler)" "www.asbanet.org"
217.113.194.24 - - [15/Nov/2022:19:19:41 -0800] "GET /images/Ross%20Relles/?C=M;O=D HTTP/1.1" 200 833 "-" "Mozilla/5.0 (compatible; Barkrowler/0.9; +https://babbar.tech/crawler)" "asbanet.org"
