217.113.194.34 - - [15/Nov/2022:19:21:33 -0800] "GET /images/Shannon/?C=S;O=D HTTP/1.1" 200 486 "-" "Mozilla/5.0 (compatible; Barkrowler/0.9; +https://babbar.tech/crawler)" "www.asbanet.org"
217.113.194.36 - - [15/Nov/2022:19:21:46 -0800] "GET /images/Ross%20Relles/?C=S;O=D HTTP/1.1" 200 835 "-" "Mozilla/5.0 (compatible; Barkrowler/0.9; +https://babbar.tech/crawler)" "asbanet.org"
217.113.194.53 - - [15/Nov/2022:19:23:38 -0800] "GET /resources/?C=D;O=D HTTP/1.1" 200 363 "-" "Mozilla/5.0 (compatible; Barkrowler/0.9; +https://babbar.tech/crawler)" "www.asbanet.org"
217.113.194.58 - - [15/Nov/2022:19:23:51 -0800] "GET /images/voices/?C=D;O=D HTTP/1.1" 200 547 "-" "Mozilla/5.0 (compatible; Barkrowler/0.9; +https://babbar.tech/crawler)" "asbanet.org"
217.113.194.37 - - [15/Nov/2022:19:25:43 -0800] "GET /issues/Stimulus/_notes/ HTTP/1.1" 200 327 "-" "Mozilla/5.0 (compatible; Barkrowler/0.9; +https://babbar.tech/crawler)" "www.asbanet.org"
217.113.194.19 - - [15/Nov/2022:19:25:55 -0800] "GET /issues/PBR/8reasons.shtml HTTP/1.1" 304 - "-" "Mozilla/5.0 (compatible; Barkrowler/0.9; +https://babbar.tech/crawler)" "asbanet.org"
54.36.148.142 - - [15/Nov/2022:19:27:30 -0800] "GET /robots.txt HTTP/1.1" 404 88 "-" "Mozilla/5.0 (compatible; AhrefsBot/7.0; +http://ahrefs.com/robot/)" "www.asbanet.org"
51.222.253.7 - - [15/Nov/2022:19:27:31 -0800] "GET /alaska/?C=N;O=D HTTP/1.1" 200 550 "-" "Mozilla/5.0 (compatible; AhrefsBot/7.0; +http://ahrefs.com/robot/)" "www.asbanet.org"
217.113.194.15 - - [15/Nov/2022:19:27:47 -0800] "GET /issues/Stimulus/?C=S;O=D HTTP/1.1" 200 399 "-" "Mozilla/5.0 (compatible; Barkrowler/0.9; +https://babbar.tech/crawler)" "www.asbanet.org"
217.113.194.27 - - [15/Nov/2022:19:28:00 -0800] "GET /issues/PBR/abouthc.shtml HTTP/1.1" 304 - "-" "Mozilla/5.0 (compatible; Barkrowler/0.9; +https://babbar.tech/crawler)" "asbanet.org"
217.113.194.57 - - [15/Nov/2022:19:29:52 -0800] "GET /issues/Stimulus/?C=S;O=A HTTP/1.1" 200 397 "-" "Mozilla/5.0 (compatible; Barkrowler/0.9; +https://babbar.tech/crawler)" "www.asbanet.org"
217.113.194.1 - - [15/Nov/2022:19:30:04 -0800] "GET /issues/PBR/supportpbr.shtml HTTP/1.1" 304 - "-" "Mozilla/5.0 (compatible; Barkrowler/0.9; +https://babbar.tech/crawler)" "asbanet.org"
114.119.138.155 - - [15/Nov/2022:19:30:55 -0800] "GET /robots.txt HTTP/1.1" 404 88 "-" "Mozilla/5.0 (compatible;PetalBot;+https://webmaster.petalsearch.com/site/petalbot)" "www.asbanet.org"
217.113.194.57 - - [15/Nov/2022:19:31:57 -0800] "GET /issues/Stimulus/?C=M;O=D HTTP/1.1" 200 399 "-" "Mozilla/5.0 (compatible; Barkrowler/0.9; +https://babbar.tech/crawler)" "www.asbanet.org"
217.113.194.41 - - [15/Nov/2022:19:32:09 -0800] "GET /issues/Reports/?C=D;O=D HTTP/1.1" 200 433 "-" "Mozilla/5.0 (compatible; Barkrowler/0.9; +https://babbar.tech/crawler)" "asbanet.org"
217.113.194.43 - - [15/Nov/2022:19:34:29 -0800] "GET /issues/Stimulus/?C=M;O=A HTTP/1.1" 200 397 "-" "Mozilla/5.0 (compatible; Barkrowler/0.9; +https://babbar.tech/crawler)" "www.asbanet.org"
217.113.194.25 - - [15/Nov/2022:19:34:42 -0800] "GET /issues/Reports/SBA_files/?C=N;O=D HTTP/1.1" 200 411 "-" "Mozilla/5.0 (compatible; Barkrowler/0.9; +https://babbar.tech/crawler)" "asbanet.org"
217.113.194.56 - - [15/Nov/2022:19:36:58 -0800] "GET /issues/Stimulus/?C=D;O=D HTTP/1.1" 200 399 "-" "Mozilla/5.0 (compatible; Barkrowler/0.9; +https://babbar.tech/crawler)" "www.asbanet.org"
217.113.194.44 - - [15/Nov/2022:19:37:11 -0800] "GET /includes/nh_get_involved.html HTTP/1.1" 304 - "-" "Mozilla/5.0 (compatible; Barkrowler/0.9; +https://babbar.tech/crawler)" "asbanet.org"
217.113.194.2 - - [15/Nov/2022:19:39:15 -0800] "GET /issues/Stimulus/?C=D;O=A HTTP/1.1" 200 397 "-" "Mozilla/5.0 (compatible; Barkrowler/0.9; +https://babbar.tech/crawler)" "www.asbanet.org"
217.113.194.60 - - [15/Nov/2022:19:39:27 -0800] "GET /Mann/megadownload/?C=N;O=A HTTP/1.1" 200 395 "-" "Mozilla/5.0 (compatible; Barkrowler/0.9; +https://babbar.tech/crawler)" "asbanet.org"
217.113.194.39 - - [15/Nov/2022:19:41:19 -0800] "GET /issues/Stimulus/lauster.htm HTTP/1.1" 200 4735 "-" "Mozilla/5.0 (compatible; Barkrowler/0.9; +https://babbar.tech/crawler)" "www.asbanet.org"
217.113.194.22 - - [15/Nov/2022:19:41:32 -0800] "GET /Mann/megadownload/index2.shtml HTTP/1.1" 304 - "-" "Mozilla/5.0 (compatible; Barkrowler/0.9; +https://babbar.tech/crawler)" "asbanet.org"
217.113.194.13 - - [15/Nov/2022:19:43:24 -0800] "GET /issues/Stimulus/?C=N;O=D HTTP/1.1" 200 399 "-" "Mozilla/5.0 (compatible; Barkrowler/0.9; +https://babbar.tech/crawler)" "www.asbanet.org"
217.113.194.5 - - [15/Nov/2022:19:43:37 -0800] "GET /_old/voters/education_train.html HTTP/1.1" 304 - "-" "Mozilla/5.0 (compatible; Barkrowler/0.9; +https://babbar.tech/crawler)" "asbanet.org"
217.113.194.47 - - [15/Nov/2022:19:45:29 -0800] "GET /issues/Stimulus/?C=N;O=A HTTP/1.1" 200 397 "-" "Mozilla/5.0 (compatible; Barkrowler/0.9; +https://babbar.tech/crawler)" "www.asbanet.org"
217.113.194.27 - - [15/Nov/2022:19:45:41 -0800] "GET /_old/voters/gov_reform.html HTTP/1.1" 304 - "-" "Mozilla/5.0 (compatible; Barkrowler/0.9; +https://babbar.tech/crawler)" "asbanet.org"
217.113.194.18 - - [15/Nov/2022:19:47:34 -0800] "GET /issues/Reports/bush_report.htm HTTP/1.1" 200 5344 "-" "Mozilla/5.0 (compatible; Barkrowler/0.9; +https://babbar.tech/crawler)" "www.asbanet.org"
217.113.194.9 - - [15/Nov/2022:19:47:47 -0800] "GET /ok/issues/6reasons.shtml HTTP/1.1" 304 - "-" "Mozilla/5.0 (compatible; Barkrowler/0.9; +https://babbar.tech/crawler)" "asbanet.org"
217.113.194.12 - - [15/Nov/2022:19:49:39 -0800] "GET /Mann/megadownload/images/ HTTP/1.1" 200 532 "-" "Mozilla/5.0 (compatible; Barkrowler/0.9; +https://babbar.tech/crawler)" "www.asbanet.org"
217.113.194.32 - - [15/Nov/2022:19:49:51 -0800] "GET /voterguide/?C=D;O=D HTTP/1.1" 200 363 "-" "Mozilla/5.0 (compatible; Barkrowler/0.9; +https://babbar.tech/crawler)" "asbanet.org"
217.113.194.17 - - [15/Nov/2022:19:51:43 -0800] "GET /nh/?C=D;O=D HTTP/1.1" 200 483 "-" "Mozilla/5.0 (compatible; Barkrowler/0.9; +https://babbar.tech/crawler)" "www.asbanet.org"
217.113.194.31 - - [15/Nov/2022:19:51:56 -0800] "GET /images/voterguide/?C=D;O=D HTTP/1.1" 200 408 "-" "Mozilla/5.0 (compatible; Barkrowler/0.9; +https://babbar.tech/crawler)" "asbanet.org"
114.119.145.8 - - [15/Nov/2022:19:53:36 -0800] "GET /robots.txt HTTP/1.1" 404 88 "-" "Mozilla/5.0 (compatible;PetalBot;+https://webmaster.petalsearch.com/site/petalbot)" "www.asbanet.org"
217.113.194.27 - - [15/Nov/2022:19:53:48 -0800] "GET /nh/?C=S;O=D HTTP/1.1" 200 480 "-" "Mozilla/5.0 (compatible; Barkrowler/0.9; +https://babbar.tech/crawler)" "www.asbanet.org"
217.113.194.7 - - [15/Nov/2022:19:54:00 -0800] "GET /issues/PBR/?C=D;O=D HTTP/1.1" 200 448 "-" "Mozilla/5.0 (compatible; Barkrowler/0.9; +https://babbar.tech/crawler)" "asbanet.org"
217.113.194.24 - - [15/Nov/2022:19:55:52 -0800] "GET /nh/?C=M;O=D HTTP/1.1" 200 483 "-" "Mozilla/5.0 (compatible; Barkrowler/0.9; +https://babbar.tech/crawler)" "www.asbanet.org"
217.113.194.6 - - [15/Nov/2022:19:56:05 -0800] "GET /issues/PBR/?C=S;O=D HTTP/1.1" 200 450 "-" "Mozilla/5.0 (compatible; Barkrowler/0.9; +https://babbar.tech/crawler)" "asbanet.org"
217.113.194.55 - - [15/Nov/2022:19:57:57 -0800] "GET /fl/includes/fl_style.html HTTP/1.1" 304 - "-" "Mozilla/5.0 (compatible; Barkrowler/0.9; +https://babbar.tech/crawler)" "www.asbanet.org"
217.113.194.37 - - [15/Nov/2022:19:58:09 -0800] "GET /issues/Stimulus/_notes/?C=N;O=D HTTP/1.1" 200 325 "-" "Mozilla/5.0 (compatible; Barkrowler/0.9; +https://babbar.tech/crawler)" "asbanet.org"
217.113.194.34 - - [15/Nov/2022:20:00:01 -0800] "GET /_old/voters/?C=M;O=A HTTP/1.1" 200 480 "-" "Mozilla/5.0 (compatible; Barkrowler/0.9; +https://babbar.tech/crawler)" "www.asbanet.org"
217.113.194.58 - - [15/Nov/2022:20:00:14 -0800] "GET /issues/Stimulus/_notes/?C=N;O=A HTTP/1.1" 200 327 "-" "Mozilla/5.0 (compatible; Barkrowler/0.9; +https://babbar.tech/crawler)" "asbanet.org"
217.113.194.52 - - [15/Nov/2022:20:02:06 -0800] "GET /_old/voters/?C=D;O=A HTTP/1.1" 200 480 "-" "Mozilla/5.0 (compatible; Barkrowler/0.9; +https://babbar.tech/crawler)" "www.asbanet.org"
217.113.194.7 - - [15/Nov/2022:20:02:18 -0800] "GET /issues/Stimulus/_notes/?C=D;O=D HTTP/1.1" 200 325 "-" "Mozilla/5.0 (compatible; Barkrowler/0.9; +https://babbar.tech/crawler)" "asbanet.org"
217.113.194.63 - - [15/Nov/2022:20:04:10 -0800] "GET /_old/voters/?C=N;O=D HTTP/1.1" 200 472 "-" "Mozilla/5.0 (compatible; Barkrowler/0.9; +https://babbar.tech/crawler)" "www.asbanet.org"
217.113.194.43 - - [15/Nov/2022:20:04:23 -0800] "GET /issues/Stimulus/_notes/?C=D;O=A HTTP/1.1" 200 327 "-" "Mozilla/5.0 (compatible; Barkrowler/0.9; +https://babbar.tech/crawler)" "asbanet.org"
217.113.194.5 - - [15/Nov/2022:20:06:15 -0800] "GET /_old/voters/?C=S;O=A HTTP/1.1" 200 476 "-" "Mozilla/5.0 (compatible; Barkrowler/0.9; +https://babbar.tech/crawler)" "www.asbanet.org"
217.113.194.12 - - [15/Nov/2022:20:06:27 -0800] "GET /issues/Stimulus/_notes/?C=M;O=D HTTP/1.1" 200 325 "-" "Mozilla/5.0 (compatible; Barkrowler/0.9; +https://babbar.tech/crawler)" "asbanet.org"
114.119.138.74 - - [15/Nov/2022:20:06:32 -0800] "GET /lott?N=A HTTP/1.1" 301 1412 "https://www.asbanet.org/lott?D=D" "Mozilla/5.0 (Linux; Android 7.0;) AppleWebKit/537.36 (KHTML, like Gecko) Mobile Safari/537.36 (compatible; PetalBot;+https://webmaster.petalsearch.com/site/petalbot)" "www.asbanet.org"
114.119.138.74 - - [15/Nov/2022:20:06:33 -0800] "GET /lott/?N=A HTTP/1.1" 200 390 "https://www.asbanet.org/lott?D=D" "Mozilla/5.0 (Linux; Android 7.0;) AppleWebKit/537.36 (KHTML, like Gecko) Mobile Safari/537.36 (compatible; PetalBot;+https://webmaster.petalsearch.com/site/petalbot)" "www.asbanet.org"
217.113.194.27 - - [15/Nov/2022:20:08:19 -0800] "GET /ok/?C=S;O=D HTTP/1.1" 200 422 "-" "Mozilla/5.0 (compatible; Barkrowler/0.9; +https://babbar.tech/crawler)" "www.asbanet.org"
217.113.194.5 - - [15/Nov/2022:20:08:32 -0800] "GET /issues/Stimulus/_notes/?C=M;O=A HTTP/1.1" 200 326 "-" "Mozilla/5.0 (compatible; Barkrowler/0.9; +https://babbar.tech/crawler)" "asbanet.org"
217.113.194.18 - - [15/Nov/2022:20:10:24 -0800] "GET /ok/?C=D;O=D HTTP/1.1" 200 420 "-" "Mozilla/5.0 (compatible; Barkrowler/0.9; +https://babbar.tech/crawler)" "www.asbanet.org"
217.113.194.41 - - [15/Nov/2022:20:10:36 -0800] "GET /issues/Stimulus/_notes/?C=S;O=D HTTP/1.1" 200 325 "-" "Mozilla/5.0 (compatible; Barkrowler/0.9; +https://babbar.tech/crawler)" "asbanet.org"
217.113.194.19 - - [15/Nov/2022:20:12:41 -0800] "GET /ok/?C=M;O=D HTTP/1.1" 200 420 "-" "Mozilla/5.0 (compatible; Barkrowler/0.9; +https://babbar.tech/crawler)" "www.asbanet.org"
217.113.194.51 - - [15/Nov/2022:20:12:53 -0800] "GET /issues/Stimulus/_notes/?C=S;O=A HTTP/1.1" 200 327 "-" "Mozilla/5.0 (compatible; Barkrowler/0.9; +https://babbar.tech/crawler)" "asbanet.org"
51.222.253.20 - - [15/Nov/2022:20:13:41 -0800] "GET /join/?C=M;O=D HTTP/1.1" 200 393 "-" "Mozilla/5.0 (compatible; AhrefsBot/7.0; +http://ahrefs.com/robot/)" "asbanet.org"
217.113.194.53 - - [15/Nov/2022:20:14:57 -0800] "GET /ok/issues/?C=M;O=D HTTP/1.1" 200 439 "-" "Mozilla/5.0 (compatible; Barkrowler/0.9; +https://babbar.tech/crawler)" "www.asbanet.org"
49.7.20.122 - - [15/Nov/2022:20:14:59 -0800] "GET / HTTP/1.1" 200 4048 "-" "Sogou web spider/4.0(+http://www.sogou.com/docs/help/webmasters.htm#07)" "www.asbanet.org"
217.113.194.62 - - [15/Nov/2022:20:15:09 -0800] "GET /issues/Reports/SBA_files/?C=N;O=A HTTP/1.1" 200 412 "-" "Mozilla/5.0 (compatible; Barkrowler/0.9; +https://babbar.tech/crawler)" "asbanet.org"
217.113.194.24 - - [15/Nov/2022:20:17:14 -0800] "GET /ok/issues/?C=S;O=D HTTP/1.1" 200 438 "-" "Mozilla/5.0 (compatible; Barkrowler/0.9; +https://babbar.tech/crawler)" "www.asbanet.org"
217.113.194.41 - - [15/Nov/2022:20:17:26 -0800] "GET /issues/Reports/SBA_files/?C=M;O=D HTTP/1.1" 200 411 "-" "Mozilla/5.0 (compatible; Barkrowler/0.9; +https://babbar.tech/crawler)" "asbanet.org"
217.113.194.38 - - [15/Nov/2022:20:19:30 -0800] "GET /alaska/?C=D;O=D HTTP/1.1" 200 550 "-" "Mozilla/5.0 (compatible; Barkrowler/0.9; +https://babbar.tech/crawler)" "www.asbanet.org"
217.113.194.47 - - [15/Nov/2022:20:19:43 -0800] "GET /issues/Reports/SBA_files/?C=S;O=D HTTP/1.1" 200 411 "-" "Mozilla/5.0 (compatible; Barkrowler/0.9; +https://babbar.tech/crawler)" "asbanet.org"
217.113.194.40 - - [15/Nov/2022:20:21:47 -0800] "GET /maine/?C=D;O=D HTTP/1.1" 200 426 "-" "Mozilla/5.0 (compatible; Barkrowler/0.9; +https://babbar.tech/crawler)" "www.asbanet.org"
217.113.194.32 - - [15/Nov/2022:20:22:00 -0800] "GET /includes/us_more_on_pbor.html HTTP/1.1" 304 - "-" "Mozilla/5.0 (compatible; Barkrowler/0.9; +https://babbar.tech/crawler)" "asbanet.org"
216.244.66.200 - - [15/Nov/2022:20:23:24 -0800] "GET /robots.txt HTTP/1.1" 404 73 "-" "Mozilla/5.0 (compatible; DotBot/1.2; +https://opensiteexplorer.org/dotbot; help@moz.com)" "asbanet.org"
217.113.194.13 - - [15/Nov/2022:20:24:04 -0800] "GET /images/issues/?C=D;O=D HTTP/1.1" 200 526 "-" "Mozilla/5.0 (compatible; Barkrowler/0.9; +https://babbar.tech/crawler)" "www.asbanet.org"
217.113.194.39 - - [15/Nov/2022:20:24:17 -0800] "GET /includes/ok_more_on_sq695.html HTTP/1.1" 304 - "-" "Mozilla/5.0 (compatible; Barkrowler/0.9; +https://babbar.tech/crawler)" "asbanet.org"
217.113.194.48 - - [15/Nov/2022:20:26:58 -0800] "GET /images/nav/?C=D;O=D HTTP/1.1" 200 1116 "-" "Mozilla/5.0 (compatible; Barkrowler/0.9; +https://babbar.tech/crawler)" "www.asbanet.org"
217.113.194.29 - - [15/Nov/2022:20:27:10 -0800] "GET /Mann/megadownload/images/?C=M;O=A HTTP/1.1" 200 532 "-" "Mozilla/5.0 (compatible; Barkrowler/0.9; +https://babbar.tech/crawler)" "asbanet.org"
217.113.194.53 - - [15/Nov/2022:20:29:52 -0800] "GET /images/Ross%20Relles/?C=N;O=A HTTP/1.1" 200 834 "-" "Mozilla/5.0 (compatible; Barkrowler/0.9; +https://babbar.tech/crawler)" "www.asbanet.org"
217.113.194.24 - - [15/Nov/2022:20:30:05 -0800] "GET /Mann/megadownload/images/?C=D;O=A HTTP/1.1" 200 532 "-" "Mozilla/5.0 (compatible; Barkrowler/0.9; +https://babbar.tech/crawler)" "asbanet.org"
217.113.194.43 - - [15/Nov/2022:20:32:34 -0800] "GET /images/Shannon2/?C=N;O=A HTTP/1.1" 200 434 "-" "Mozilla/5.0 (compatible; Barkrowler/0.9; +https://babbar.tech/crawler)" "www.asbanet.org"
217.113.194.24 - - [15/Nov/2022:20:32:46 -0800] "GET /Mann/megadownload/images/?C=S;O=A HTTP/1.1" 200 526 "-" "Mozilla/5.0 (compatible; Barkrowler/0.9; +https://babbar.tech/crawler)" "asbanet.org"
2.47.39.218 - - [15/Nov/2022:20:35:00 -0800] "GET / HTTP/1.1" 200 14849 "-" "-" "asbanet.org"
217.113.194.6 - - [15/Nov/2022:20:35:16 -0800] "GET /images/Shannon2/?C=M;O=D HTTP/1.1" 200 431 "-" "Mozilla/5.0 (compatible; Barkrowler/0.9; +https://babbar.tech/crawler)" "www.asbanet.org"
217.113.194.25 - - [15/Nov/2022:20:35:28 -0800] "GET /Mann/megadownload/images/?C=N;O=D HTTP/1.1" 200 522 "-" "Mozilla/5.0 (compatible; Barkrowler/0.9; +https://babbar.tech/crawler)" "asbanet.org"
217.113.194.26 - - [15/Nov/2022:20:37:57 -0800] "GET /images/Shannon2/?C=S;O=D HTTP/1.1" 200 432 "-" "Mozilla/5.0 (compatible; Barkrowler/0.9; +https://babbar.tech/crawler)" "www.asbanet.org"
217.113.194.19 - - [15/Nov/2022:20:38:09 -0800] "GET /Mann/megadownload/?C=S;O=D HTTP/1.1" 200 395 "-" "Mozilla/5.0 (compatible; Barkrowler/0.9; +https://babbar.tech/crawler)" "asbanet.org"
217.113.194.40 - - [15/Nov/2022:20:40:26 -0800] "GET /images/kaplan%20wedding/?C=S;O=D HTTP/1.1" 200 489 "-" "Mozilla/5.0 (compatible; Barkrowler/0.9; +https://babbar.tech/crawler)" "www.asbanet.org"
217.113.194.50 - - [15/Nov/2022:20:40:39 -0800] "GET /nh/contact/?C=D;O=D HTTP/1.1" 200 364 "-" "Mozilla/5.0 (compatible; Barkrowler/0.9; +https://babbar.tech/crawler)" "asbanet.org"
217.113.194.61 - - [15/Nov/2022:20:42:56 -0800] "GET /images/kaplan%20wedding/?C=S;O=A HTTP/1.1" 200 491 "-" "Mozilla/5.0 (compatible; Barkrowler/0.9; +https://babbar.tech/crawler)" "www.asbanet.org"
217.113.194.53 - - [15/Nov/2022:20:43:09 -0800] "GET /_old/voters/?C=M;O=D HTTP/1.1" 200 472 "-" "Mozilla/5.0 (compatible; Barkrowler/0.9; +https://babbar.tech/crawler)" "asbanet.org"
114.119.138.70 - - [15/Nov/2022:20:43:52 -0800] "GET /images/Ross%20Relles?S=D HTTP/1.1" 301 1419 "https://asbanet.org/images/Ross%20Relles?S=A" "Mozilla/5.0 (Linux; Android 7.0;) AppleWebKit/537.36 (KHTML, like Gecko) Mobile Safari/537.36 (compatible; PetalBot;+https://webmaster.petalsearch.com/site/petalbot)" "asbanet.org"
114.119.138.70 - - [15/Nov/2022:20:43:52 -0800] "GET /images/Ross%20Relles/?S=D HTTP/1.1" 200 834 "https://asbanet.org/images/Ross%20Relles?S=A" "Mozilla/5.0 (Linux; Android 7.0;) AppleWebKit/537.36 (KHTML, like Gecko) Mobile Safari/537.36 (compatible; PetalBot;+https://webmaster.petalsearch.com/site/petalbot)" "asbanet.org"
217.113.194.19 - - [15/Nov/2022:20:45:01 -0800] "GET /images/kaplan%20wedding/?C=M;O=D HTTP/1.1" 200 490 "-" "Mozilla/5.0 (compatible; Barkrowler/0.9; +https://babbar.tech/crawler)" "www.asbanet.org"
217.113.194.6 - - [15/Nov/2022:20:45:14 -0800] "GET /_old/voters/?C=S;O=D HTTP/1.1" 200 477 "-" "Mozilla/5.0 (compatible; Barkrowler/0.9; +https://babbar.tech/crawler)" "asbanet.org"
217.113.194.60 - - [15/Nov/2022:20:47:06 -0800] "GET /images/kaplan%20wedding/?C=M;O=A HTTP/1.1" 200 493 "-" "Mozilla/5.0 (compatible; Barkrowler/0.9; +https://babbar.tech/crawler)" "www.asbanet.org"
217.113.194.26 - - [15/Nov/2022:20:47:18 -0800] "GET /_old/voters/?C=D;O=D HTTP/1.1" 200 472 "-" "Mozilla/5.0 (compatible; Barkrowler/0.9; +https://babbar.tech/crawler)" "asbanet.org"
217.113.194.37 - - [15/Nov/2022:20:49:24 -0800] "GET /images/kaplan%20wedding/?C=D;O=D HTTP/1.1" 200 490 "-" "Mozilla/5.0 (compatible; Barkrowler/0.9; +https://babbar.tech/crawler)" "www.asbanet.org"
217.113.194.29 - - [15/Nov/2022:20:49:36 -0800] "GET /_old/voters/?C=N;O=A HTTP/1.1" 200 480 "-" "Mozilla/5.0 (compatible; Barkrowler/0.9; +https://babbar.tech/crawler)" "asbanet.org"
114.119.138.65 - - [15/Nov/2022:20:50:41 -0800] "GET /issues/Reports/SBA_files/ HTTP/1.1" 200 412 "http://asbanet.org/issues/Reports?N=A" "Mozilla/5.0 (Linux; Android 7.0;) AppleWebKit/537.36 (KHTML, like Gecko) Mobile Safari/537.36 (compatible; PetalBot;+https://webmaster.petalsearch.com/site/petalbot)" "asbanet.org"
217.113.194.37 - - [15/Nov/2022:20:51:41 -0800] "GET /images/kaplan%20wedding/?C=D;O=A HTTP/1.1" 200 493 "-" "Mozilla/5.0 (compatible; Barkrowler/0.9; +https://babbar.tech/crawler)" "www.asbanet.org"
217.113.194.49 - - [15/Nov/2022:20:51:53 -0800] "GET /ok/join/?C=D;O=D HTTP/1.1" 200 399 "-" "Mozilla/5.0 (compatible; Barkrowler/0.9; +https://babbar.tech/crawler)" "asbanet.org"
14.224.155.143 - - [15/Nov/2022:20:52:25 -0800] "GET / HTTP/1.1" 200 4048 "-" "Mozilla/5.0 (Windows NT 10.0; Win64; x64) AppleWebKit/537.36 (KHTML, like Gecko) Chrome/85.0.4183.121 Safari/537.36" "asbanet.org"
14.224.155.143 - - [15/Nov/2022:20:52:28 -0800] "GET /join/index.shtml HTTP/1.1" 200 7451 "-" "Mozilla/5.0 (Windows NT 10.0; Win64; x64) AppleWebKit/537.36 (KHTML, like Gecko) Chrome/85.0.4183.121 Safari/537.36" "asbanet.org"
14.224.155.143 - - [15/Nov/2022:20:52:32 -0800] "POST /simplemail.mv HTTP/1.1" 200 92574 "-" "Mozilla/5.0 (Windows NT 10.0; Win64; x64) AppleWebKit/537.36 (KHTML, like Gecko) Chrome/85.0.4183.121 Safari/537.36" "asbanet.org"
14.224.155.143 - - [15/Nov/2022:20:52:33 -0800] "POST /simplemail.mv HTTP/1.1" 200 92574 "-" "Mozilla/5.0 (Windows NT 10.0; Win64; x64) AppleWebKit/537.36 (KHTML, like Gecko) Chrome/85.0.4183.121 Safari/537.36" "asbanet.org"
14.224.155.143 - - [15/Nov/2022:20:52:35 -0800] "POST /simplemail.mv HTTP/1.1" 200 92574 "-" "Mozilla/5.0 (Windows NT 10.0; Win64; x64) AppleWebKit/537.36 (KHTML, like Gecko) Chrome/85.0.4183.121 Safari/537.36" "asbanet.org"
14.224.155.143 - - [15/Nov/2022:20:52:36 -0800] "GET /contact/ HTTP/1.1" 200 362 "-" "Mozilla/5.0 (Windows NT 10.0; Win64; x64) AppleWebKit/537.36 (KHTML, like Gecko) Chrome/85.0.4183.121 Safari/537.36" "asbanet.org"
14.224.155.143 - - [15/Nov/2022:20:52:38 -0800] "GET /join/index.shtml HTTP/1.1" 200 7451 "-" "Mozilla/5.0 (Windows NT 10.0; Win64; x64) AppleWebKit/537.36 (KHTML, like Gecko) Chrome/85.0.4183.121 Safari/537.36" "asbanet.org"
14.224.155.143 - - [15/Nov/2022:20:52:39 -0800] "POST /simplemail.mv HTTP/1.1" 200 92574 "-" "Mozilla/5.0 (Windows NT 10.0; Win64; x64) AppleWebKit/537.36 (KHTML, like Gecko) Chrome/85.0.4183.121 Safari/537.36" "asbanet.org"
14.224.155.143 - - [15/Nov/2022:20:52:41 -0800] "POST /simplemail.mv HTTP/1.1" 200 92574 "-" "Mozilla/5.0 (Windows NT 10.0; Win64; x64) AppleWebKit/537.36 (KHTML, like Gecko) Chrome/85.0.4183.121 Safari/537.36" "asbanet.org"
14.224.155.143 - - [15/Nov/2022:20:52:42 -0800] "POST /simplemail.mv HTTP/1.1" 200 92574 "-" "Mozilla/5.0 (Windows NT 10.0; Win64; x64) AppleWebKit/537.36 (KHTML, like Gecko) Chrome/85.0.4183.121 Safari/537.36" "asbanet.org"
14.224.155.143 - - [15/Nov/2022:20:52:45 -0800] "GET /join/ HTTP/1.1" 200 394 "-" "Mozilla/5.0 (Windows NT 10.0; Win64; x64) AppleWebKit/537.36 (KHTML, like Gecko) Chrome/85.0.4183.121 Safari/537.36" "asbanet.org"
14.224.155.143 - - [15/Nov/2022:20:53:44 -0800] "GET /contact/ HTTP/1.1" 200 362 "-" "Mozilla/5.0 (Windows NT 10.0; Win64; x64) AppleWebKit/537.36 (KHTML, like Gecko) Chrome/85.0.4183.121 Safari/537.36" "asbanet.org"
217.113.194.3 - - [15/Nov/2022:20:53:58 -0800] "GET /images/kaplan%20wedding/?C=N;O=D HTTP/1.1" 200 490 "-" "Mozilla/5.0 (compatible; Barkrowler/0.9; +https://babbar.tech/crawler)" "www.asbanet.org"
217.113.194.36 - - [15/Nov/2022:20:54:10 -0800] "GET /ok/contact/?C=D;O=D HTTP/1.1" 200 364 "-" "Mozilla/5.0 (compatible; Barkrowler/0.9; +https://babbar.tech/crawler)" "asbanet.org"
217.113.194.56 - - [15/Nov/2022:20:56:14 -0800] "GET /images/kaplan%20wedding/?C=N;O=A HTTP/1.1" 200 493 "-" "Mozilla/5.0 (compatible; Barkrowler/0.9; +https://babbar.tech/crawler)" "www.asbanet.org"
217.113.194.43 - - [15/Nov/2022:20:56:27 -0800] "GET /images/Shannon/?C=D;O=D HTTP/1.1" 200 486 "-" "Mozilla/5.0 (compatible; Barkrowler/0.9; +https://babbar.tech/crawler)" "asbanet.org"
217.113.194.52 - - [15/Nov/2022:20:59:08 -0800] "GET /issues/Reports/SBA_files/?C=M;O=A HTTP/1.1" 200 413 "-" "Mozilla/5.0 (compatible; Barkrowler/0.9; +https://babbar.tech/crawler)" "www.asbanet.org"
217.113.194.45 - - [15/Nov/2022:20:59:20 -0800] "GET /issues/PBR/asbatonfib.shtml HTTP/1.1" 304 - "-" "Mozilla/5.0 (compatible; Barkrowler/0.9; +https://babbar.tech/crawler)" "asbanet.org"
217.113.194.8 - - [15/Nov/2022:21:01:49 -0800] "GET /issues/Reports/SBA_files/?C=D;O=A HTTP/1.1" 200 412 "-" "Mozilla/5.0 (compatible; Barkrowler/0.9; +https://babbar.tech/crawler)" "www.asbanet.org"
217.113.194.61 - - [15/Nov/2022:21:02:02 -0800] "GET /issues/PBR/?C=M;O=D HTTP/1.1" 200 448 "-" "Mozilla/5.0 (compatible; Barkrowler/0.9; +https://babbar.tech/crawler)" "asbanet.org"
217.113.194.28 - - [15/Nov/2022:21:04:32 -0800] "GET /issues/Reports/SBA_files/?C=S;O=A HTTP/1.1" 200 412 "-" "Mozilla/5.0 (compatible; Barkrowler/0.9; +https://babbar.tech/crawler)" "www.asbanet.org"
114.119.138.77 - - [15/Nov/2022:21:04:38 -0800] "GET /issues/PBR?C=N%3BO%3DD HTTP/1.1" 301 1421 "http://asbanet.org/issues/PBR?D=D" "Mozilla/5.0 (Linux; Android 7.0;) AppleWebKit/537.36 (KHTML, like Gecko) Mobile Safari/537.36 (compatible; PetalBot;+https://webmaster.petalsearch.com/site/petalbot)" "asbanet.org"
114.119.138.77 - - [15/Nov/2022:21:04:39 -0800] "GET /issues/PBR/?C=N%3BO%3DD HTTP/1.1" 200 450 "http://asbanet.org/issues/PBR?D=D" "Mozilla/5.0 (Linux; Android 7.0;) AppleWebKit/537.36 (KHTML, like Gecko) Mobile Safari/537.36 (compatible; PetalBot;+https://webmaster.petalsearch.com/site/petalbot)" "asbanet.org"
217.113.194.2 - - [15/Nov/2022:21:04:45 -0800] "GET /Mann/megadownload/images/?C=N;O=A HTTP/1.1" 200 532 "-" "Mozilla/5.0 (compatible; Barkrowler/0.9; +https://babbar.tech/crawler)" "asbanet.org"
217.113.194.60 - - [15/Nov/2022:21:07:15 -0800] "GET /Mann/megadownload/?C=N;O=D HTTP/1.1" 200 395 "-" "Mozilla/5.0 (compatible; Barkrowler/0.9; +https://babbar.tech/crawler)" "www.asbanet.org"
217.113.194.37 - - [15/Nov/2022:21:07:27 -0800] "GET /Mann/megadownload/images/?C=M;O=D HTTP/1.1" 200 522 "-" "Mozilla/5.0 (compatible; Barkrowler/0.9; +https://babbar.tech/crawler)" "asbanet.org"
114.119.138.74 - - [15/Nov/2022:21:07:36 -0800] "GET /images/Shannon/?C=S%3BO%3DA HTTP/1.1" 200 489 "http://asbanet.org/images/Shannon?N=D" "Mozilla/5.0 (Linux; Android 7.0;) AppleWebKit/537.36 (KHTML, like Gecko) Mobile Safari/537.36 (compatible; PetalBot;+https://webmaster.petalsearch.com/site/petalbot)" "asbanet.org"
217.113.194.22 - - [15/Nov/2022:21:09:56 -0800] "GET /Mann/megadownload/?C=S;O=A HTTP/1.1" 200 395 "-" "Mozilla/5.0 (compatible; Barkrowler/0.9; +https://babbar.tech/crawler)" "www.asbanet.org"
217.113.194.13 - - [15/Nov/2022:21:10:09 -0800] "GET /Mann/megadownload/images/?C=S;O=D HTTP/1.1" 200 523 "-" "Mozilla/5.0 (compatible; Barkrowler/0.9; +https://babbar.tech/crawler)" "asbanet.org"
114.119.138.77 - - [15/Nov/2022:21:10:56 -0800] "GET /about?S=D HTTP/1.1" 301 1413 "https://www.asbanet.org/about?S=A" "Mozilla/5.0 (Linux; Android 7.0;) AppleWebKit/537.36 (KHTML, like Gecko) Mobile Safari/537.36 (compatible; PetalBot;+https://webmaster.petalsearch.com/site/petalbot)" "www.asbanet.org"
114.119.138.77 - - [15/Nov/2022:21:10:57 -0800] "GET /about/?S=D HTTP/1.1" 200 361 "https://www.asbanet.org/about?S=A" "Mozilla/5.0 (Linux; Android 7.0;) AppleWebKit/537.36 (KHTML, like Gecko) Mobile Safari/537.36 (compatible; PetalBot;+https://webmaster.petalsearch.com/site/petalbot)" "www.asbanet.org"
217.113.194.37 - - [15/Nov/2022:21:12:38 -0800] "GET /Mann/megadownload/?C=M;O=A HTTP/1.1" 200 395 "-" "Mozilla/5.0 (compatible; Barkrowler/0.9; +https://babbar.tech/crawler)" "www.asbanet.org"
217.113.194.43 - - [15/Nov/2022:21:12:50 -0800] "GET /ok/issues/?C=D;O=D HTTP/1.1" 200 439 "-" "Mozilla/5.0 (compatible; Barkrowler/0.9; +https://babbar.tech/crawler)" "asbanet.org"
217.113.194.51 - - [15/Nov/2022:21:15:19 -0800] "GET /Mann/megadownload/?C=D;O=A HTTP/1.1" 200 395 "-" "Mozilla/5.0 (compatible; Barkrowler/0.9; +https://babbar.tech/crawler)" "www.asbanet.org"
217.113.194.1 - - [15/Nov/2022:21:15:32 -0800] "GET /images/Shannon2/?C=D;O=D HTTP/1.1" 200 431 "-" "Mozilla/5.0 (compatible; Barkrowler/0.9; +https://babbar.tech/crawler)" "asbanet.org"
216.244.66.200 - - [15/Nov/2022:21:16:16 -0800] "GET /robots.txt HTTP/1.1" 404 73 "-" "Mozilla/5.0 (compatible; DotBot/1.2; +https://opensiteexplorer.org/dotbot; help@moz.com)" "asbanet.org"
217.113.194.41 - - [15/Nov/2022:21:18:02 -0800] "GET /Mann/?C=D;O=D HTTP/1.1" 200 353 "-" "Mozilla/5.0 (compatible; Barkrowler/0.9; +https://babbar.tech/crawler)" "www.asbanet.org"
217.113.194.14 - - [15/Nov/2022:21:18:14 -0800] "GET /images/Ross%20Relles/?C=D;O=D HTTP/1.1" 200 833 "-" "Mozilla/5.0 (compatible; Barkrowler/0.9; +https://babbar.tech/crawler)" "asbanet.org"
217.113.194.34 - - [15/Nov/2022:21:20:44 -0800] "GET /fl/images/?C=D;O=D HTTP/1.1" 200 386 "-" "Mozilla/5.0 (compatible; Barkrowler/0.9; +https://babbar.tech/crawler)" "www.asbanet.org"
217.113.194.40 - - [15/Nov/2022:21:20:56 -0800] "GET /issues/Reports/SBA_files/?C=D;O=D HTTP/1.1" 200 411 "-" "Mozilla/5.0 (compatible; Barkrowler/0.9; +https://babbar.tech/crawler)" "asbanet.org"
217.113.194.7 - - [15/Nov/2022:21:23:38 -0800] "GET /fl/includes/?C=D;O=D HTTP/1.1" 200 368 "-" "Mozilla/5.0 (compatible; Barkrowler/0.9; +https://babbar.tech/crawler)" "www.asbanet.org"
217.113.194.37 - - [15/Nov/2022:21:23:50 -0800] "GET /Mann/megadownload/?C=D;O=D HTTP/1.1" 200 395 "-" "Mozilla/5.0 (compatible; Barkrowler/0.9; +https://babbar.tech/crawler)" "asbanet.org"
217.113.194.47 - - [15/Nov/2022:21:26:45 -0800] "GET /fl/includes/?C=M;O=D HTTP/1.1" 200 368 "-" "Mozilla/5.0 (compatible; Barkrowler/0.9; +https://babbar.tech/crawler)" "www.asbanet.org"
217.113.194.43 - - [15/Nov/2022:21:26:57 -0800] "GET /Mann/megadownload/images/?C=D;O=D HTTP/1.1" 200 522 "-" "Mozilla/5.0 (compatible; Barkrowler/0.9; +https://babbar.tech/crawler)" "asbanet.org"
217.113.194.25 - - [15/Nov/2022:21:30:00 -0800] "GET /fl/includes/?C=S;O=D HTTP/1.1" 200 368 "-" "Mozilla/5.0 (compatible; Barkrowler/0.9; +https://babbar.tech/crawler)" "www.asbanet.org"
217.113.194.32 - - [15/Nov/2022:21:32:42 -0800] "GET /fl/includes/?C=N;O=A HTTP/1.1" 200 369 "-" "Mozilla/5.0 (compatible; Barkrowler/0.9; +https://babbar.tech/crawler)" "www.asbanet.org"
114.119.138.77 - - [15/Nov/2022:21:33:57 -0800] "GET /images/nav/?C=N%3BO%3DD HTTP/1.1" 200 1121 "http://asbanet.org/images/nav?M=D" "Mozilla/5.0 (Linux; Android 7.0;) AppleWebKit/537.36 (KHTML, like Gecko) Mobile Safari/537.36 (compatible; PetalBot;+https://webmaster.petalsearch.com/site/petalbot)" "asbanet.org"
147.78.47.249 - - [15/Nov/2022:21:34:42 -0800] "GET /_ignition/health-check/ HTTP/1.1" 404 88 "-" "Mozilla/5.0 (Windows NT 10.0; Win64; x64) AppleWebKit/537.36 (KHTML, like Gecko) Chrome/105.0.0.0 Safari/537.36" "asbanet.org"
147.78.47.249 - - [15/Nov/2022:21:34:44 -0800] "GET /public/_ignition/health-check/ HTTP/1.1" 404 88 "-" "Mozilla/5.0 (Windows NT 10.0; Win64; x64) AppleWebKit/537.36 (KHTML, like Gecko) Chrome/105.0.0.0 Safari/537.36" "asbanet.org"
147.78.47.249 - - [15/Nov/2022:21:34:46 -0800] "GET /wp-includes/wlwmanifest.xml HTTP/1.1" 404 88 "-" "Mozilla/5.0 (Windows NT 10.0; Win64; x64) AppleWebKit/537.36 (KHTML, like Gecko) Chrome/105.0.0.0 Safari/537.36" "asbanet.org"
217.113.194.48 - - [15/Nov/2022:21:35:24 -0800] "GET /_old/voters/environment.html HTTP/1.1" 304 - "-" "Mozilla/5.0 (compatible; Barkrowler/0.9; +https://babbar.tech/crawler)" "www.asbanet.org"
217.113.194.36 - - [15/Nov/2022:21:38:05 -0800] "GET /_old/voters/conclusion.html HTTP/1.1" 304 - "-" "Mozilla/5.0 (compatible; Barkrowler/0.9; +https://babbar.tech/crawler)" "www.asbanet.org"
217.113.194.16 - - [15/Nov/2022:21:40:47 -0800] "GET /_old/voters/scorecard.html HTTP/1.1" 404 88 "-" "Mozilla/5.0 (compatible; Barkrowler/0.9; +https://babbar.tech/crawler)" "www.asbanet.org"
217.113.194.20 - - [15/Nov/2022:21:43:29 -0800] "GET /moad/?C=D;O=D HTTP/1.1" 200 444 "-" "Mozilla/5.0 (compatible; Barkrowler/0.9; +https://babbar.tech/crawler)" "www.asbanet.org"
217.113.194.3 - - [15/Nov/2022:21:46:11 -0800] "GET /miscellaneous/?C=D;O=D HTTP/1.1" 200 575 "-" "Mozilla/5.0 (compatible; Barkrowler/0.9; +https://babbar.tech/crawler)" "www.asbanet.org"
217.113.194.14 - - [15/Nov/2022:21:48:53 -0800] "GET /images/Ross%20Relles/?C=M;O=D HTTP/1.1" 200 833 "-" "Mozilla/5.0 (compatible; Barkrowler/0.9; +https://babbar.tech/crawler)" "www.asbanet.org"
217.113.194.46 - - [15/Nov/2022:21:51:23 -0800] "GET /images/Ross%20Relles/?C=S;O=D HTTP/1.1" 200 835 "-" "Mozilla/5.0 (compatible; Barkrowler/0.9; +https://babbar.tech/crawler)" "www.asbanet.org"
217.113.194.13 - - [15/Nov/2022:21:53:52 -0800] "GET /images/voices/?C=D;O=D HTTP/1.1" 200 547 "-" "Mozilla/5.0 (compatible; Barkrowler/0.9; +https://babbar.tech/crawler)" "www.asbanet.org"
217.113.194.46 - - [15/Nov/2022:21:56:22 -0800] "GET /issues/PBR/abouthc.shtml HTTP/1.1" 304 - "-" "Mozilla/5.0 (compatible; Barkrowler/0.9; +https://babbar.tech/crawler)" "www.asbanet.org"
217.113.194.49 - - [15/Nov/2022:21:58:53 -0800] "GET /issues/Reports/?C=D;O=D HTTP/1.1" 200 433 "-" "Mozilla/5.0 (compatible; Barkrowler/0.9; +https://babbar.tech/crawler)" "www.asbanet.org"
217.113.194.24 - - [15/Nov/2022:22:01:24 -0800] "GET /issues/Reports/SBA_files/?C=N;O=D HTTP/1.1" 200 411 "-" "Mozilla/5.0 (compatible; Barkrowler/0.9; +https://babbar.tech/crawler)" "www.asbanet.org"
217.113.194.25 - - [15/Nov/2022:22:03:53 -0800] "GET /Mann/megadownload/?C=N;O=A HTTP/1.1" 200 395 "-" "Mozilla/5.0 (compatible; Barkrowler/0.9; +https://babbar.tech/crawler)" "www.asbanet.org"
217.113.194.39 - - [15/Nov/2022:22:06:23 -0800] "GET /Mann/megadownload/index2.shtml HTTP/1.1" 304 - "-" "Mozilla/5.0 (compatible; Barkrowler/0.9; +https://babbar.tech/crawler)" "www.asbanet.org"
216.244.66.200 - - [15/Nov/2022:22:08:01 -0800] "GET /robots.txt HTTP/1.1" 404 73 "-" "Mozilla/5.0 (compatible; DotBot/1.2; +https://opensiteexplorer.org/dotbot; help@moz.com)" "asbanet.org"
217.113.194.49 - - [15/Nov/2022:22:08:52 -0800] "GET /_old/voters/education_train.html HTTP/1.1" 304 - "-" "Mozilla/5.0 (compatible; Barkrowler/0.9; +https://babbar.tech/crawler)" "www.asbanet.org"
217.113.194.55 - - [15/Nov/2022:22:11:21 -0800] "GET /_old/voters/gov_reform.html HTTP/1.1" 304 - "-" "Mozilla/5.0 (compatible; Barkrowler/0.9; +https://babbar.tech/crawler)" "www.asbanet.org"
217.113.194.42 - - [15/Nov/2022:22:14:03 -0800] "GET /ok/issues/6reasons.shtml HTTP/1.1" 304 - "-" "Mozilla/5.0 (compatible; Barkrowler/0.9; +https://babbar.tech/crawler)" "www.asbanet.org"
217.113.194.17 - - [15/Nov/2022:22:16:45 -0800] "GET /voterguide/?C=D;O=D HTTP/1.1" 200 363 "-" "Mozilla/5.0 (compatible; Barkrowler/0.9; +https://babbar.tech/crawler)" "www.asbanet.org"
217.113.194.35 - - [15/Nov/2022:22:19:27 -0800] "GET /images/voterguide/?C=D;O=D HTTP/1.1" 200 408 "-" "Mozilla/5.0 (compatible; Barkrowler/0.9; +https://babbar.tech/crawler)" "www.asbanet.org"
217.113.194.21 - - [15/Nov/2022:22:22:09 -0800] "GET /issues/PBR/?C=D;O=D HTTP/1.1" 200 448 "-" "Mozilla/5.0 (compatible; Barkrowler/0.9; +https://babbar.tech/crawler)" "www.asbanet.org"
217.113.194.14 - - [15/Nov/2022:22:24:39 -0800] "GET /issues/PBR/?C=S;O=D HTTP/1.1" 200 450 "-" "Mozilla/5.0 (compatible; Barkrowler/0.9; +https://babbar.tech/crawler)" "www.asbanet.org"
217.113.194.41 - - [15/Nov/2022:22:27:09 -0800] "GET /issues/Stimulus/_notes/?C=N;O=D HTTP/1.1" 200 325 "-" "Mozilla/5.0 (compatible; Barkrowler/0.9; +https://babbar.tech/crawler)" "www.asbanet.org"
217.113.194.40 - - [15/Nov/2022:22:29:39 -0800] "GET /issues/Stimulus/_notes/?C=N;O=A HTTP/1.1" 200 327 "-" "Mozilla/5.0 (compatible; Barkrowler/0.9; +https://babbar.tech/crawler)" "www.asbanet.org"
217.113.194.48 - - [15/Nov/2022:22:32:10 -0800] "GET /issues/Stimulus/_notes/?C=D;O=D HTTP/1.1" 200 325 "-" "Mozilla/5.0 (compatible; Barkrowler/0.9; +https://babbar.tech/crawler)" "www.asbanet.org"
217.113.194.9 - - [15/Nov/2022:22:34:52 -0800] "GET /issues/Stimulus/_notes/?C=D;O=A HTTP/1.1" 200 327 "-" "Mozilla/5.0 (compatible; Barkrowler/0.9; +https://babbar.tech/crawler)" "www.asbanet.org"
217.113.194.47 - - [15/Nov/2022:22:37:34 -0800] "GET /issues/Stimulus/_notes/?C=M;O=D HTTP/1.1" 200 325 "-" "Mozilla/5.0 (compatible; Barkrowler/0.9; +https://babbar.tech/crawler)" "www.asbanet.org"
217.113.194.49 - - [15/Nov/2022:22:40:16 -0800] "GET /issues/Stimulus/_notes/?C=M;O=A HTTP/1.1" 200 326 "-" "Mozilla/5.0 (compatible; Barkrowler/0.9; +https://babbar.tech/crawler)" "www.asbanet.org"
217.113.194.34 - - [15/Nov/2022:22:42:45 -0800] "GET /issues/Stimulus/_notes/?C=S;O=D HTTP/1.1" 200 325 "-" "Mozilla/5.0 (compatible; Barkrowler/0.9; +https://babbar.tech/crawler)" "www.asbanet.org"
217.113.194.16 - - [15/Nov/2022:22:45:14 -0800] "GET /issues/Stimulus/_notes/?C=S;O=A HTTP/1.1" 200 327 "-" "Mozilla/5.0 (compatible; Barkrowler/0.9; +https://babbar.tech/crawler)" "www.asbanet.org"
217.113.194.12 - - [15/Nov/2022:22:47:44 -0800] "GET /issues/Reports/SBA_files/?C=N;O=A HTTP/1.1" 200 412 "-" "Mozilla/5.0 (compatible; Barkrowler/0.9; +https://babbar.tech/crawler)" "www.asbanet.org"
217.113.194.36 - - [15/Nov/2022:22:50:14 -0800] "GET /issues/Reports/SBA_files/?C=M;O=D HTTP/1.1" 200 411 "-" "Mozilla/5.0 (compatible; Barkrowler/0.9; +https://babbar.tech/crawler)" "www.asbanet.org"
217.113.194.62 - - [15/Nov/2022:22:52:44 -0800] "GET /issues/Reports/SBA_files/?C=S;O=D HTTP/1.1" 200 411 "-" "Mozilla/5.0 (compatible; Barkrowler/0.9; +https://babbar.tech/crawler)" "www.asbanet.org"
217.113.194.18 - - [15/Nov/2022:22:55:13 -0800] "GET /includes/us_more_on_pbor.html HTTP/1.1" 304 - "-" "Mozilla/5.0 (compatible; Barkrowler/0.9; +https://babbar.tech/crawler)" "www.asbanet.org"
217.113.194.3 - - [15/Nov/2022:22:57:43 -0800] "GET /includes/ok_more_on_sq695.html HTTP/1.1" 304 - "-" "Mozilla/5.0 (compatible; Barkrowler/0.9; +https://babbar.tech/crawler)" "www.asbanet.org"
216.244.66.200 - - [15/Nov/2022:22:59:40 -0800] "GET /robots.txt HTTP/1.1" 404 73 "-" "Mozilla/5.0 (compatible; DotBot/1.2; +https://opensiteexplorer.org/dotbot; help@moz.com)" "asbanet.org"
217.113.194.62 - - [15/Nov/2022:23:00:13 -0800] "GET /Mann/megadownload/images/?C=M;O=A HTTP/1.1" 200 532 "-" "Mozilla/5.0 (compatible; Barkrowler/0.9; +https://babbar.tech/crawler)" "www.asbanet.org"
217.113.194.1 - - [15/Nov/2022:23:02:42 -0800] "GET /Mann/megadownload/images/?C=D;O=A HTTP/1.1" 200 532 "-" "Mozilla/5.0 (compatible; Barkrowler/0.9; +https://babbar.tech/crawler)" "www.asbanet.org"
217.113.194.11 - - [15/Nov/2022:23:05:12 -0800] "GET /Mann/megadownload/images/?C=S;O=A HTTP/1.1" 200 526 "-" "Mozilla/5.0 (compatible; Barkrowler/0.9; +https://babbar.tech/crawler)" "www.asbanet.org"
217.113.194.12 - - [15/Nov/2022:23:07:43 -0800] "GET /Mann/megadownload/images/?C=N;O=D HTTP/1.1" 200 522 "-" "Mozilla/5.0 (compatible; Barkrowler/0.9; +https://babbar.tech/crawler)" "www.asbanet.org"
217.113.194.48 - - [15/Nov/2022:23:10:12 -0800] "GET /Mann/megadownload/?C=M;O=D HTTP/1.1" 200 395 "-" "Mozilla/5.0 (compatible; Barkrowler/0.9; +https://babbar.tech/crawler)" "www.asbanet.org"
217.113.194.19 - - [15/Nov/2022:23:12:41 -0800] "GET /Mann/megadownload/?C=S;O=D HTTP/1.1" 200 395 "-" "Mozilla/5.0 (compatible; Barkrowler/0.9; +https://babbar.tech/crawler)" "www.asbanet.org"
217.113.194.36 - - [15/Nov/2022:23:15:10 -0800] "GET /nh/contact/?C=D;O=D HTTP/1.1" 200 364 "-" "Mozilla/5.0 (compatible; Barkrowler/0.9; +https://babbar.tech/crawler)" "www.asbanet.org"
217.113.194.40 - - [15/Nov/2022:23:17:41 -0800] "GET /_old/voters/tax_fairness.html HTTP/1.1" 404 88 "-" "Mozilla/5.0 (compatible; Barkrowler/0.9; +https://babbar.tech/crawler)" "www.asbanet.org"
217.113.194.60 - - [15/Nov/2022:23:20:11 -0800] "GET /_old/voters/?C=M;O=D HTTP/1.1" 200 472 "-" "Mozilla/5.0 (compatible; Barkrowler/0.9; +https://babbar.tech/crawler)" "www.asbanet.org"
217.113.194.28 - - [15/Nov/2022:23:22:40 -0800] "GET /_old/voters/?C=S;O=D HTTP/1.1" 200 477 "-" "Mozilla/5.0 (compatible; Barkrowler/0.9; +https://babbar.tech/crawler)" "www.asbanet.org"
217.113.194.25 - - [15/Nov/2022:23:25:13 -0800] "GET /_old/voters/?C=D;O=D HTTP/1.1" 200 472 "-" "Mozilla/5.0 (compatible; Barkrowler/0.9; +https://babbar.tech/crawler)" "www.asbanet.org"
217.113.194.22 - - [15/Nov/2022:23:27:43 -0800] "GET /_old/voters/?C=N;O=A HTTP/1.1" 200 480 "-" "Mozilla/5.0 (compatible; Barkrowler/0.9; +https://babbar.tech/crawler)" "www.asbanet.org"
217.113.194.19 - - [15/Nov/2022:23:30:12 -0800] "GET /ok/join/?C=D;O=D HTTP/1.1" 200 399 "-" "Mozilla/5.0 (compatible; Barkrowler/0.9; +https://babbar.tech/crawler)" "www.asbanet.org"
217.113.194.22 - - [15/Nov/2022:23:32:41 -0800] "GET /ok/contact/?C=D;O=D HTTP/1.1" 200 364 "-" "Mozilla/5.0 (compatible; Barkrowler/0.9; +https://babbar.tech/crawler)" "www.asbanet.org"
217.113.194.5 - - [15/Nov/2022:23:35:10 -0800] "GET /images/Shannon/?C=D;O=D HTTP/1.1" 200 486 "-" "Mozilla/5.0 (compatible; Barkrowler/0.9; +https://babbar.tech/crawler)" "www.asbanet.org"
217.113.194.50 - - [15/Nov/2022:23:37:40 -0800] "GET /issues/PBR/asbatonfib.shtml HTTP/1.1" 304 - "-" "Mozilla/5.0 (compatible; Barkrowler/0.9; +https://babbar.tech/crawler)" "www.asbanet.org"
40.77.167.101 - - [15/Nov/2022:23:37:49 -0800] "GET /robots.txt HTTP/1.1" 404 88 "-" "Mozilla/5.0 AppleWebKit/537.36 (KHTML, like Gecko; compatible; bingbot/2.0; +http://www.bing.com/bingbot.htm) Chrome/103.0.5060.134 Safari/537.36" "www.asbanet.org"
40.77.167.55 - - [15/Nov/2022:23:37:59 -0800] "GET /issues/PBR/ HTTP/1.1" 200 450 "-" "Mozilla/5.0 AppleWebKit/537.36 (KHTML, like Gecko; compatible; bingbot/2.0; +http://www.bing.com/bingbot.htm) Chrome/103.0.5060.134 Safari/537.36" "www.asbanet.org"
217.113.194.48 - - [15/Nov/2022:23:40:09 -0800] "GET /issues/PBR/?C=M;O=D HTTP/1.1" 200 448 "-" "Mozilla/5.0 (compatible; Barkrowler/0.9; +https://babbar.tech/crawler)" "www.asbanet.org"
217.113.194.53 - - [15/Nov/2022:23:42:38 -0800] "GET /Mann/megadownload/images/?C=N;O=A HTTP/1.1" 200 532 "-" "Mozilla/5.0 (compatible; Barkrowler/0.9; +https://babbar.tech/crawler)" "www.asbanet.org"
217.113.194.8 - - [15/Nov/2022:23:45:08 -0800] "GET /Mann/megadownload/images/?C=M;O=D HTTP/1.1" 200 522 "-" "Mozilla/5.0 (compatible; Barkrowler/0.9; +https://babbar.tech/crawler)" "www.asbanet.org"
217.113.194.21 - - [15/Nov/2022:23:47:37 -0800] "GET /Mann/megadownload/images/?C=S;O=D HTTP/1.1" 200 523 "-" "Mozilla/5.0 (compatible; Barkrowler/0.9; +https://babbar.tech/crawler)" "www.asbanet.org"
123.125.109.110 - - [15/Nov/2022:23:48:24 -0800] "GET / HTTP/1.1" 200 4048 "-" "Sogou web spider/4.0(+http://www.sogou.com/docs/help/webmasters.htm#07)" "www.asbanet.org"
217.113.194.51 - - [15/Nov/2022:23:50:06 -0800] "GET /ok/issues/?C=D;O=D HTTP/1.1" 200 439 "-" "Mozilla/5.0 (compatible; Barkrowler/0.9; +https://babbar.tech/crawler)" "www.asbanet.org"
217.113.194.60 - - [15/Nov/2022:23:52:35 -0800] "GET /images/Shannon2/?C=D;O=D HTTP/1.1" 200 431 "-" "Mozilla/5.0 (compatible; Barkrowler/0.9; +https://babbar.tech/crawler)" "www.asbanet.org"
217.113.194.62 - - [15/Nov/2022:23:55:05 -0800] "GET /issues/Reports/SBA_files/editdata.mso HTTP/1.1" 404 88 "-" "Mozilla/5.0 (compatible; Barkrowler/0.9; +https://babbar.tech/crawler)" "www.asbanet.org"
217.113.194.52 - - [15/Nov/2022:23:57:34 -0800] "GET /_old/voters/work_workplace_issues.html HTTP/1.1" 404 88 "-" "Mozilla/5.0 (compatible; Barkrowler/0.9; +https://babbar.tech/crawler)" "www.asbanet.org"
217.113.194.20 - - [16/Nov/2022:00:00:04 -0800] "GET /images/Ross%20Relles/?C=D;O=D HTTP/1.1" 200 833 "-" "Mozilla/5.0 (compatible; Barkrowler/0.9; +https://babbar.tech/crawler)" "www.asbanet.org"
217.113.194.56 - - [16/Nov/2022:00:02:38 -0800] "GET /issues/Reports/SBA_files/?C=D;O=D HTTP/1.1" 200 411 "-" "Mozilla/5.0 (compatible; Barkrowler/0.9; +https://babbar.tech/crawler)" "www.asbanet.org"
217.113.194.50 - - [16/Nov/2022:00:05:08 -0800] "GET /Mann/megadownload/?C=D;O=D HTTP/1.1" 200 395 "-" "Mozilla/5.0 (compatible; Barkrowler/0.9; +https://babbar.tech/crawler)" "www.asbanet.org"
217.113.194.37 - - [16/Nov/2022:00:07:44 -0800] "GET /Mann/megadownload/images/?C=D;O=D HTTP/1.1" 200 522 "-" "Mozilla/5.0 (compatible; Barkrowler/0.9; +https://babbar.tech/crawler)" "www.asbanet.org"
216.244.66.200 - - [16/Nov/2022:00:43:59 -0800] "GET /robots.txt HTTP/1.1" 404 73 "-" "Mozilla/5.0 (compatible; DotBot/1.2; +https://opensiteexplorer.org/dotbot; help@moz.com)" "asbanet.org"
40.77.167.55 - - [16/Nov/2022:00:59:49 -0800] "GET /images/98%20House%20scorecard.pdf HTTP/1.1" 404 88 "-" "Mozilla/5.0 (compatible; bingbot/2.0; +http://www.bing.com/bingbot.htm)" "asbanet.org"
216.244.66.200 - - [16/Nov/2022:01:02:30 -0800] "GET /Mann/megadownload/?D=D HTTP/1.1" 200 878 "-" "Mozilla/5.0 (compatible; DotBot/1.2; +https://opensiteexplorer.org/dotbot; help@moz.com)" "asbanet.org"
216.244.66.200 - - [16/Nov/2022:01:02:58 -0800] "GET /images/Shannon/?M=D HTTP/1.1" 200 2109 "-" "Mozilla/5.0 (compatible; DotBot/1.2; +https://opensiteexplorer.org/dotbot; help@moz.com)" "asbanet.org"
216.244.66.200 - - [16/Nov/2022:01:35:42 -0800] "GET /robots.txt HTTP/1.1" 404 73 "-" "Mozilla/5.0 (compatible; DotBot/1.2; +https://opensiteexplorer.org/dotbot; help@moz.com)" "asbanet.org"
216.244.66.200 - - [16/Nov/2022:02:05:37 -0800] "GET /moad/moadtest.htm HTTP/1.1" 200 5175 "-" "Mozilla/5.0 (compatible; DotBot/1.2; +https://opensiteexplorer.org/dotbot; help@moz.com)" "asbanet.org"
216.244.66.200 - - [16/Nov/2022:02:28:13 -0800] "GET /robots.txt HTTP/1.1" 404 73 "-" "Mozilla/5.0 (compatible; DotBot/1.2; +https://opensiteexplorer.org/dotbot; help@moz.com)" "asbanet.org"
66.249.66.197 - - [16/Nov/2022:02:31:25 -0800] "GET /robots.txt HTTP/1.1" 404 88 "-" "Mozilla/5.0 (compatible; Googlebot/2.1; +http://www.google.com/bot.html)" "www.asbanet.org"
216.244.66.200 - - [16/Nov/2022:02:49:13 -0800] "GET /images/issues/?N=A HTTP/1.1" 200 1838 "-" "Mozilla/5.0 (compatible; DotBot/1.2; +https://opensiteexplorer.org/dotbot; help@moz.com)" "asbanet.org"
216.244.66.200 - - [16/Nov/2022:03:20:25 -0800] "GET /robots.txt HTTP/1.1" 404 73 "-" "Mozilla/5.0 (compatible; DotBot/1.2; +https://opensiteexplorer.org/dotbot; help@moz.com)" "asbanet.org"
216.244.66.200 - - [16/Nov/2022:03:49:48 -0800] "GET /images/Shannon2/?D=D HTTP/1.1" 200 1493 "-" "Mozilla/5.0 (compatible; DotBot/1.2; +https://opensiteexplorer.org/dotbot; help@moz.com)" "asbanet.org"
216.244.66.200 - - [16/Nov/2022:03:49:57 -0800] "GET /images/voices/?N=D HTTP/1.1" 200 2277 "-" "Mozilla/5.0 (compatible; DotBot/1.2; +https://opensiteexplorer.org/dotbot; help@moz.com)" "asbanet.org"
216.244.66.200 - - [16/Nov/2022:03:50:05 -0800] "GET /images/voterguide/?N=D HTTP/1.1" 200 914 "-" "Mozilla/5.0 (compatible; DotBot/1.2; +https://opensiteexplorer.org/dotbot; help@moz.com)" "asbanet.org"
123.125.109.116 - - [16/Nov/2022:03:50:48 -0800] "GET / HTTP/1.1" 200 4048 "-" "Sogou web spider/4.0(+http://www.sogou.com/docs/help/webmasters.htm#07)" "www.asbanet.org"
114.119.138.70 - - [16/Nov/2022:03:55:05 -0800] "GET /fl/benefits.shtml HTTP/1.1" 200 3984 "https://www.asbanet.org/fl?S=A" "Mozilla/5.0 (Linux; Android 7.0;) AppleWebKit/537.36 (KHTML, like Gecko) Mobile Safari/537.36 (compatible; PetalBot;+https://webmaster.petalsearch.com/site/petalbot)" "www.asbanet.org"
216.244.66.200 - - [16/Nov/2022:04:12:04 -0800] "GET /robots.txt HTTP/1.1" 404 73 "-" "Mozilla/5.0 (compatible; DotBot/1.2; +https://opensiteexplorer.org/dotbot; help@moz.com)" "asbanet.org"
40.77.167.105 - - [16/Nov/2022:04:20:14 -0800] "GET /robots.txt HTTP/1.1" 404 88 "-" "Mozilla/5.0 (compatible; bingbot/2.0; +http://www.bing.com/bingbot.htm)" "asbanet.org"
40.77.167.105 - - [16/Nov/2022:04:20:14 -0800] "GET /robots.txt HTTP/1.1" 404 88 "-" "Mozilla/5.0 (compatible; bingbot/2.0; +http://www.bing.com/bingbot.htm)" "asbanet.org"
157.55.39.111 - - [16/Nov/2022:04:20:26 -0800] "GET / HTTP/1.1" 200 4048 "-" "Mozilla/5.0 (compatible; bingbot/2.0; +http://www.bing.com/bingbot.htm)" "asbanet.org"
114.119.138.65 - - [16/Nov/2022:04:26:04 -0800] "GET /images?S=A HTTP/1.1" 301 1408 "http://asbanet.org/images?N=A" "Mozilla/5.0 (Linux; Android 7.0;) AppleWebKit/537.36 (KHTML, like Gecko) Mobile Safari/537.36 (compatible; PetalBot;+https://webmaster.petalsearch.com/site/petalbot)" "asbanet.org"
114.119.138.65 - - [16/Nov/2022:04:26:05 -0800] "GET /images/?S=A HTTP/1.1" 200 844 "http://asbanet.org/images?N=A" "Mozilla/5.0 (Linux; Android 7.0;) AppleWebKit/537.36 (KHTML, like Gecko) Mobile Safari/537.36 (compatible; PetalBot;+https://webmaster.petalsearch.com/site/petalbot)" "asbanet.org"
114.119.138.74 - - [16/Nov/2022:04:47:40 -0800] "GET /images/Shannon HTTP/1.1" 301 1414 "http://asbanet.org/images?C=N%3BO%3DD" "Mozilla/5.0 (Linux; Android 7.0;) AppleWebKit/537.36 (KHTML, like Gecko) Mobile Safari/537.36 (compatible; PetalBot;+https://webmaster.petalsearch.com/site/petalbot)" "asbanet.org"
114.119.138.74 - - [16/Nov/2022:04:47:44 -0800] "GET /images/Shannon/ HTTP/1.1" 200 489 "http://asbanet.org/images?C=N%3BO%3DD" "Mozilla/5.0 (Linux; Android 7.0;) AppleWebKit/537.36 (KHTML, like Gecko) Mobile Safari/537.36 (compatible; PetalBot;+https://webmaster.petalsearch.com/site/petalbot)" "asbanet.org"
216.244.66.200 - - [16/Nov/2022:05:03:56 -0800] "GET /robots.txt HTTP/1.1" 404 73 "-" "Mozilla/5.0 (compatible; DotBot/1.2; +https://opensiteexplorer.org/dotbot; help@moz.com)" "asbanet.org"
114.119.138.74 - - [16/Nov/2022:05:04:43 -0800] "GET /index.shtm HTTP/1.1" 404 88 "http://asbanet.org/includes/ok_nav.html" "Mozilla/5.0 (Linux; Android 7.0;) AppleWebKit/537.36 (KHTML, like Gecko) Mobile Safari/537.36 (compatible; PetalBot;+https://webmaster.petalsearch.com/site/petalbot)" "asbanet.org"
114.119.138.77 - - [16/Nov/2022:05:07:02 -0800] "GET /issues/PBR/ HTTP/1.1" 200 450 "http://www.asbanet.org/issues?D=A" "Mozilla/5.0 (Linux; Android 7.0;) AppleWebKit/537.36 (KHTML, like Gecko) Mobile Safari/537.36 (compatible; PetalBot;+https://webmaster.petalsearch.com/site/petalbot)" "www.asbanet.org"
114.119.138.77 - - [16/Nov/2022:05:22:21 -0800] "GET /includes/nh_get_involved.html HTTP/1.1" 200 484 "http://www.asbanet.org/includes/" "Mozilla/5.0 (Linux; Android 7.0;) AppleWebKit/537.36 (KHTML, like Gecko) Mobile Safari/537.36 (compatible; PetalBot;+https://webmaster.petalsearch.com/site/petalbot)" "www.asbanet.org"
114.119.138.74 - - [16/Nov/2022:05:36:14 -0800] "GET /ok/issues/?C=S%3BO%3DA HTTP/1.1" 200 440 "http://asbanet.org/ok/issues?M=D" "Mozilla/5.0 (Linux; Android 7.0;) AppleWebKit/537.36 (KHTML, like Gecko) Mobile Safari/537.36 (compatible; PetalBot;+https://webmaster.petalsearch.com/site/petalbot)" "asbanet.org"
35.187.113.181 - - [16/Nov/2022:05:42:39 -0800] "GET / HTTP/1.1" 200 4048 "-" "Mozilla/5.0 (Macintosh; Intel Mac OS X 10.11; rv:52.0) Gecko/20100101 Firefox/52.0" "asbanet.org"
114.119.138.74 - - [16/Nov/2022:05:44:17 -0800] "GET /issues/Stimulus/_notes/?C=M%3BO%3DA HTTP/1.1" 200 327 "http://asbanet.org/issues/Stimulus/_notes?M=A" "Mozilla/5.0 (Linux; Android 7.0;) AppleWebKit/537.36 (KHTML, like Gecko) Mobile Safari/537.36 (compatible; PetalBot;+https://webmaster.petalsearch.com/site/petalbot)" "asbanet.org"
216.244.66.200 - - [16/Nov/2022:05:55:53 -0800] "GET /robots.txt HTTP/1.1" 404 73 "-" "Mozilla/5.0 (compatible; DotBot/1.2; +https://opensiteexplorer.org/dotbot; help@moz.com)" "asbanet.org"
114.119.138.77 - - [16/Nov/2022:06:25:00 -0800] "GET /images/Shannon?S=D HTTP/1.1" 301 1419 "http://www.asbanet.org/images/Shannon?S=A" "Mozilla/5.0 (Linux; Android 7.0;) AppleWebKit/537.36 (KHTML, like Gecko) Mobile Safari/537.36 (compatible; PetalBot;+https://webmaster.petalsearch.com/site/petalbot)" "www.asbanet.org"
114.119.138.77 - - [16/Nov/2022:06:25:01 -0800] "GET /images/Shannon/?S=D HTTP/1.1" 200 489 "http://www.asbanet.org/images/Shannon?S=A" "Mozilla/5.0 (Linux; Android 7.0;) AppleWebKit/537.36 (KHTML, like Gecko) Mobile Safari/537.36 (compatible; PetalBot;+https://webmaster.petalsearch.com/site/petalbot)" "www.asbanet.org"
