185.191.171.8 - - [06/Nov/2022:02:17:15 -0800] "GET /Mann/?C=S%3BO%3DA HTTP/1.1" 200 355 "-" "Mozilla/5.0 (compatible; SemrushBot/7~bl; +http://www.semrush.com/bot.html)" "asbanet.org"
185.191.171.18 - - [06/Nov/2022:02:22:05 -0800] "GET /issues/PBR/8reasons.shtml HTTP/1.1" 200 8795 "-" "Mozilla/5.0 (compatible; SemrushBot/7~bl; +http://www.semrush.com/bot.html)" "asbanet.org"
185.191.171.9 - - [06/Nov/2022:02:26:23 -0800] "GET /ok/about/?C=N%3BO%3DD HTTP/1.1" 200 366 "-" "Mozilla/5.0 (compatible; SemrushBot/7~bl; +http://www.semrush.com/bot.html)" "asbanet.org"
45.86.210.182 - - [06/Nov/2022:02:31:11 -0800] "GET /index.shtml HTTP/1.1" 404 73 "-" "Mozilla/5.0 (Windows NT 10.0; Win64; x64) AppleWebKit/537.36 (KHTML, like Gecko) Chrome/89.0.4389.90 Safari/537.36" "www.asbanet.org"
45.86.210.182 - - [06/Nov/2022:02:31:11 -0800] "GET /index.shtml HTTP/1.1" 404 73 "-" "Mozilla/5.0 (Windows NT 10.0; Win64; x64) AppleWebKit/537.36 (KHTML, like Gecko) Chrome/89.0.4389.90 Safari/537.36" "www.asbanet.org"
114.119.138.70 - - [06/Nov/2022:02:32:11 -0800] "GET /fl/?C=D%3BO%3DA HTTP/1.1" 200 499 "http://www.asbanet.org/fl" "Mozilla/5.0 (Linux; Android 7.0;) AppleWebKit/537.36 (KHTML, like Gecko) Mobile Safari/537.36 (compatible; PetalBot;+https://webmaster.petalsearch.com/site/petalbot)" "www.asbanet.org"
114.119.138.65 - - [06/Nov/2022:02:33:38 -0800] "GET /join/thankyou.shtml HTTP/1.1" 200 2684 "http://asbanet.org/join" "Mozilla/5.0 (Linux; Android 7.0;) AppleWebKit/537.36 (KHTML, like Gecko) Mobile Safari/537.36 (compatible; PetalBot;+https://webmaster.petalsearch.com/site/petalbot)" "asbanet.org"
185.191.171.8 - - [06/Nov/2022:02:35:09 -0800] "GET /robots.txt HTTP/1.1" 404 88 "-" "Mozilla/5.0 (compatible; SemrushBot/7~bl; +http://www.semrush.com/bot.html)" "asbanet.org"
185.191.171.39 - - [06/Nov/2022:02:35:10 -0800] "GET /ok/issues/?C=D%3BO%3DA HTTP/1.1" 200 440 "-" "Mozilla/5.0 (compatible; SemrushBot/7~bl; +http://www.semrush.com/bot.html)" "asbanet.org"
128.14.134.170 - - [06/Nov/2022:02:36:41 -0800] "GET / HTTP/1.1" 200 4048 "-" "Mozilla/5.0 (Windows NT 10.0; Win64; x64) AppleWebKit/537.36 (KHTML, like Gecko) Chrome/60.0.3112.113 Safari/537.36" "www.asbanet.org"
5.102.173.71 - - [06/Nov/2022:02:37:04 -0800] "GET /robots.txt HTTP/1.1" 404 88 "-" "Mozilla/5.0 (compatible; MojeekBot/0.11; +https://www.mojeek.com/bot.html)" "www.asbanet.org"
5.102.173.71 - - [06/Nov/2022:02:37:05 -0800] "GET /moad/?C=D;O=A HTTP/1.1" 200 453 "-" "Mozilla/5.0 (compatible; MojeekBot/0.11; +https://www.mojeek.com/bot.html)" "www.asbanet.org"
114.119.138.77 - - [06/Nov/2022:02:37:18 -0800] "GET /ok/about HTTP/1.1" 301 1411 "https://www.asbanet.org/ok?C=N%3BO%3DD" "Mozilla/5.0 (Linux; Android 7.0;) AppleWebKit/537.36 (KHTML, like Gecko) Mobile Safari/537.36 (compatible; PetalBot;+https://webmaster.petalsearch.com/site/petalbot)" "www.asbanet.org"
114.119.138.77 - - [06/Nov/2022:02:37:22 -0800] "GET /ok/about/ HTTP/1.1" 200 366 "https://www.asbanet.org/ok?C=N%3BO%3DD" "Mozilla/5.0 (Linux; Android 7.0;) AppleWebKit/537.36 (KHTML, like Gecko) Mobile Safari/537.36 (compatible; PetalBot;+https://webmaster.petalsearch.com/site/petalbot)" "www.asbanet.org"
185.191.171.2 - - [06/Nov/2022:02:38:25 -0800] "GET /issues/PBR/abouthc.shtml HTTP/1.1" 200 6650 "-" "Mozilla/5.0 (compatible; SemrushBot/7~bl; +http://www.semrush.com/bot.html)" "asbanet.org"
157.90.181.207 - - [06/Nov/2022:02:40:04 -0800] "GET /robots.txt HTTP/1.1" 404 88 "-" "Mozilla/5.0 (compatible; BLEXBot/1.0; +http://webmeup-crawler.com/)" "asbanet.org"
157.90.181.207 - - [06/Nov/2022:02:40:04 -0800] "GET /sitemap HTTP/1.1" 404 88 "-" "Mozilla/5.0 (compatible; BLEXBot/1.0; +http://webmeup-crawler.com/)" "asbanet.org"
157.90.181.207 - - [06/Nov/2022:02:40:08 -0800] "GET /sitemap.txt HTTP/1.1" 404 88 "-" "Mozilla/5.0 (compatible; BLEXBot/1.0; +http://webmeup-crawler.com/)" "asbanet.org"
157.90.181.207 - - [06/Nov/2022:02:40:11 -0800] "GET /about/?C=D;O=A HTTP/1.1" 200 361 "-" "Mozilla/5.0 (compatible; BLEXBot/1.0; +http://webmeup-crawler.com/)" "asbanet.org"
157.90.181.207 - - [06/Nov/2022:02:40:14 -0800] "GET /about/?C=M;O=A HTTP/1.1" 200 361 "-" "Mozilla/5.0 (compatible; BLEXBot/1.0; +http://webmeup-crawler.com/)" "asbanet.org"
157.90.181.207 - - [06/Nov/2022:02:40:23 -0800] "GET /about/?C=N;O=D HTTP/1.1" 200 359 "-" "Mozilla/5.0 (compatible; BLEXBot/1.0; +http://webmeup-crawler.com/)" "asbanet.org"
157.90.181.207 - - [06/Nov/2022:02:40:27 -0800] "GET /about/?C=S;O=A HTTP/1.1" 200 361 "-" "Mozilla/5.0 (compatible; BLEXBot/1.0; +http://webmeup-crawler.com/)" "asbanet.org"
157.90.181.207 - - [06/Nov/2022:02:40:33 -0800] "GET /about/index.shtml HTTP/1.1" 200 9117 "-" "Mozilla/5.0 (compatible; BLEXBot/1.0; +http://webmeup-crawler.com/)" "asbanet.org"
157.90.181.207 - - [06/Nov/2022:02:41:09 -0800] "GET /contact/?C=D;O=A HTTP/1.1" 200 362 "-" "Mozilla/5.0 (compatible; BLEXBot/1.0; +http://webmeup-crawler.com/)" "asbanet.org"
157.90.181.207 - - [06/Nov/2022:02:41:13 -0800] "GET /contact/?C=M;O=A HTTP/1.1" 200 362 "-" "Mozilla/5.0 (compatible; BLEXBot/1.0; +http://webmeup-crawler.com/)" "asbanet.org"
185.191.171.17 - - [06/Nov/2022:02:41:14 -0800] "GET /fl/includes/?C=S%3BO%3DA HTTP/1.1" 200 369 "-" "Mozilla/5.0 (compatible; SemrushBot/7~bl; +http://www.semrush.com/bot.html)" "asbanet.org"
157.90.181.207 - - [06/Nov/2022:02:41:20 -0800] "GET /contact/?C=N;O=D HTTP/1.1" 200 360 "-" "Mozilla/5.0 (compatible; BLEXBot/1.0; +http://webmeup-crawler.com/)" "asbanet.org"
157.90.181.207 - - [06/Nov/2022:02:41:23 -0800] "GET /contact/?C=S;O=A HTTP/1.1" 200 362 "-" "Mozilla/5.0 (compatible; BLEXBot/1.0; +http://webmeup-crawler.com/)" "asbanet.org"
157.90.181.207 - - [06/Nov/2022:02:41:28 -0800] "GET /contact/index.shtml HTTP/1.1" 200 2466 "-" "Mozilla/5.0 (compatible; BLEXBot/1.0; +http://webmeup-crawler.com/)" "asbanet.org"
157.90.181.207 - - [06/Nov/2022:02:41:30 -0800] "GET /issues/?C=D;O=A HTTP/1.1" 200 416 "-" "Mozilla/5.0 (compatible; BLEXBot/1.0; +http://webmeup-crawler.com/)" "asbanet.org"
216.244.66.200 - - [06/Nov/2022:02:41:31 -0800] "GET /robots.txt HTTP/1.1" 404 73 "-" "Mozilla/5.0 (compatible; DotBot/1.2; +https://opensiteexplorer.org/dotbot; help@moz.com)" "asbanet.org"
157.90.181.207 - - [06/Nov/2022:02:41:33 -0800] "GET /issues/?C=M;O=A HTTP/1.1" 200 416 "-" "Mozilla/5.0 (compatible; BLEXBot/1.0; +http://webmeup-crawler.com/)" "asbanet.org"
157.90.181.207 - - [06/Nov/2022:02:41:38 -0800] "GET /issues/?C=N;O=D HTTP/1.1" 200 421 "-" "Mozilla/5.0 (compatible; BLEXBot/1.0; +http://webmeup-crawler.com/)" "asbanet.org"
157.90.181.207 - - [06/Nov/2022:02:41:43 -0800] "GET /issues/?C=S;O=A HTTP/1.1" 200 416 "-" "Mozilla/5.0 (compatible; BLEXBot/1.0; +http://webmeup-crawler.com/)" "asbanet.org"
157.90.181.207 - - [06/Nov/2022:02:41:46 -0800] "GET /issues/PBR/ HTTP/1.1" 200 450 "-" "Mozilla/5.0 (compatible; BLEXBot/1.0; +http://webmeup-crawler.com/)" "asbanet.org"
157.90.181.207 - - [06/Nov/2022:02:41:48 -0800] "GET /issues/Reports/ HTTP/1.1" 200 438 "-" "Mozilla/5.0 (compatible; BLEXBot/1.0; +http://webmeup-crawler.com/)" "asbanet.org"
157.90.181.207 - - [06/Nov/2022:02:41:53 -0800] "GET /issues/Stimulus/ HTTP/1.1" 200 397 "-" "Mozilla/5.0 (compatible; BLEXBot/1.0; +http://webmeup-crawler.com/)" "asbanet.org"
157.90.181.207 - - [06/Nov/2022:02:41:58 -0800] "GET /issues/index.shtml HTTP/1.1" 200 4633 "-" "Mozilla/5.0 (compatible; BLEXBot/1.0; +http://webmeup-crawler.com/)" "asbanet.org"
157.90.181.207 - - [06/Nov/2022:02:42:01 -0800] "GET /join/?C=D;O=A HTTP/1.1" 200 394 "-" "Mozilla/5.0 (compatible; BLEXBot/1.0; +http://webmeup-crawler.com/)" "asbanet.org"
157.90.181.207 - - [06/Nov/2022:02:42:05 -0800] "GET /join/?C=M;O=A HTTP/1.1" 200 395 "-" "Mozilla/5.0 (compatible; BLEXBot/1.0; +http://webmeup-crawler.com/)" "asbanet.org"
157.90.181.207 - - [06/Nov/2022:02:42:08 -0800] "GET /join/?C=N;O=D HTTP/1.1" 200 393 "-" "Mozilla/5.0 (compatible; BLEXBot/1.0; +http://webmeup-crawler.com/)" "asbanet.org"
157.90.181.207 - - [06/Nov/2022:02:42:19 -0800] "GET /join/?C=S;O=A HTTP/1.1" 200 395 "-" "Mozilla/5.0 (compatible; BLEXBot/1.0; +http://webmeup-crawler.com/)" "asbanet.org"
157.90.181.207 - - [06/Nov/2022:02:42:22 -0800] "GET /join/error.shtml HTTP/1.1" 200 2337 "-" "Mozilla/5.0 (compatible; BLEXBot/1.0; +http://webmeup-crawler.com/)" "asbanet.org"
157.90.181.207 - - [06/Nov/2022:02:42:28 -0800] "GET /join/thankyou.shtml HTTP/1.1" 200 2684 "-" "Mozilla/5.0 (compatible; BLEXBot/1.0; +http://webmeup-crawler.com/)" "asbanet.org"
157.90.181.207 - - [06/Nov/2022:02:42:31 -0800] "GET /resources/?C=D;O=A HTTP/1.1" 200 365 "-" "Mozilla/5.0 (compatible; BLEXBot/1.0; +http://webmeup-crawler.com/)" "asbanet.org"
157.90.181.207 - - [06/Nov/2022:02:42:35 -0800] "GET /resources/?C=M;O=A HTTP/1.1" 200 365 "-" "Mozilla/5.0 (compatible; BLEXBot/1.0; +http://webmeup-crawler.com/)" "asbanet.org"
157.90.181.207 - - [06/Nov/2022:02:42:36 -0800] "GET /resources/?C=N;O=D HTTP/1.1" 200 363 "-" "Mozilla/5.0 (compatible; BLEXBot/1.0; +http://webmeup-crawler.com/)" "asbanet.org"
157.90.181.207 - - [06/Nov/2022:02:42:44 -0800] "GET /resources/?C=S;O=A HTTP/1.1" 200 365 "-" "Mozilla/5.0 (compatible; BLEXBot/1.0; +http://webmeup-crawler.com/)" "asbanet.org"
157.90.181.207 - - [06/Nov/2022:02:42:46 -0800] "GET /resources/index.shtml HTTP/1.1" 200 7043 "-" "Mozilla/5.0 (compatible; BLEXBot/1.0; +http://webmeup-crawler.com/)" "asbanet.org"
185.191.171.11 - - [06/Nov/2022:02:42:56 -0800] "GET /miscellaneous/?C=S%3BO%3DA HTTP/1.1" 200 577 "-" "Mozilla/5.0 (compatible; SemrushBot/7~bl; +http://www.semrush.com/bot.html)" "asbanet.org"
185.191.171.21 - - [06/Nov/2022:02:50:28 -0800] "GET /images/Shannon2/?C=D%3BO%3DA HTTP/1.1" 200 434 "-" "Mozilla/5.0 (compatible; SemrushBot/7~bl; +http://www.semrush.com/bot.html)" "asbanet.org"
185.191.171.45 - - [06/Nov/2022:02:51:36 -0800] "GET /links/?C=S%3BO%3DA HTTP/1.1" 200 361 "-" "Mozilla/5.0 (compatible; SemrushBot/7~bl; +http://www.semrush.com/bot.html)" "asbanet.org"
114.119.138.74 - - [06/Nov/2022:02:58:18 -0800] "GET /_old/voters?D=D HTTP/1.1" 301 1413 "http://asbanet.org/_old/voters?D=A" "Mozilla/5.0 (Linux; Android 7.0;) AppleWebKit/537.36 (KHTML, like Gecko) Mobile Safari/537.36 (compatible; PetalBot;+https://webmaster.petalsearch.com/site/petalbot)" "asbanet.org"
114.119.138.74 - - [06/Nov/2022:02:58:18 -0800] "GET /_old/voters/?D=D HTTP/1.1" 200 480 "http://asbanet.org/_old/voters?D=A" "Mozilla/5.0 (Linux; Android 7.0;) AppleWebKit/537.36 (KHTML, like Gecko) Mobile Safari/537.36 (compatible; PetalBot;+https://webmaster.petalsearch.com/site/petalbot)" "asbanet.org"
185.191.171.1 - - [06/Nov/2022:02:58:59 -0800] "GET /ok/?C=M%3BO%3DA HTTP/1.1" 200 425 "-" "Mozilla/5.0 (compatible; SemrushBot/7~bl; +http://www.semrush.com/bot.html)" "asbanet.org"
51.222.253.12 - - [06/Nov/2022:03:01:28 -0800] "GET /robots.txt HTTP/1.1" 404 88 "-" "Mozilla/5.0 (compatible; AhrefsBot/7.0; +http://ahrefs.com/robot/)" "www.asbanet.org"
51.222.253.8 - - [06/Nov/2022:03:01:28 -0800] "GET /_old/voters/?C=M;O=D HTTP/1.1" 200 472 "-" "Mozilla/5.0 (compatible; AhrefsBot/7.0; +http://ahrefs.com/robot/)" "www.asbanet.org"
216.244.66.200 - - [06/Nov/2022:03:09:08 -0800] "GET /nh/issues.shtml HTTP/1.1" 200 4938 "-" "Mozilla/5.0 (compatible; DotBot/1.2; +https://opensiteexplorer.org/dotbot; help@moz.com)" "asbanet.org"
185.191.171.37 - - [06/Nov/2022:03:12:51 -0800] "GET /links/?C=N%3BO%3DD HTTP/1.1" 200 361 "-" "Mozilla/5.0 (compatible; SemrushBot/7~bl; +http://www.semrush.com/bot.html)" "asbanet.org"
185.191.171.40 - - [06/Nov/2022:03:14:36 -0800] "GET /issues/PBR/?C=N%3BO%3DD HTTP/1.1" 200 450 "-" "Mozilla/5.0 (compatible; SemrushBot/7~bl; +http://www.semrush.com/bot.html)" "asbanet.org"
51.222.253.12 - - [06/Nov/2022:03:20:31 -0800] "GET /images/Shannon2/ HTTP/1.1" 200 434 "-" "Mozilla/5.0 (compatible; AhrefsBot/7.0; +http://ahrefs.com/robot/)" "www.asbanet.org"
114.119.138.65 - - [06/Nov/2022:03:22:04 -0800] "GET /maine?S=A HTTP/1.1" 301 1409 "http://www.asbanet.org/maine?N=D" "Mozilla/5.0 (Linux; Android 7.0;) AppleWebKit/537.36 (KHTML, like Gecko) Mobile Safari/537.36 (compatible; PetalBot;+https://webmaster.petalsearch.com/site/petalbot)" "www.asbanet.org"
114.119.138.65 - - [06/Nov/2022:03:22:06 -0800] "GET /maine/?S=A HTTP/1.1" 200 431 "http://www.asbanet.org/maine?N=D" "Mozilla/5.0 (Linux; Android 7.0;) AppleWebKit/537.36 (KHTML, like Gecko) Mobile Safari/537.36 (compatible; PetalBot;+https://webmaster.petalsearch.com/site/petalbot)" "www.asbanet.org"
185.191.171.44 - - [06/Nov/2022:03:25:56 -0800] "GET /includes/?C=D%3BO%3DA HTTP/1.1" 200 770 "-" "Mozilla/5.0 (compatible; SemrushBot/7~bl; +http://www.semrush.com/bot.html)" "asbanet.org"
185.191.171.40 - - [06/Nov/2022:03:29:06 -0800] "GET /voterguide/?C=M%3BO%3DA HTTP/1.1" 200 365 "-" "Mozilla/5.0 (compatible; SemrushBot/7~bl; +http://www.semrush.com/bot.html)" "asbanet.org"
185.191.171.6 - - [06/Nov/2022:03:30:46 -0800] "GET / HTTP/1.1" 200 4048 "-" "Mozilla/5.0 (compatible; SemrushBot/7~bl; +http://www.semrush.com/bot.html)" "asbanet.org"
185.191.171.25 - - [06/Nov/2022:03:32:13 -0800] "GET /images/nav/?C=D%3BO%3DA HTTP/1.1" 200 1121 "-" "Mozilla/5.0 (compatible; SemrushBot/7~bl; +http://www.semrush.com/bot.html)" "asbanet.org"
185.191.171.2 - - [06/Nov/2022:03:34:02 -0800] "GET /images/Ross%20Relles/?C=M%3BO%3DA HTTP/1.1" 200 834 "-" "Mozilla/5.0 (compatible; SemrushBot/7~bl; +http://www.semrush.com/bot.html)" "asbanet.org"
185.191.171.1 - - [06/Nov/2022:03:36:28 -0800] "GET /robots.txt HTTP/1.1" 404 88 "-" "Mozilla/5.0 (compatible; SemrushBot/7~bl; +http://www.semrush.com/bot.html)" "asbanet.org"
185.191.171.38 - - [06/Nov/2022:03:36:28 -0800] "GET /ok/issues/?C=N%3BO%3DD HTTP/1.1" 200 440 "-" "Mozilla/5.0 (compatible; SemrushBot/7~bl; +http://www.semrush.com/bot.html)" "asbanet.org"
216.244.66.200 - - [06/Nov/2022:03:36:44 -0800] "GET /robots.txt HTTP/1.1" 404 73 "-" "Mozilla/5.0 (compatible; DotBot/1.2; +https://opensiteexplorer.org/dotbot; help@moz.com)" "asbanet.org"
185.191.171.7 - - [06/Nov/2022:03:37:38 -0800] "GET /maine/?C=S%3BO%3DA HTTP/1.1" 200 431 "-" "Mozilla/5.0 (compatible; SemrushBot/7~bl; +http://www.semrush.com/bot.html)" "asbanet.org"
51.222.253.9 - - [06/Nov/2022:03:40:15 -0800] "GET /images/voices/?C=N;O=D HTTP/1.1" 200 547 "-" "Mozilla/5.0 (compatible; AhrefsBot/7.0; +http://ahrefs.com/robot/)" "asbanet.org"
185.191.171.18 - - [06/Nov/2022:03:42:24 -0800] "GET /issues/Reports/ HTTP/1.1" 200 438 "-" "Mozilla/5.0 (compatible; SemrushBot/7~bl; +http://www.semrush.com/bot.html)" "asbanet.org"
185.191.171.44 - - [06/Nov/2022:03:42:26 -0800] "GET /contact/?C=D%3BO%3DA HTTP/1.1" 200 362 "-" "Mozilla/5.0 (compatible; SemrushBot/7~bl; +http://www.semrush.com/bot.html)" "asbanet.org"
185.191.171.44 - - [06/Nov/2022:03:43:44 -0800] "GET /issues/Reports/?C=S%3BO%3DA HTTP/1.1" 200 438 "-" "Mozilla/5.0 (compatible; SemrushBot/7~bl; +http://www.semrush.com/bot.html)" "asbanet.org"
61.135.159.197 - - [06/Nov/2022:03:45:52 -0800] "GET / HTTP/1.1" 200 4048 "-" "Sogou web spider/4.0(+http://www.sogou.com/docs/help/webmasters.htm#07)" "www.asbanet.org"
114.119.138.70 - - [06/Nov/2022:03:54:44 -0800] "GET /fl?M=D HTTP/1.1" 301 1406 "https://asbanet.org/fl?M=A" "Mozilla/5.0 (Linux; Android 7.0;) AppleWebKit/537.36 (KHTML, like Gecko) Mobile Safari/537.36 (compatible; PetalBot;+https://webmaster.petalsearch.com/site/petalbot)" "asbanet.org"
114.119.138.70 - - [06/Nov/2022:03:54:46 -0800] "GET /fl/?M=D HTTP/1.1" 200 499 "https://asbanet.org/fl?M=A" "Mozilla/5.0 (Linux; Android 7.0;) AppleWebKit/537.36 (KHTML, like Gecko) Mobile Safari/537.36 (compatible; PetalBot;+https://webmaster.petalsearch.com/site/petalbot)" "asbanet.org"
185.191.171.1 - - [06/Nov/2022:03:56:42 -0800] "GET /alaska/?C=D%3BO%3DA HTTP/1.1" 200 542 "-" "Mozilla/5.0 (compatible; SemrushBot/7~bl; +http://www.semrush.com/bot.html)" "asbanet.org"
185.191.171.5 - - [06/Nov/2022:04:02:17 -0800] "GET /images/?C=N%3BO%3DD HTTP/1.1" 200 844 "-" "Mozilla/5.0 (compatible; SemrushBot/7~bl; +http://www.semrush.com/bot.html)" "asbanet.org"
185.191.171.14 - - [06/Nov/2022:04:03:17 -0800] "GET /join/index.shtml HTTP/1.1" 200 7451 "-" "Mozilla/5.0 (compatible; SemrushBot/7~bl; +http://www.semrush.com/bot.html)" "asbanet.org"
51.222.253.13 - - [06/Nov/2022:04:03:47 -0800] "GET / HTTP/1.1" 200 4048 "-" "Mozilla/5.0 (compatible; AhrefsBot/7.0; +http://ahrefs.com/robot/)" "www.asbanet.org"
185.191.171.9 - - [06/Nov/2022:04:05:26 -0800] "GET /alaska/?C=N%3BO%3DD HTTP/1.1" 200 542 "-" "Mozilla/5.0 (compatible; SemrushBot/7~bl; +http://www.semrush.com/bot.html)" "asbanet.org"
114.119.138.65 - - [06/Nov/2022:04:08:12 -0800] "GET /alaska?S=A HTTP/1.1" 301 1409 "https://asbanet.org/alaska?N=A" "Mozilla/5.0 (Linux; Android 7.0;) AppleWebKit/537.36 (KHTML, like Gecko) Mobile Safari/537.36 (compatible; PetalBot;+https://webmaster.petalsearch.com/site/petalbot)" "asbanet.org"
114.119.138.65 - - [06/Nov/2022:04:08:12 -0800] "GET /alaska/?S=A HTTP/1.1" 200 542 "https://asbanet.org/alaska?N=A" "Mozilla/5.0 (Linux; Android 7.0;) AppleWebKit/537.36 (KHTML, like Gecko) Mobile Safari/537.36 (compatible; PetalBot;+https://webmaster.petalsearch.com/site/petalbot)" "asbanet.org"
185.191.171.37 - - [06/Nov/2022:04:10:49 -0800] "GET /issues/Reports/bush_report.htm HTTP/1.1" 200 5344 "-" "Mozilla/5.0 (compatible; SemrushBot/7~bl; +http://www.semrush.com/bot.html)" "asbanet.org"
54.36.148.34 - - [06/Nov/2022:04:17:17 -0800] "GET /robots.txt HTTP/1.1" 404 88 "-" "Mozilla/5.0 (compatible; AhrefsBot/7.0; +http://ahrefs.com/robot/)" "asbanet.org"
51.222.253.19 - - [06/Nov/2022:04:17:21 -0800] "GET /ok/about/?C=N;O=D HTTP/1.1" 200 364 "-" "Mozilla/5.0 (compatible; AhrefsBot/7.0; +http://ahrefs.com/robot/)" "asbanet.org"
114.119.138.74 - - [06/Nov/2022:04:29:30 -0800] "GET /links/ HTTP/1.1" 200 361 "https://www.asbanet.org?C=N%3BO%3DD" "Mozilla/5.0 (Linux; Android 7.0;) AppleWebKit/537.36 (KHTML, like Gecko) Mobile Safari/537.36 (compatible; PetalBot;+https://webmaster.petalsearch.com/site/petalbot)" "www.asbanet.org"
185.191.171.23 - - [06/Nov/2022:04:29:35 -0800] "GET /moad/?C=M%3BO%3DA HTTP/1.1" 200 453 "-" "Mozilla/5.0 (compatible; SemrushBot/7~bl; +http://www.semrush.com/bot.html)" "asbanet.org"
51.222.253.1 - - [06/Nov/2022:04:30:58 -0800] "GET /ok/contact/?C=D;O=D HTTP/1.1" 200 364 "-" "Mozilla/5.0 (compatible; AhrefsBot/7.0; +http://ahrefs.com/robot/)" "www.asbanet.org"
216.244.66.200 - - [06/Nov/2022:04:31:24 -0800] "GET /robots.txt HTTP/1.1" 404 73 "-" "Mozilla/5.0 (compatible; DotBot/1.2; +https://opensiteexplorer.org/dotbot; help@moz.com)" "asbanet.org"
185.191.171.44 - - [06/Nov/2022:04:43:00 -0800] "GET /robots.txt HTTP/1.1" 404 88 "-" "Mozilla/5.0 (compatible; SemrushBot/7~bl; +http://www.semrush.com/bot.html)" "asbanet.org"
185.191.171.18 - - [06/Nov/2022:04:43:00 -0800] "GET /voterguide/?C=S%3BO%3DA HTTP/1.1" 200 365 "-" "Mozilla/5.0 (compatible; SemrushBot/7~bl; +http://www.semrush.com/bot.html)" "asbanet.org"
185.191.171.33 - - [06/Nov/2022:04:43:59 -0800] "GET /Mann/megadownload/images/?C=M%3BO%3DA HTTP/1.1" 200 532 "-" "Mozilla/5.0 (compatible; SemrushBot/7~bl; +http://www.semrush.com/bot.html)" "asbanet.org"
51.222.253.14 - - [06/Nov/2022:04:44:07 -0800] "GET /Mann/ HTTP/1.1" 200 355 "-" "Mozilla/5.0 (compatible; AhrefsBot/7.0; +http://ahrefs.com/robot/)" "www.asbanet.org"
185.191.171.1 - - [06/Nov/2022:04:51:45 -0800] "GET /maine/?C=M%3BO%3DA HTTP/1.1" 200 431 "-" "Mozilla/5.0 (compatible; SemrushBot/7~bl; +http://www.semrush.com/bot.html)" "asbanet.org"
114.119.138.74 - - [06/Nov/2022:04:51:47 -0800] "GET /issues?C=S%3BO%3DA HTTP/1.1" 301 1417 "http://asbanet.org/issues?D=A" "Mozilla/5.0 (Linux; Android 7.0;) AppleWebKit/537.36 (KHTML, like Gecko) Mobile Safari/537.36 (compatible; PetalBot;+https://webmaster.petalsearch.com/site/petalbot)" "asbanet.org"
114.119.138.74 - - [06/Nov/2022:04:51:47 -0800] "GET /issues/?C=S%3BO%3DA HTTP/1.1" 200 416 "http://asbanet.org/issues?D=A" "Mozilla/5.0 (Linux; Android 7.0;) AppleWebKit/537.36 (KHTML, like Gecko) Mobile Safari/537.36 (compatible; PetalBot;+https://webmaster.petalsearch.com/site/petalbot)" "asbanet.org"
114.119.138.74 - - [06/Nov/2022:04:53:11 -0800] "GET /contact?C=S%3BO%3DA HTTP/1.1" 301 1424 "https://www.asbanet.org/contact?D=A" "Mozilla/5.0 (Linux; Android 7.0;) AppleWebKit/537.36 (KHTML, like Gecko) Mobile Safari/537.36 (compatible; PetalBot;+https://webmaster.petalsearch.com/site/petalbot)" "www.asbanet.org"
114.119.138.74 - - [06/Nov/2022:04:53:12 -0800] "GET /contact/?C=S%3BO%3DA HTTP/1.1" 200 362 "https://www.asbanet.org/contact?D=A" "Mozilla/5.0 (Linux; Android 7.0;) AppleWebKit/537.36 (KHTML, like Gecko) Mobile Safari/537.36 (compatible; PetalBot;+https://webmaster.petalsearch.com/site/petalbot)" "www.asbanet.org"
13.67.224.14 - - [06/Nov/2022:04:53:12 -0800] "GET /Mann/megadownload/images/shim.gif HTTP/1.1" 200 43 "http://asbanet.org/Mann/megadownload/images" "Mozilla/5.0 (iPhone; CPU iPhone OS 13_5_1 like Mac OS X) AppleWebKit/605.1.15 (KHTML, like Gecko) Version/13.1.1 Mobile/15E148 Safari/604.1" "asbanet.org"
185.191.171.21 - - [06/Nov/2022:04:57:35 -0800] "GET /lott/?C=S%3BO%3DA HTTP/1.1" 200 390 "-" "Mozilla/5.0 (compatible; SemrushBot/7~bl; +http://www.semrush.com/bot.html)" "asbanet.org"
185.191.171.17 - - [06/Nov/2022:04:57:43 -0800] "GET /miscellaneous/?C=M%3BO%3DA HTTP/1.1" 200 577 "-" "Mozilla/5.0 (compatible; SemrushBot/7~bl; +http://www.semrush.com/bot.html)" "asbanet.org"
5.102.173.71 - - [06/Nov/2022:04:59:29 -0800] "GET /robots.txt HTTP/1.1" 404 88 "-" "Mozilla/5.0 (compatible; MojeekBot/0.11; +https://www.mojeek.com/bot.html)" "www.asbanet.org"
5.102.173.71 - - [06/Nov/2022:04:59:29 -0800] "GET /images/Shannon/?S=D HTTP/1.1" 200 489 "-" "Mozilla/5.0 (compatible; MojeekBot/0.11; +https://www.mojeek.com/bot.html)" "www.asbanet.org"
185.191.171.17 - - [06/Nov/2022:05:02:04 -0800] "GET /fl/?C=M%3BO%3DA HTTP/1.1" 200 499 "-" "Mozilla/5.0 (compatible; SemrushBot/7~bl; +http://www.semrush.com/bot.html)" "asbanet.org"
185.191.171.11 - - [06/Nov/2022:05:02:53 -0800] "GET /resources/?C=N%3BO%3DD HTTP/1.1" 200 365 "-" "Mozilla/5.0 (compatible; SemrushBot/7~bl; +http://www.semrush.com/bot.html)" "asbanet.org"
51.222.253.1 - - [06/Nov/2022:05:09:58 -0800] "GET /resources/?C=D;O=A HTTP/1.1" 200 365 "-" "Mozilla/5.0 (compatible; AhrefsBot/7.0; +http://ahrefs.com/robot/)" "www.asbanet.org"
185.191.171.39 - - [06/Nov/2022:05:15:29 -0800] "GET /ok/issues/?C=N%3BO%3DD HTTP/1.1" 200 440 "-" "Mozilla/5.0 (compatible; SemrushBot/7~bl; +http://www.semrush.com/bot.html)" "asbanet.org"
114.119.138.77 - - [06/Nov/2022:05:15:45 -0800] "GET /images/kaplan%20wedding/?C=N%3BO%3DD HTTP/1.1" 200 493 "http://asbanet.org/images/kaplan%20wedding?M=D" "Mozilla/5.0 (Linux; Android 7.0;) AppleWebKit/537.36 (KHTML, like Gecko) Mobile Safari/537.36 (compatible; PetalBot;+https://webmaster.petalsearch.com/site/petalbot)" "asbanet.org"
185.191.171.18 - - [06/Nov/2022:05:19:07 -0800] "GET /contact/?C=S%3BO%3DA HTTP/1.1" 200 362 "-" "Mozilla/5.0 (compatible; SemrushBot/7~bl; +http://www.semrush.com/bot.html)" "asbanet.org"
216.244.66.200 - - [06/Nov/2022:05:26:03 -0800] "GET /robots.txt HTTP/1.1" 404 73 "-" "Mozilla/5.0 (compatible; DotBot/1.2; +https://opensiteexplorer.org/dotbot; help@moz.com)" "asbanet.org"
185.191.171.23 - - [06/Nov/2022:05:26:43 -0800] "GET /about/?C=N%3BO%3DD HTTP/1.1" 200 361 "-" "Mozilla/5.0 (compatible; SemrushBot/7~bl; +http://www.semrush.com/bot.html)" "asbanet.org"
185.191.171.6 - - [06/Nov/2022:05:27:08 -0800] "GET /lott/?C=M%3BO%3DA HTTP/1.1" 200 390 "-" "Mozilla/5.0 (compatible; SemrushBot/7~bl; +http://www.semrush.com/bot.html)" "asbanet.org"
185.191.171.12 - - [06/Nov/2022:05:35:52 -0800] "GET /images/?C=N%3BO%3DD HTTP/1.1" 200 844 "-" "Mozilla/5.0 (compatible; SemrushBot/7~bl; +http://www.semrush.com/bot.html)" "asbanet.org"
185.191.171.1 - - [06/Nov/2022:05:36:28 -0800] "GET /moad/activites.htm HTTP/1.1" 200 851 "-" "Mozilla/5.0 (compatible; SemrushBot/7~bl; +http://www.semrush.com/bot.html)" "asbanet.org"
185.191.171.34 - - [06/Nov/2022:05:45:04 -0800] "GET /robots.txt HTTP/1.1" 404 88 "-" "Mozilla/5.0 (compatible; SemrushBot/7~bl; +http://www.semrush.com/bot.html)" "asbanet.org"
185.191.171.40 - - [06/Nov/2022:05:45:04 -0800] "GET /images/voices/?C=S%3BO%3DA HTTP/1.1" 200 546 "-" "Mozilla/5.0 (compatible; SemrushBot/7~bl; +http://www.semrush.com/bot.html)" "asbanet.org"
216.244.66.200 - - [06/Nov/2022:05:48:29 -0800] "GET /images/screen.gif HTTP/1.1" 200 43 "-" "Mozilla/5.0 (compatible; DotBot/1.2; +https://opensiteexplorer.org/dotbot; help@moz.com)" "asbanet.org"
185.191.171.38 - - [06/Nov/2022:05:54:58 -0800] "GET /fl/contact/?C=N%3BO%3DD HTTP/1.1" 200 365 "-" "Mozilla/5.0 (compatible; SemrushBot/7~bl; +http://www.semrush.com/bot.html)" "asbanet.org"
216.244.66.200 - - [06/Nov/2022:05:57:56 -0800] "GET /links/?M=D HTTP/1.1" 200 699 "-" "Mozilla/5.0 (compatible; DotBot/1.2; +https://opensiteexplorer.org/dotbot; help@moz.com)" "asbanet.org"
185.191.171.16 - - [06/Nov/2022:05:58:33 -0800] "GET /issues/Reports/SBA_files/?C=N%3BO%3DD HTTP/1.1" 200 412 "-" "Mozilla/5.0 (compatible; SemrushBot/7~bl; +http://www.semrush.com/bot.html)" "asbanet.org"
185.191.171.43 - - [06/Nov/2022:05:59:52 -0800] "GET /includes/us_more_on_pbor.html HTTP/1.1" 200 214 "-" "Mozilla/5.0 (compatible; SemrushBot/7~bl; +http://www.semrush.com/bot.html)" "asbanet.org"
185.191.171.38 - - [06/Nov/2022:06:00:45 -0800] "GET /fl/contact/?C=M%3BO%3DA HTTP/1.1" 200 365 "-" "Mozilla/5.0 (compatible; SemrushBot/7~bl; +http://www.semrush.com/bot.html)" "asbanet.org"
185.191.171.22 - - [06/Nov/2022:06:02:30 -0800] "GET /join/?C=S%3BO%3DA HTTP/1.1" 200 394 "-" "Mozilla/5.0 (compatible; SemrushBot/7~bl; +http://www.semrush.com/bot.html)" "asbanet.org"
185.191.171.2 - - [06/Nov/2022:06:06:07 -0800] "GET /images/Shannon/?C=S%3BO%3DA HTTP/1.1" 200 489 "-" "Mozilla/5.0 (compatible; SemrushBot/7~bl; +http://www.semrush.com/bot.html)" "asbanet.org"
185.191.171.42 - - [06/Nov/2022:06:06:37 -0800] "GET /lott/?C=N%3BO%3DD HTTP/1.1" 200 390 "-" "Mozilla/5.0 (compatible; SemrushBot/7~bl; +http://www.semrush.com/bot.html)" "asbanet.org"
40.122.230.189 - - [06/Nov/2022:06:07:06 -0800] "GET /images/rebecca.jpg HTTP/1.1" 200 23873 "http://asbanet.org/images" "Mozilla/5.0 (Linux; Android 10; SM-G960U) AppleWebKit/537.36 (KHTML, like Gecko) Chrome/88.0.4324.181 Mobile Safari/537.36" "asbanet.org"
185.191.171.37 - - [06/Nov/2022:06:13:23 -0800] "GET /ok/about/?C=M%3BO%3DA HTTP/1.1" 200 366 "-" "Mozilla/5.0 (compatible; SemrushBot/7~bl; +http://www.semrush.com/bot.html)" "asbanet.org"
185.191.171.7 - - [06/Nov/2022:06:14:49 -0800] "GET /images/voterguide/?C=S%3BO%3DA HTTP/1.1" 200 410 "-" "Mozilla/5.0 (compatible; SemrushBot/7~bl; +http://www.semrush.com/bot.html)" "asbanet.org"
185.191.171.15 - - [06/Nov/2022:06:16:06 -0800] "GET /ok/?C=S%3BO%3DA HTTP/1.1" 200 425 "-" "Mozilla/5.0 (compatible; SemrushBot/7~bl; +http://www.semrush.com/bot.html)" "asbanet.org"
20.106.27.209 - - [06/Nov/2022:06:20:00 -0800] "GET /includes/%5C%22/images/voices/diane_warren.gif%5C%22 HTTP/1.1" 404 88 "http://www.asbanet.org/includes/\\\"/images/voices" "Mozilla/5.0 (Macintosh; Intel Mac OS X 10_11_6) AppleWebKit/605.1.15 (KHTML, like Gecko) Version/11.1.2 Safari/605.1.15" "www.asbanet.org"
185.191.171.38 - - [06/Nov/2022:06:21:12 -0800] "GET /join/ HTTP/1.1" 200 394 "-" "Mozilla/5.0 (compatible; SemrushBot/7~bl; +http://www.semrush.com/bot.html)" "asbanet.org"
185.191.171.9 - - [06/Nov/2022:06:21:14 -0800] "GET /links/?C=N%3BO%3DD HTTP/1.1" 200 361 "-" "Mozilla/5.0 (compatible; SemrushBot/7~bl; +http://www.semrush.com/bot.html)" "asbanet.org"
185.191.171.11 - - [06/Nov/2022:06:30:28 -0800] "GET /ok/contact/?C=M%3BO%3DA HTTP/1.1" 200 366 "-" "Mozilla/5.0 (compatible; SemrushBot/7~bl; +http://www.semrush.com/bot.html)" "asbanet.org"
216.244.66.200 - - [06/Nov/2022:06:31:26 -0800] "GET /robots.txt HTTP/1.1" 404 73 "-" "Mozilla/5.0 (compatible; DotBot/1.2; +https://opensiteexplorer.org/dotbot; help@moz.com)" "asbanet.org"
185.191.171.4 - - [06/Nov/2022:06:34:35 -0800] "GET /about/ HTTP/1.1" 200 361 "-" "Mozilla/5.0 (compatible; SemrushBot/7~bl; +http://www.semrush.com/bot.html)" "asbanet.org"
185.191.171.39 - - [06/Nov/2022:06:38:13 -0800] "GET /about/?C=D%3BO%3DA HTTP/1.1" 200 361 "-" "Mozilla/5.0 (compatible; SemrushBot/7~bl; +http://www.semrush.com/bot.html)" "asbanet.org"
185.191.171.42 - - [06/Nov/2022:06:41:11 -0800] "GET /ok/contact/?C=S%3BO%3DA HTTP/1.1" 200 366 "-" "Mozilla/5.0 (compatible; SemrushBot/7~bl; +http://www.semrush.com/bot.html)" "asbanet.org"
216.244.66.200 - - [06/Nov/2022:06:50:24 -0800] "GET /_old/voters/?M=D HTTP/1.1" 200 1485 "-" "Mozilla/5.0 (compatible; DotBot/1.2; +https://opensiteexplorer.org/dotbot; help@moz.com)" "asbanet.org"
216.244.66.200 - - [06/Nov/2022:06:50:32 -0800] "GET /lott/?C=M;O=A HTTP/1.1" 200 843 "-" "Mozilla/5.0 (compatible; DotBot/1.2; +https://opensiteexplorer.org/dotbot; help@moz.com)" "asbanet.org"
185.191.171.34 - - [06/Nov/2022:06:54:46 -0800] "GET /robots.txt HTTP/1.1" 404 88 "-" "Mozilla/5.0 (compatible; SemrushBot/7~bl; +http://www.semrush.com/bot.html)" "asbanet.org"
185.191.171.8 - - [06/Nov/2022:06:54:47 -0800] "GET /issues/Reports/SBA_files/?C=S%3BO%3DA HTTP/1.1" 200 412 "-" "Mozilla/5.0 (compatible; SemrushBot/7~bl; +http://www.semrush.com/bot.html)" "asbanet.org"
185.191.171.21 - - [06/Nov/2022:06:55:40 -0800] "GET /moad/?C=N%3BO%3DD HTTP/1.1" 200 453 "-" "Mozilla/5.0 (compatible; SemrushBot/7~bl; +http://www.semrush.com/bot.html)" "asbanet.org"
185.191.171.16 - - [06/Nov/2022:06:56:48 -0800] "GET /ok/join/?C=M%3BO%3DA HTTP/1.1" 200 400 "-" "Mozilla/5.0 (compatible; SemrushBot/7~bl; +http://www.semrush.com/bot.html)" "asbanet.org"
185.191.171.21 - - [06/Nov/2022:07:09:13 -0800] "GET /_old/?C=S%3BO%3DA HTTP/1.1" 200 351 "-" "Mozilla/5.0 (compatible; SemrushBot/7~bl; +http://www.semrush.com/bot.html)" "asbanet.org"
185.191.171.9 - - [06/Nov/2022:07:10:44 -0800] "GET /issues/Reports/?C=N%3BO%3DD HTTP/1.1" 200 438 "-" "Mozilla/5.0 (compatible; SemrushBot/7~bl; +http://www.semrush.com/bot.html)" "asbanet.org"
66.249.66.91 - - [06/Nov/2022:07:11:17 -0800] "GET /robots.txt HTTP/1.1" 404 88 "-" "Mozilla/5.0 (compatible; Googlebot/2.1; +http://www.google.com/bot.html)" "asbanet.org"
185.191.171.7 - - [06/Nov/2022:07:17:48 -0800] "GET /contact/?C=N%3BO%3DD HTTP/1.1" 200 362 "-" "Mozilla/5.0 (compatible; SemrushBot/7~bl; +http://www.semrush.com/bot.html)" "asbanet.org"
185.191.171.35 - - [06/Nov/2022:07:22:08 -0800] "GET /images/Shannon2/?C=M%3BO%3DA HTTP/1.1" 200 434 "-" "Mozilla/5.0 (compatible; SemrushBot/7~bl; +http://www.semrush.com/bot.html)" "asbanet.org"
185.191.171.20 - - [06/Nov/2022:07:27:02 -0800] "GET /images/issues/?C=D%3BO%3DA HTTP/1.1" 200 527 "-" "Mozilla/5.0 (compatible; SemrushBot/7~bl; +http://www.semrush.com/bot.html)" "asbanet.org"
216.244.66.200 - - [06/Nov/2022:07:28:55 -0800] "GET /robots.txt HTTP/1.1" 404 73 "-" "Mozilla/5.0 (compatible; DotBot/1.2; +https://opensiteexplorer.org/dotbot; help@moz.com)" "asbanet.org"
185.191.171.35 - - [06/Nov/2022:07:36:34 -0800] "GET /ok/join/?C=M%3BO%3DA HTTP/1.1" 200 400 "-" "Mozilla/5.0 (compatible; SemrushBot/7~bl; +http://www.semrush.com/bot.html)" "asbanet.org"
185.191.171.11 - - [06/Nov/2022:07:45:11 -0800] "GET /fl/images/?C=N%3BO%3DD HTTP/1.1" 200 393 "-" "Mozilla/5.0 (compatible; SemrushBot/7~bl; +http://www.semrush.com/bot.html)" "asbanet.org"
185.191.171.42 - - [06/Nov/2022:08:01:25 -0800] "GET /robots.txt HTTP/1.1" 404 88 "-" "Mozilla/5.0 (compatible; SemrushBot/7~bl; +http://www.semrush.com/bot.html)" "asbanet.org"
185.191.171.10 - - [06/Nov/2022:08:01:25 -0800] "GET /issues/PBR/?C=S%3BO%3DA HTTP/1.1" 200 450 "-" "Mozilla/5.0 (compatible; SemrushBot/7~bl; +http://www.semrush.com/bot.html)" "asbanet.org"
185.191.171.41 - - [06/Nov/2022:08:01:35 -0800] "GET /images/Ross%20Relles/?C=D%3BO%3DA HTTP/1.1" 200 834 "-" "Mozilla/5.0 (compatible; SemrushBot/7~bl; +http://www.semrush.com/bot.html)" "asbanet.org"
185.191.171.25 - - [06/Nov/2022:08:05:39 -0800] "GET /resources/?C=S%3BO%3DA HTTP/1.1" 200 365 "-" "Mozilla/5.0 (compatible; SemrushBot/7~bl; +http://www.semrush.com/bot.html)" "asbanet.org"
185.191.171.1 - - [06/Nov/2022:08:18:59 -0800] "GET /images/Shannon2/?C=M%3BO%3DA HTTP/1.1" 200 434 "-" "Mozilla/5.0 (compatible; SemrushBot/7~bl; +http://www.semrush.com/bot.html)" "asbanet.org"
185.191.171.4 - - [06/Nov/2022:08:21:23 -0800] "GET /resources/?C=D%3BO%3DA HTTP/1.1" 200 365 "-" "Mozilla/5.0 (compatible; SemrushBot/7~bl; +http://www.semrush.com/bot.html)" "asbanet.org"
216.244.66.200 - - [06/Nov/2022:08:21:51 -0800] "GET /robots.txt HTTP/1.1" 404 73 "-" "Mozilla/5.0 (compatible; DotBot/1.2; +https://opensiteexplorer.org/dotbot; help@moz.com)" "asbanet.org"
185.191.171.22 - - [06/Nov/2022:08:23:15 -0800] "GET /about/?C=S%3BO%3DA HTTP/1.1" 200 361 "-" "Mozilla/5.0 (compatible; SemrushBot/7~bl; +http://www.semrush.com/bot.html)" "asbanet.org"
185.191.171.3 - - [06/Nov/2022:08:23:27 -0800] "GET /about/index.shtml HTTP/1.1" 200 9117 "-" "Mozilla/5.0 (compatible; SemrushBot/7~bl; +http://www.semrush.com/bot.html)" "asbanet.org"
185.191.171.43 - - [06/Nov/2022:08:34:09 -0800] "GET /nh/contact/?C=S%3BO%3DA HTTP/1.1" 200 366 "-" "Mozilla/5.0 (compatible; SemrushBot/7~bl; +http://www.semrush.com/bot.html)" "asbanet.org"
157.245.45.127 - - [06/Nov/2022:08:34:37 -0800] "GET /wp-login.php HTTP/1.1" 404 88 "-" "Mozilla/5.0 (Windows NT 10.0; Win64; x64; rv:96.0) Gecko/20100101 Firefox/96" "asbanet.org"
185.191.171.44 - - [06/Nov/2022:08:34:57 -0800] "GET /alaska/script2.htm HTTP/1.1" 200 543 "-" "Mozilla/5.0 (compatible; SemrushBot/7~bl; +http://www.semrush.com/bot.html)" "asbanet.org"
185.191.171.39 - - [06/Nov/2022:08:36:07 -0800] "GET /ok/join/?C=S%3BO%3DA HTTP/1.1" 200 400 "-" "Mozilla/5.0 (compatible; SemrushBot/7~bl; +http://www.semrush.com/bot.html)" "asbanet.org"
185.191.171.39 - - [06/Nov/2022:08:41:16 -0800] "GET /alaska/?C=N%3BO%3DD HTTP/1.1" 200 542 "-" "Mozilla/5.0 (compatible; SemrushBot/7~bl; +http://www.semrush.com/bot.html)" "asbanet.org"
157.55.39.132 - - [06/Nov/2022:08:50:10 -0800] "GET /robots.txt HTTP/1.1" 404 88 "-" "Mozilla/5.0 AppleWebKit/537.36 (KHTML, like Gecko; compatible; bingbot/2.0; +http://www.bing.com/bingbot.htm) Chrome/103.0.5060.134 Safari/537.36" "www.asbanet.org"
157.55.39.132 - - [06/Nov/2022:08:50:10 -0800] "GET /robots.txt HTTP/1.1" 404 88 "-" "Mozilla/5.0 AppleWebKit/537.36 (KHTML, like Gecko; compatible; bingbot/2.0; +http://www.bing.com/bingbot.htm) Chrome/103.0.5060.134 Safari/537.36" "www.asbanet.org"
157.55.39.184 - - [06/Nov/2022:08:50:12 -0800] "GET /nh/contact/index.shtml HTTP/1.1" 200 3212 "-" "Mozilla/5.0 (compatible; bingbot/2.0; +http://www.bing.com/bingbot.htm)" "www.asbanet.org"
114.119.138.70 - - [06/Nov/2022:08:56:16 -0800] "GET / HTTP/1.1" 200 4048 "-" "Mozilla/5.0 (Linux; Android 7.0;) AppleWebKit/537.36 (KHTML, like Gecko) Mobile Safari/537.36 (compatible; PetalBot;+https://webmaster.petalsearch.com/site/petalbot)" "asbanet.org"
216.244.66.200 - - [06/Nov/2022:08:57:04 -0800] "GET /alaska/Radio%20script.doc HTTP/1.1" 200 20480 "-" "Mozilla/5.0 (compatible; DotBot/1.2; +https://opensiteexplorer.org/dotbot; help@moz.com)" "asbanet.org"
185.191.171.34 - - [06/Nov/2022:08:57:50 -0800] "GET /Mann/?C=S%3BO%3DA HTTP/1.1" 200 355 "-" "Mozilla/5.0 (compatible; SemrushBot/7~bl; +http://www.semrush.com/bot.html)" "asbanet.org"
216.244.66.200 - - [06/Nov/2022:08:58:01 -0800] "GET /miscellaneous/?S=A HTTP/1.1" 200 2363 "-" "Mozilla/5.0 (compatible; DotBot/1.2; +https://opensiteexplorer.org/dotbot; help@moz.com)" "asbanet.org"
216.244.66.200 - - [06/Nov/2022:08:58:31 -0800] "GET /ok/?N=D HTTP/1.1" 200 1284 "-" "Mozilla/5.0 (compatible; DotBot/1.2; +https://opensiteexplorer.org/dotbot; help@moz.com)" "asbanet.org"
216.244.66.200 - - [06/Nov/2022:09:11:46 -0800] "GET /robots.txt HTTP/1.1" 404 73 "-" "Mozilla/5.0 (compatible; DotBot/1.2; +https://opensiteexplorer.org/dotbot; help@moz.com)" "asbanet.org"
185.191.171.24 - - [06/Nov/2022:09:11:58 -0800] "GET /robots.txt HTTP/1.1" 404 88 "-" "Mozilla/5.0 (compatible; SemrushBot/7~bl; +http://www.semrush.com/bot.html)" "asbanet.org"
185.191.171.44 - - [06/Nov/2022:09:12:03 -0800] "GET /Mann/megadownload/images/?C=S%3BO%3DA HTTP/1.1" 200 532 "-" "Mozilla/5.0 (compatible; SemrushBot/7~bl; +http://www.semrush.com/bot.html)" "asbanet.org"
185.191.171.20 - - [06/Nov/2022:09:24:59 -0800] "GET /_old/?C=D%3BO%3DA HTTP/1.1" 200 351 "-" "Mozilla/5.0 (compatible; SemrushBot/7~bl; +http://www.semrush.com/bot.html)" "asbanet.org"
185.191.171.9 - - [06/Nov/2022:09:30:29 -0800] "GET /nh/?C=M%3BO%3DA HTTP/1.1" 200 481 "-" "Mozilla/5.0 (compatible; SemrushBot/7~bl; +http://www.semrush.com/bot.html)" "asbanet.org"
185.191.171.12 - - [06/Nov/2022:09:32:28 -0800] "GET /issues/?C=M%3BO%3DA HTTP/1.1" 200 416 "-" "Mozilla/5.0 (compatible; SemrushBot/7~bl; +http://www.semrush.com/bot.html)" "asbanet.org"
185.191.171.41 - - [06/Nov/2022:09:32:34 -0800] "GET /images/?C=S%3BO%3DA HTTP/1.1" 200 844 "-" "Mozilla/5.0 (compatible; SemrushBot/7~bl; +http://www.semrush.com/bot.html)" "asbanet.org"
185.191.171.35 - - [06/Nov/2022:09:46:11 -0800] "GET /issues/Stimulus/lauster.htm HTTP/1.1" 200 4735 "-" "Mozilla/5.0 (compatible; SemrushBot/7~bl; +http://www.semrush.com/bot.html)" "asbanet.org"
185.191.171.4 - - [06/Nov/2022:09:56:41 -0800] "GET /includes/?C=M%3BO%3DA HTTP/1.1" 200 770 "-" "Mozilla/5.0 (compatible; SemrushBot/7~bl; +http://www.semrush.com/bot.html)" "asbanet.org"
216.244.66.200 - - [06/Nov/2022:10:01:06 -0800] "GET /robots.txt HTTP/1.1" 404 73 "-" "Mozilla/5.0 (compatible; DotBot/1.2; +https://opensiteexplorer.org/dotbot; help@moz.com)" "asbanet.org"
89.187.168.71 - - [06/Nov/2022:10:04:27 -0800] "HEAD /redirect?url=newmax.click HTTP/1.1" 404 - "-" "Mozilla/5.0 (Macintosh; Intel Mac OS X 10_15_7) AppleWebKit/537.36 (KHTML, like Gecko) Chrome/106.0.5249.119 Safari/537.36" "asbanet.org"
185.191.171.4 - - [06/Nov/2022:10:10:52 -0800] "GET /lott/?C=D%3BO%3DA HTTP/1.1" 200 390 "-" "Mozilla/5.0 (compatible; SemrushBot/7~bl; +http://www.semrush.com/bot.html)" "asbanet.org"
123.125.109.84 - - [06/Nov/2022:10:10:54 -0800] "GET / HTTP/1.1" 200 4048 "-" "Sogou web spider/4.0(+http://www.sogou.com/docs/help/webmasters.htm#07)" "www.asbanet.org"
185.191.171.15 - - [06/Nov/2022:10:18:26 -0800] "GET /robots.txt HTTP/1.1" 404 88 "-" "Mozilla/5.0 (compatible; SemrushBot/7~bl; +http://www.semrush.com/bot.html)" "asbanet.org"
185.191.171.16 - - [06/Nov/2022:10:18:27 -0800] "GET /issues/?C=D%3BO%3DA HTTP/1.1" 200 416 "-" "Mozilla/5.0 (compatible; SemrushBot/7~bl; +http://www.semrush.com/bot.html)" "asbanet.org"
185.191.171.25 - - [06/Nov/2022:10:21:17 -0800] "GET /voterguide/?C=M%3BO%3DA HTTP/1.1" 200 365 "-" "Mozilla/5.0 (compatible; SemrushBot/7~bl; +http://www.semrush.com/bot.html)" "asbanet.org"
216.244.66.200 - - [06/Nov/2022:10:26:40 -0800] "GET /alaska/media.htm HTTP/1.1" 200 975 "-" "Mozilla/5.0 (compatible; DotBot/1.2; +https://opensiteexplorer.org/dotbot; help@moz.com)" "asbanet.org"
216.244.66.200 - - [06/Nov/2022:10:26:56 -0800] "GET /includes/ok_join.html HTTP/1.1" 200 431 "-" "Mozilla/5.0 (compatible; DotBot/1.2; +https://opensiteexplorer.org/dotbot; help@moz.com)" "asbanet.org"
216.244.66.200 - - [06/Nov/2022:10:27:11 -0800] "GET /miscellaneous/shannon.htm HTTP/1.1" 200 1659 "-" "Mozilla/5.0 (compatible; DotBot/1.2; +https://opensiteexplorer.org/dotbot; help@moz.com)" "asbanet.org"
185.191.171.18 - - [06/Nov/2022:10:27:42 -0800] "GET /issues/Stimulus/?C=M%3BO%3DA HTTP/1.1" 200 397 "-" "Mozilla/5.0 (compatible; SemrushBot/7~bl; +http://www.semrush.com/bot.html)" "asbanet.org"
185.191.171.12 - - [06/Nov/2022:10:33:44 -0800] "GET /moad/?C=N%3BO%3DD HTTP/1.1" 200 453 "-" "Mozilla/5.0 (compatible; SemrushBot/7~bl; +http://www.semrush.com/bot.html)" "asbanet.org"
216.244.66.200 - - [06/Nov/2022:10:34:30 -0800] "GET /issues/Reports/?M=D HTTP/1.1" 200 1172 "-" "Mozilla/5.0 (compatible; DotBot/1.2; +https://opensiteexplorer.org/dotbot; help@moz.com)" "asbanet.org"
185.191.171.5 - - [06/Nov/2022:10:34:56 -0800] "GET /images/kaplan%20wedding/?C=M%3BO%3DA HTTP/1.1" 200 493 "-" "Mozilla/5.0 (compatible; SemrushBot/7~bl; +http://www.semrush.com/bot.html)" "asbanet.org"
216.244.66.200 - - [06/Nov/2022:10:36:06 -0800] "GET /links/?C=D;O=A HTTP/1.1" 200 699 "-" "Mozilla/5.0 (compatible; DotBot/1.2; +https://opensiteexplorer.org/dotbot; help@moz.com)" "asbanet.org"
185.191.171.8 - - [06/Nov/2022:10:37:21 -0800] "GET /fl/contact/?C=S%3BO%3DA HTTP/1.1" 200 365 "-" "Mozilla/5.0 (compatible; SemrushBot/7~bl; +http://www.semrush.com/bot.html)" "asbanet.org"
185.191.171.19 - - [06/Nov/2022:10:42:28 -0800] "GET /nh/?C=S%3BO%3DA HTTP/1.1" 200 481 "-" "Mozilla/5.0 (compatible; SemrushBot/7~bl; +http://www.semrush.com/bot.html)" "asbanet.org"
185.191.171.36 - - [06/Nov/2022:10:46:30 -0800] "GET /issues/Stimulus/?C=N%3BO%3DD HTTP/1.1" 200 397 "-" "Mozilla/5.0 (compatible; SemrushBot/7~bl; +http://www.semrush.com/bot.html)" "asbanet.org"
185.191.171.10 - - [06/Nov/2022:10:47:52 -0800] "GET /nh/?C=D%3BO%3DA HTTP/1.1" 200 481 "-" "Mozilla/5.0 (compatible; SemrushBot/7~bl; +http://www.semrush.com/bot.html)" "asbanet.org"
216.244.66.200 - - [06/Nov/2022:10:49:07 -0800] "GET /robots.txt HTTP/1.1" 404 73 "-" "Mozilla/5.0 (compatible; DotBot/1.2; +https://opensiteexplorer.org/dotbot; help@moz.com)" "asbanet.org"
185.191.171.23 - - [06/Nov/2022:10:51:44 -0800] "GET /images/issues/?C=N%3BO%3DD HTTP/1.1" 200 527 "-" "Mozilla/5.0 (compatible; SemrushBot/7~bl; +http://www.semrush.com/bot.html)" "asbanet.org"
193.118.53.194 - - [06/Nov/2022:10:54:47 -0800] "GET / HTTP/1.1" 200 4048 "-" "Mozilla/5.0 (Windows NT 10.0; Win64; x64) AppleWebKit/537.36 (KHTML, like Gecko) Chrome/60.0.3112.113 Safari/537.36" "www.asbanet.org"
185.191.171.1 - - [06/Nov/2022:10:56:04 -0800] "GET /fl/?C=S%3BO%3DA HTTP/1.1" 200 499 "-" "Mozilla/5.0 (compatible; SemrushBot/7~bl; +http://www.semrush.com/bot.html)" "asbanet.org"
185.191.171.37 - - [06/Nov/2022:11:03:59 -0800] "GET /issues/Reports/SBA_files/ HTTP/1.1" 200 412 "-" "Mozilla/5.0 (compatible; SemrushBot/7~bl; +http://www.semrush.com/bot.html)" "asbanet.org"
185.191.171.41 - - [06/Nov/2022:11:06:28 -0800] "GET /Mann/megadownload/index2.shtml HTTP/1.1" 200 4949 "-" "Mozilla/5.0 (compatible; SemrushBot/7~bl; +http://www.semrush.com/bot.html)" "asbanet.org"
185.191.171.18 - - [06/Nov/2022:11:21:09 -0800] "GET /robots.txt HTTP/1.1" 404 88 "-" "Mozilla/5.0 (compatible; SemrushBot/7~bl; +http://www.semrush.com/bot.html)" "asbanet.org"
185.191.171.43 - - [06/Nov/2022:11:21:10 -0800] "GET /about/?C=M%3BO%3DA HTTP/1.1" 200 361 "-" "Mozilla/5.0 (compatible; SemrushBot/7~bl; +http://www.semrush.com/bot.html)" "asbanet.org"
216.244.66.200 - - [06/Nov/2022:11:23:51 -0800] "GET /miscellaneous/alumni.htm HTTP/1.1" 200 244 "-" "Mozilla/5.0 (compatible; DotBot/1.2; +https://opensiteexplorer.org/dotbot; help@moz.com)" "asbanet.org"
185.191.171.9 - - [06/Nov/2022:11:29:36 -0800] "GET /issues/Stimulus/_notes/?C=S%3BO%3DA HTTP/1.1" 200 327 "-" "Mozilla/5.0 (compatible; SemrushBot/7~bl; +http://www.semrush.com/bot.html)" "asbanet.org"
185.191.171.25 - - [06/Nov/2022:11:29:54 -0800] "GET /issues/Stimulus/_notes/ HTTP/1.1" 200 327 "-" "Mozilla/5.0 (compatible; SemrushBot/7~bl; +http://www.semrush.com/bot.html)" "asbanet.org"
185.191.171.11 - - [06/Nov/2022:11:31:10 -0800] "GET /about/?C=D%3BO%3DA HTTP/1.1" 200 361 "-" "Mozilla/5.0 (compatible; SemrushBot/7~bl; +http://www.semrush.com/bot.html)" "asbanet.org"
185.191.171.7 - - [06/Nov/2022:11:35:21 -0800] "GET /links/?C=D%3BO%3DA HTTP/1.1" 200 361 "-" "Mozilla/5.0 (compatible; SemrushBot/7~bl; +http://www.semrush.com/bot.html)" "asbanet.org"
216.244.66.200 - - [06/Nov/2022:11:35:34 -0800] "GET /robots.txt HTTP/1.1" 404 73 "-" "Mozilla/5.0 (compatible; DotBot/1.2; +https://opensiteexplorer.org/dotbot; help@moz.com)" "asbanet.org"
51.222.133.39 - - [06/Nov/2022:11:36:43 -0800] "GET / HTTP/1.1" 200 14849 "-" "Mozilla/5.0 (Windows NT 10.0; rv:73.0) Gecko/20100101 Firefox/73.0" "asbanet.org"
185.191.171.5 - - [06/Nov/2022:11:37:24 -0800] "GET /images/?C=S%3BO%3DA HTTP/1.1" 200 844 "-" "Mozilla/5.0 (compatible; SemrushBot/7~bl; +http://www.semrush.com/bot.html)" "asbanet.org"
142.44.138.126 - - [06/Nov/2022:11:37:38 -0800] "GET /join/index.shtml HTTP/1.1" 200 7451 "-" "Mozilla/5.0 (Windows NT 6.1; Win64; x64; +http://url-classification.io/wiki/index.php?title=URL_server_crawler) KStandBot/1.0" "asbanet.org"
142.44.138.126 - - [06/Nov/2022:11:37:38 -0800] "GET /index.shtml HTTP/1.1" 404 73 "-" "Mozilla/5.0 (Windows NT 6.1; Win64; x64; +http://url-classification.io/wiki/index.php?title=URL_server_crawler) KStandBot/1.0" "asbanet.org"
142.44.138.126 - - [06/Nov/2022:11:37:38 -0800] "GET /issues/ HTTP/1.1" 200 1146 "-" "Mozilla/5.0 (Windows NT 6.1; Win64; x64; +http://url-classification.io/wiki/index.php?title=URL_server_crawler) KStandBot/1.0" "asbanet.org"
142.44.138.126 - - [06/Nov/2022:11:37:38 -0800] "GET /join/ HTTP/1.1" 200 1005 "-" "Mozilla/5.0 (Windows NT 6.1; Win64; x64; +http://url-classification.io/wiki/index.php?title=URL_server_crawler) KStandBot/1.0" "asbanet.org"
142.44.138.126 - - [06/Nov/2022:11:37:38 -0800] "GET /resources/ HTTP/1.1" 200 708 "-" "Mozilla/5.0 (Windows NT 6.1; Win64; x64; +http://url-classification.io/wiki/index.php?title=URL_server_crawler) KStandBot/1.0" "asbanet.org"
185.191.171.17 - - [06/Nov/2022:11:41:35 -0800] "GET /lott/?C=S%3BO%3DA HTTP/1.1" 200 390 "-" "Mozilla/5.0 (compatible; SemrushBot/7~bl; +http://www.semrush.com/bot.html)" "asbanet.org"
5.102.173.71 - - [06/Nov/2022:11:42:18 -0800] "GET /robots.txt HTTP/1.1" 404 88 "-" "Mozilla/5.0 (compatible; MojeekBot/0.11; +https://www.mojeek.com/bot.html)" "www.asbanet.org"
5.102.173.71 - - [06/Nov/2022:11:42:18 -0800] "GET /nh/?C=S;O=A HTTP/1.1" 200 476 "-" "Mozilla/5.0 (compatible; MojeekBot/0.11; +https://www.mojeek.com/bot.html)" "www.asbanet.org"
185.191.171.24 - - [06/Nov/2022:11:43:27 -0800] "GET /join/?C=M%3BO%3DA HTTP/1.1" 200 394 "-" "Mozilla/5.0 (compatible; SemrushBot/7~bl; +http://www.semrush.com/bot.html)" "asbanet.org"
185.191.171.3 - - [06/Nov/2022:11:49:08 -0800] "GET /images/kaplan%20wedding/?C=N%3BO%3DD HTTP/1.1" 200 493 "-" "Mozilla/5.0 (compatible; SemrushBot/7~bl; +http://www.semrush.com/bot.html)" "asbanet.org"
185.191.171.11 - - [06/Nov/2022:12:00:54 -0800] "GET /includes/?C=N%3BO%3DD HTTP/1.1" 200 770 "-" "Mozilla/5.0 (compatible; SemrushBot/7~bl; +http://www.semrush.com/bot.html)" "asbanet.org"
185.191.171.6 - - [06/Nov/2022:12:01:08 -0800] "GET /lott/?C=M%3BO%3DA HTTP/1.1" 200 390 "-" "Mozilla/5.0 (compatible; SemrushBot/7~bl; +http://www.semrush.com/bot.html)" "asbanet.org"
114.119.138.77 - - [06/Nov/2022:12:06:17 -0800] "GET /ok HTTP/1.1" 301 1404 "http://www.asbanet.org/?C=N%3BO%3DD" "Mozilla/5.0 (Linux; Android 7.0;) AppleWebKit/537.36 (KHTML, like Gecko) Mobile Safari/537.36 (compatible; PetalBot;+https://webmaster.petalsearch.com/site/petalbot)" "www.asbanet.org"
114.119.138.77 - - [06/Nov/2022:12:06:19 -0800] "GET /ok/ HTTP/1.1" 200 425 "http://www.asbanet.org/?C=N%3BO%3DD" "Mozilla/5.0 (Linux; Android 7.0;) AppleWebKit/537.36 (KHTML, like Gecko) Mobile Safari/537.36 (compatible; PetalBot;+https://webmaster.petalsearch.com/site/petalbot)" "www.asbanet.org"
185.191.171.14 - - [06/Nov/2022:12:10:13 -0800] "GET /images/nav/?C=N%3BO%3DD HTTP/1.1" 200 1121 "-" "Mozilla/5.0 (compatible; SemrushBot/7~bl; +http://www.semrush.com/bot.html)" "asbanet.org"
185.191.171.44 - - [06/Nov/2022:12:15:04 -0800] "GET /Mann/?C=N%3BO%3DD HTTP/1.1" 200 355 "-" "Mozilla/5.0 (compatible; SemrushBot/7~bl; +http://www.semrush.com/bot.html)" "asbanet.org"
157.90.181.207 - - [06/Nov/2022:12:15:47 -0800] "GET /robots.txt HTTP/1.1" 404 88 "-" "Mozilla/5.0 (compatible; BLEXBot/1.0; +http://webmeup-crawler.com/)" "asbanet.org"
157.90.181.207 - - [06/Nov/2022:12:15:50 -0800] "GET /sitemap HTTP/1.1" 404 88 "-" "Mozilla/5.0 (compatible; BLEXBot/1.0; +http://webmeup-crawler.com/)" "asbanet.org"
157.90.181.207 - - [06/Nov/2022:12:15:58 -0800] "GET /sitemap.txt HTTP/1.1" 404 88 "-" "Mozilla/5.0 (compatible; BLEXBot/1.0; +http://webmeup-crawler.com/)" "asbanet.org"
157.90.181.207 - - [06/Nov/2022:12:16:01 -0800] "GET /about/?C=D;O=D HTTP/1.1" 200 359 "-" "Mozilla/5.0 (compatible; BLEXBot/1.0; +http://webmeup-crawler.com/)" "asbanet.org"
114.119.138.77 - - [06/Nov/2022:12:16:05 -0800] "GET /contact?M=A HTTP/1.1" 301 1411 "https://www.asbanet.org/contact?D=A" "Mozilla/5.0 (Linux; Android 7.0;) AppleWebKit/537.36 (KHTML, like Gecko) Mobile Safari/537.36 (compatible; PetalBot;+https://webmaster.petalsearch.com/site/petalbot)" "www.asbanet.org"
114.119.138.77 - - [06/Nov/2022:12:16:05 -0800] "GET /contact/?M=A HTTP/1.1" 200 362 "https://www.asbanet.org/contact?D=A" "Mozilla/5.0 (Linux; Android 7.0;) AppleWebKit/537.36 (KHTML, like Gecko) Mobile Safari/537.36 (compatible; PetalBot;+https://webmaster.petalsearch.com/site/petalbot)" "www.asbanet.org"
157.90.181.207 - - [06/Nov/2022:12:16:07 -0800] "GET /about/?C=M;O=D HTTP/1.1" 200 359 "-" "Mozilla/5.0 (compatible; BLEXBot/1.0; +http://webmeup-crawler.com/)" "asbanet.org"
157.90.181.207 - - [06/Nov/2022:12:16:13 -0800] "GET /about/?C=N;O=A HTTP/1.1" 200 361 "-" "Mozilla/5.0 (compatible; BLEXBot/1.0; +http://webmeup-crawler.com/)" "asbanet.org"
157.90.181.207 - - [06/Nov/2022:12:16:21 -0800] "GET /about/?C=S;O=D HTTP/1.1" 200 359 "-" "Mozilla/5.0 (compatible; BLEXBot/1.0; +http://webmeup-crawler.com/)" "asbanet.org"
157.90.181.207 - - [06/Nov/2022:12:16:29 -0800] "GET /contact/?C=D;O=D HTTP/1.1" 200 360 "-" "Mozilla/5.0 (compatible; BLEXBot/1.0; +http://webmeup-crawler.com/)" "asbanet.org"
185.191.171.7 - - [06/Nov/2022:12:16:34 -0800] "GET /images/voterguide/?C=S%3BO%3DA HTTP/1.1" 200 410 "-" "Mozilla/5.0 (compatible; SemrushBot/7~bl; +http://www.semrush.com/bot.html)" "asbanet.org"
