65.108.76.15 - - [05/Nov/2022:20:00:00 -0700] "GET /about/?C=D;O=D HTTP/1.1" 200 359 "http://www.asbanet.org/about/?C=D;O=A" "Mozilla/5.0 (compatible; SEOkicks; +https://www.seokicks.de/robot.html)" "www.asbanet.org"
65.108.76.15 - - [05/Nov/2022:20:00:02 -0700] "GET /resources/?C=N;O=A HTTP/1.1" 200 365 "http://www.asbanet.org/resources/?C=N;O=D" "Mozilla/5.0 (compatible; SEOkicks; +https://www.seokicks.de/robot.html)" "www.asbanet.org"
65.108.76.15 - - [05/Nov/2022:20:00:03 -0700] "GET /resources/?C=N;O=A HTTP/1.1" 200 365 "http://asbanet.org/resources/?C=N;O=D" "Mozilla/5.0 (compatible; SEOkicks; +https://www.seokicks.de/robot.html)" "asbanet.org"
65.108.76.15 - - [05/Nov/2022:20:00:04 -0700] "GET /resources/?C=M;O=D HTTP/1.1" 200 363 "http://www.asbanet.org/resources/?C=M;O=A" "Mozilla/5.0 (compatible; SEOkicks; +https://www.seokicks.de/robot.html)" "www.asbanet.org"
65.108.76.15 - - [05/Nov/2022:20:00:05 -0700] "GET /resources/?C=M;O=D HTTP/1.1" 200 363 "http://asbanet.org/resources/?C=M;O=A" "Mozilla/5.0 (compatible; SEOkicks; +https://www.seokicks.de/robot.html)" "asbanet.org"
65.108.76.15 - - [05/Nov/2022:20:00:05 -0700] "GET /resources/?C=S;O=D HTTP/1.1" 200 363 "http://www.asbanet.org/resources/?C=S;O=A" "Mozilla/5.0 (compatible; SEOkicks; +https://www.seokicks.de/robot.html)" "www.asbanet.org"
65.108.76.15 - - [05/Nov/2022:20:00:06 -0700] "GET /resources/?C=S;O=D HTTP/1.1" 200 363 "http://asbanet.org/resources/?C=S;O=A" "Mozilla/5.0 (compatible; SEOkicks; +https://www.seokicks.de/robot.html)" "asbanet.org"
65.108.76.15 - - [05/Nov/2022:20:00:06 -0700] "GET /resources/?C=D;O=D HTTP/1.1" 200 363 "http://www.asbanet.org/resources/?C=D;O=A" "Mozilla/5.0 (compatible; SEOkicks; +https://www.seokicks.de/robot.html)" "www.asbanet.org"
65.108.76.15 - - [05/Nov/2022:20:00:07 -0700] "GET /resources/?C=D;O=D HTTP/1.1" 200 363 "http://asbanet.org/resources/?C=D;O=A" "Mozilla/5.0 (compatible; SEOkicks; +https://www.seokicks.de/robot.html)" "asbanet.org"
65.108.76.15 - - [05/Nov/2022:20:00:08 -0700] "GET /contact/?C=N;O=A HTTP/1.1" 200 362 "http://www.asbanet.org/contact/?C=N;O=D" "Mozilla/5.0 (compatible; SEOkicks; +https://www.seokicks.de/robot.html)" "www.asbanet.org"
65.108.76.15 - - [05/Nov/2022:20:00:09 -0700] "GET /contact/?C=N;O=A HTTP/1.1" 200 362 "http://asbanet.org/contact/?C=N;O=D" "Mozilla/5.0 (compatible; SEOkicks; +https://www.seokicks.de/robot.html)" "asbanet.org"
65.108.76.15 - - [05/Nov/2022:20:00:09 -0700] "GET /contact/?C=M;O=D HTTP/1.1" 200 360 "http://www.asbanet.org/contact/?C=M;O=A" "Mozilla/5.0 (compatible; SEOkicks; +https://www.seokicks.de/robot.html)" "www.asbanet.org"
65.108.76.15 - - [05/Nov/2022:20:00:10 -0700] "GET /contact/?C=M;O=D HTTP/1.1" 200 360 "http://asbanet.org/contact/?C=M;O=A" "Mozilla/5.0 (compatible; SEOkicks; +https://www.seokicks.de/robot.html)" "asbanet.org"
185.191.171.13 - - [05/Nov/2022:20:06:52 -0700] "GET /robots.txt HTTP/1.1" 404 88 "-" "Mozilla/5.0 (compatible; SemrushBot/7~bl; +http://www.semrush.com/bot.html)" "asbanet.org"
185.191.171.39 - - [05/Nov/2022:20:06:52 -0700] "GET /about/ HTTP/1.1" 200 361 "-" "Mozilla/5.0 (compatible; SemrushBot/7~bl; +http://www.semrush.com/bot.html)" "asbanet.org"
51.222.253.15 - - [05/Nov/2022:20:12:32 -0700] "GET /alaska/script1.htm HTTP/1.1" 200 502 "-" "Mozilla/5.0 (compatible; AhrefsBot/7.0; +http://ahrefs.com/robot/)" "asbanet.org"
185.191.171.16 - - [05/Nov/2022:20:14:04 -0700] "GET /contact/?C=M%3BO%3DA HTTP/1.1" 200 362 "-" "Mozilla/5.0 (compatible; SemrushBot/7~bl; +http://www.semrush.com/bot.html)" "asbanet.org"
185.191.171.26 - - [05/Nov/2022:20:15:54 -0700] "GET /images/issues/?C=S%3BO%3DA HTTP/1.1" 200 527 "-" "Mozilla/5.0 (compatible; SemrushBot/7~bl; +http://www.semrush.com/bot.html)" "asbanet.org"
65.108.76.15 - - [05/Nov/2022:20:22:53 -0700] "GET /contact/?C=S;O=D HTTP/1.1" 200 360 "http://www.asbanet.org/contact/?C=S;O=A" "Mozilla/5.0 (compatible; SEOkicks; +https://www.seokicks.de/robot.html)" "www.asbanet.org"
65.108.76.15 - - [05/Nov/2022:20:22:54 -0700] "GET /contact/?C=D;O=D HTTP/1.1" 200 360 "http://www.asbanet.org/contact/?C=D;O=A" "Mozilla/5.0 (compatible; SEOkicks; +https://www.seokicks.de/robot.html)" "www.asbanet.org"
65.108.76.15 - - [05/Nov/2022:20:22:55 -0700] "GET /join/?C=N;O=A HTTP/1.1" 200 394 "http://www.asbanet.org/join/?C=N;O=D" "Mozilla/5.0 (compatible; SEOkicks; +https://www.seokicks.de/robot.html)" "www.asbanet.org"
65.108.76.15 - - [05/Nov/2022:20:22:55 -0700] "GET /contact/?C=S;O=D HTTP/1.1" 200 360 "http://asbanet.org/contact/?C=S;O=A" "Mozilla/5.0 (compatible; SEOkicks; +https://www.seokicks.de/robot.html)" "asbanet.org"
65.108.76.15 - - [05/Nov/2022:20:22:57 -0700] "GET /contact/?C=D;O=D HTTP/1.1" 200 360 "http://asbanet.org/contact/?C=D;O=A" "Mozilla/5.0 (compatible; SEOkicks; +https://www.seokicks.de/robot.html)" "asbanet.org"
65.108.76.15 - - [05/Nov/2022:20:22:57 -0700] "GET /join/?C=M;O=D HTTP/1.1" 200 393 "http://www.asbanet.org/join/?C=M;O=A" "Mozilla/5.0 (compatible; SEOkicks; +https://www.seokicks.de/robot.html)" "www.asbanet.org"
65.108.76.15 - - [05/Nov/2022:20:22:58 -0700] "GET /join/?C=N;O=A HTTP/1.1" 200 394 "http://asbanet.org/join/?C=N;O=D" "Mozilla/5.0 (compatible; SEOkicks; +https://www.seokicks.de/robot.html)" "asbanet.org"
65.108.76.15 - - [05/Nov/2022:20:22:58 -0700] "GET /join/?C=S;O=D HTTP/1.1" 200 394 "http://www.asbanet.org/join/?C=S;O=A" "Mozilla/5.0 (compatible; SEOkicks; +https://www.seokicks.de/robot.html)" "www.asbanet.org"
65.108.76.15 - - [05/Nov/2022:20:22:59 -0700] "GET /join/?C=M;O=D HTTP/1.1" 200 393 "http://asbanet.org/join/?C=M;O=A" "Mozilla/5.0 (compatible; SEOkicks; +https://www.seokicks.de/robot.html)" "asbanet.org"
65.108.76.15 - - [05/Nov/2022:20:22:59 -0700] "GET /join/?C=D;O=D HTTP/1.1" 200 393 "http://www.asbanet.org/join/?C=D;O=A" "Mozilla/5.0 (compatible; SEOkicks; +https://www.seokicks.de/robot.html)" "www.asbanet.org"
65.108.76.15 - - [05/Nov/2022:20:23:00 -0700] "GET /issues/PBR/?C=N;O=A HTTP/1.1" 200 450 "http://www.asbanet.org/issues/PBR/?C=N;O=D" "Mozilla/5.0 (compatible; SEOkicks; +https://www.seokicks.de/robot.html)" "www.asbanet.org"
65.108.76.15 - - [05/Nov/2022:20:23:00 -0700] "GET /join/?C=S;O=D HTTP/1.1" 200 394 "http://asbanet.org/join/?C=S;O=A" "Mozilla/5.0 (compatible; SEOkicks; +https://www.seokicks.de/robot.html)" "asbanet.org"
65.108.76.15 - - [05/Nov/2022:20:23:02 -0700] "GET /issues/PBR/?C=M;O=D HTTP/1.1" 200 448 "http://www.asbanet.org/issues/PBR/?C=M;O=A" "Mozilla/5.0 (compatible; SEOkicks; +https://www.seokicks.de/robot.html)" "www.asbanet.org"
65.108.76.15 - - [05/Nov/2022:20:23:02 -0700] "GET /join/?C=D;O=D HTTP/1.1" 200 393 "http://asbanet.org/join/?C=D;O=A" "Mozilla/5.0 (compatible; SEOkicks; +https://www.seokicks.de/robot.html)" "asbanet.org"
65.108.76.15 - - [05/Nov/2022:20:23:03 -0700] "GET /issues/PBR/?C=S;O=D HTTP/1.1" 200 450 "http://www.asbanet.org/issues/PBR/?C=S;O=A" "Mozilla/5.0 (compatible; SEOkicks; +https://www.seokicks.de/robot.html)" "www.asbanet.org"
65.108.76.15 - - [05/Nov/2022:20:23:03 -0700] "GET /issues/PBR/?C=N;O=A HTTP/1.1" 200 450 "http://asbanet.org/issues/PBR/?C=N;O=D" "Mozilla/5.0 (compatible; SEOkicks; +https://www.seokicks.de/robot.html)" "asbanet.org"
65.108.76.15 - - [05/Nov/2022:20:23:04 -0700] "GET /issues/PBR/?C=D;O=D HTTP/1.1" 200 448 "http://www.asbanet.org/issues/PBR/?C=D;O=A" "Mozilla/5.0 (compatible; SEOkicks; +https://www.seokicks.de/robot.html)" "www.asbanet.org"
65.108.76.15 - - [05/Nov/2022:20:23:04 -0700] "GET /issues/PBR/?C=M;O=D HTTP/1.1" 200 448 "http://asbanet.org/issues/PBR/?C=M;O=A" "Mozilla/5.0 (compatible; SEOkicks; +https://www.seokicks.de/robot.html)" "asbanet.org"
65.108.76.15 - - [05/Nov/2022:20:23:06 -0700] "GET /issues/Reports/?C=N;O=A HTTP/1.1" 200 438 "http://www.asbanet.org/issues/Reports/?C=N;O=D" "Mozilla/5.0 (compatible; SEOkicks; +https://www.seokicks.de/robot.html)" "www.asbanet.org"
65.108.76.15 - - [05/Nov/2022:20:23:06 -0700] "GET /issues/PBR/?C=S;O=D HTTP/1.1" 200 450 "http://asbanet.org/issues/PBR/?C=S;O=A" "Mozilla/5.0 (compatible; SEOkicks; +https://www.seokicks.de/robot.html)" "asbanet.org"
65.108.76.15 - - [05/Nov/2022:20:23:07 -0700] "GET /issues/PBR/?C=D;O=D HTTP/1.1" 200 448 "http://asbanet.org/issues/PBR/?C=D;O=A" "Mozilla/5.0 (compatible; SEOkicks; +https://www.seokicks.de/robot.html)" "asbanet.org"
65.108.76.15 - - [05/Nov/2022:20:23:08 -0700] "GET /issues/Reports/?C=N;O=A HTTP/1.1" 200 438 "http://asbanet.org/issues/Reports/?C=N;O=D" "Mozilla/5.0 (compatible; SEOkicks; +https://www.seokicks.de/robot.html)" "asbanet.org"
51.222.253.17 - - [05/Nov/2022:20:27:24 -0700] "GET /fl/includes/?C=N;O=D HTTP/1.1" 200 368 "-" "Mozilla/5.0 (compatible; AhrefsBot/7.0; +http://ahrefs.com/robot/)" "asbanet.org"
185.191.171.1 - - [05/Nov/2022:20:33:28 -0700] "GET /images/nav/?C=S%3BO%3DA HTTP/1.1" 200 1121 "-" "Mozilla/5.0 (compatible; SemrushBot/7~bl; +http://www.semrush.com/bot.html)" "asbanet.org"
185.191.171.6 - - [05/Nov/2022:20:35:44 -0700] "GET /fl/?C=M%3BO%3DA HTTP/1.1" 200 499 "-" "Mozilla/5.0 (compatible; SemrushBot/7~bl; +http://www.semrush.com/bot.html)" "asbanet.org"
185.191.171.4 - - [05/Nov/2022:20:38:07 -0700] "GET /issues/Stimulus/_notes/?C=D%3BO%3DA HTTP/1.1" 200 327 "-" "Mozilla/5.0 (compatible; SemrushBot/7~bl; +http://www.semrush.com/bot.html)" "asbanet.org"
114.119.138.77 - - [05/Nov/2022:20:39:41 -0700] "GET /issues?M=A HTTP/1.1" 301 1410 "http://www.asbanet.org/issues?S=A" "Mozilla/5.0 (Linux; Android 7.0;) AppleWebKit/537.36 (KHTML, like Gecko) Mobile Safari/537.36 (compatible; PetalBot;+https://webmaster.petalsearch.com/site/petalbot)" "www.asbanet.org"
114.119.138.77 - - [05/Nov/2022:20:39:44 -0700] "GET /issues/?M=A HTTP/1.1" 200 416 "http://www.asbanet.org/issues?S=A" "Mozilla/5.0 (Linux; Android 7.0;) AppleWebKit/537.36 (KHTML, like Gecko) Mobile Safari/537.36 (compatible; PetalBot;+https://webmaster.petalsearch.com/site/petalbot)" "www.asbanet.org"
185.191.171.6 - - [05/Nov/2022:20:41:29 -0700] "GET /contact/index.shtml HTTP/1.1" 200 2466 "-" "Mozilla/5.0 (compatible; SemrushBot/7~bl; +http://www.semrush.com/bot.html)" "asbanet.org"
51.222.253.3 - - [05/Nov/2022:20:42:27 -0700] "GET /lott/?C=D;O=D HTTP/1.1" 200 388 "-" "Mozilla/5.0 (compatible; AhrefsBot/7.0; +http://ahrefs.com/robot/)" "asbanet.org"
65.108.76.15 - - [05/Nov/2022:20:43:27 -0700] "GET /issues/Reports/?C=M;O=D HTTP/1.1" 200 433 "http://www.asbanet.org/issues/Reports/?C=M;O=A" "Mozilla/5.0 (compatible; SEOkicks; +https://www.seokicks.de/robot.html)" "www.asbanet.org"
65.108.76.15 - - [05/Nov/2022:20:43:28 -0700] "GET /issues/Reports/?C=S;O=D HTTP/1.1" 200 435 "http://www.asbanet.org/issues/Reports/?C=S;O=A" "Mozilla/5.0 (compatible; SEOkicks; +https://www.seokicks.de/robot.html)" "www.asbanet.org"
65.108.76.15 - - [05/Nov/2022:20:43:29 -0700] "GET /issues/Reports/?C=D;O=D HTTP/1.1" 200 433 "http://www.asbanet.org/issues/Reports/?C=D;O=A" "Mozilla/5.0 (compatible; SEOkicks; +https://www.seokicks.de/robot.html)" "www.asbanet.org"
65.108.76.15 - - [05/Nov/2022:20:43:31 -0700] "GET /issues/Reports/?C=M;O=D HTTP/1.1" 200 433 "http://asbanet.org/issues/Reports/?C=M;O=A" "Mozilla/5.0 (compatible; SEOkicks; +https://www.seokicks.de/robot.html)" "asbanet.org"
65.108.76.15 - - [05/Nov/2022:20:43:31 -0700] "GET /issues/Reports/SBA_files/filelist.xml HTTP/1.1" 200 143 "http://www.asbanet.org/issues/Reports/SBA.htm" "Mozilla/5.0 (compatible; SEOkicks; +https://www.seokicks.de/robot.html)" "www.asbanet.org"
65.108.76.15 - - [05/Nov/2022:20:43:32 -0700] "GET /issues/Reports/?C=S;O=D HTTP/1.1" 200 435 "http://asbanet.org/issues/Reports/?C=S;O=A" "Mozilla/5.0 (compatible; SEOkicks; +https://www.seokicks.de/robot.html)" "asbanet.org"
65.108.76.15 - - [05/Nov/2022:20:43:32 -0700] "GET /issues/Reports/SBA_files/editdata.mso HTTP/1.1" 404 88 "http://www.asbanet.org/issues/Reports/SBA.htm" "Mozilla/5.0 (compatible; SEOkicks; +https://www.seokicks.de/robot.html)" "www.asbanet.org"
65.108.76.15 - - [05/Nov/2022:20:43:33 -0700] "GET /issues/Reports/?C=D;O=D HTTP/1.1" 200 433 "http://asbanet.org/issues/Reports/?C=D;O=A" "Mozilla/5.0 (compatible; SEOkicks; +https://www.seokicks.de/robot.html)" "asbanet.org"
65.108.76.15 - - [05/Nov/2022:20:43:33 -0700] "GET /issues/Reports/SBA_files/?C=N;O=D HTTP/1.1" 200 411 "http://www.asbanet.org/issues/Reports/SBA_files/" "Mozilla/5.0 (compatible; SEOkicks; +https://www.seokicks.de/robot.html)" "www.asbanet.org"
65.108.76.15 - - [05/Nov/2022:20:43:35 -0700] "GET /issues/Reports/SBA_files/filelist.xml HTTP/1.1" 200 143 "http://asbanet.org/issues/Reports/SBA.htm" "Mozilla/5.0 (compatible; SEOkicks; +https://www.seokicks.de/robot.html)" "asbanet.org"
65.108.76.15 - - [05/Nov/2022:20:43:35 -0700] "GET /issues/Reports/SBA_files/?C=M;O=A HTTP/1.1" 200 413 "http://www.asbanet.org/issues/Reports/SBA_files/" "Mozilla/5.0 (compatible; SEOkicks; +https://www.seokicks.de/robot.html)" "www.asbanet.org"
65.108.76.15 - - [05/Nov/2022:20:43:36 -0700] "GET /issues/Reports/SBA_files/editdata.mso HTTP/1.1" 404 88 "http://asbanet.org/issues/Reports/SBA.htm" "Mozilla/5.0 (compatible; SEOkicks; +https://www.seokicks.de/robot.html)" "asbanet.org"
65.108.76.15 - - [05/Nov/2022:20:43:36 -0700] "GET /issues/Reports/SBA_files/?C=S;O=A HTTP/1.1" 200 412 "http://www.asbanet.org/issues/Reports/SBA_files/" "Mozilla/5.0 (compatible; SEOkicks; +https://www.seokicks.de/robot.html)" "www.asbanet.org"
65.108.76.15 - - [05/Nov/2022:20:43:37 -0700] "GET /issues/Reports/SBA_files/?C=N;O=D HTTP/1.1" 200 411 "http://asbanet.org/issues/Reports/SBA_files/" "Mozilla/5.0 (compatible; SEOkicks; +https://www.seokicks.de/robot.html)" "asbanet.org"
65.108.76.15 - - [05/Nov/2022:20:43:37 -0700] "GET /issues/Reports/SBA_files/?C=D;O=A HTTP/1.1" 200 412 "http://www.asbanet.org/issues/Reports/SBA_files/" "Mozilla/5.0 (compatible; SEOkicks; +https://www.seokicks.de/robot.html)" "www.asbanet.org"
65.108.76.15 - - [05/Nov/2022:20:43:38 -0700] "GET /issues/Reports/SBA_files/?C=M;O=A HTTP/1.1" 200 413 "http://asbanet.org/issues/Reports/SBA_files/" "Mozilla/5.0 (compatible; SEOkicks; +https://www.seokicks.de/robot.html)" "asbanet.org"
65.108.76.15 - - [05/Nov/2022:20:43:39 -0700] "GET /issues/join/index.shtml HTTP/1.1" 404 88 "http://www.asbanet.org/issues/Reports/bush_report.htm" "Mozilla/5.0 (compatible; SEOkicks; +https://www.seokicks.de/robot.html)" "www.asbanet.org"
65.108.76.15 - - [05/Nov/2022:20:43:40 -0700] "GET /issues/Reports/SBA_files/?C=S;O=A HTTP/1.1" 200 412 "http://asbanet.org/issues/Reports/SBA_files/" "Mozilla/5.0 (compatible; SEOkicks; +https://www.seokicks.de/robot.html)" "asbanet.org"
65.108.76.15 - - [05/Nov/2022:20:43:40 -0700] "GET /issues/Stimulus/?C=N;O=A HTTP/1.1" 200 397 "http://www.asbanet.org/issues/Stimulus/?C=N;O=D" "Mozilla/5.0 (compatible; SEOkicks; +https://www.seokicks.de/robot.html)" "www.asbanet.org"
65.108.76.15 - - [05/Nov/2022:20:43:41 -0700] "GET /issues/Reports/SBA_files/?C=D;O=A HTTP/1.1" 200 412 "http://asbanet.org/issues/Reports/SBA_files/" "Mozilla/5.0 (compatible; SEOkicks; +https://www.seokicks.de/robot.html)" "asbanet.org"
65.108.76.15 - - [05/Nov/2022:20:43:42 -0700] "GET /issues/join/index.shtml HTTP/1.1" 404 88 "http://asbanet.org/issues/Reports/bush_report.htm" "Mozilla/5.0 (compatible; SEOkicks; +https://www.seokicks.de/robot.html)" "asbanet.org"
65.108.76.15 - - [05/Nov/2022:20:43:44 -0700] "GET /issues/Stimulus/?C=N;O=A HTTP/1.1" 200 397 "http://asbanet.org/issues/Stimulus/?C=N;O=D" "Mozilla/5.0 (compatible; SEOkicks; +https://www.seokicks.de/robot.html)" "asbanet.org"
114.119.138.70 - - [05/Nov/2022:20:45:12 -0700] "GET /?C=M%3BO%3DA HTTP/1.1" 200 4048 "https://asbanet.org/" "Mozilla/5.0 (Linux; Android 7.0;) AppleWebKit/537.36 (KHTML, like Gecko) Mobile Safari/537.36 (compatible; PetalBot;+https://webmaster.petalsearch.com/site/petalbot)" "asbanet.org"
185.191.171.34 - - [05/Nov/2022:20:47:05 -0700] "GET /ok/about/?C=D%3BO%3DA HTTP/1.1" 200 366 "-" "Mozilla/5.0 (compatible; SemrushBot/7~bl; +http://www.semrush.com/bot.html)" "asbanet.org"
216.244.66.200 - - [05/Nov/2022:20:51:11 -0700] "GET /robots.txt HTTP/1.1" 404 73 "-" "Mozilla/5.0 (compatible; DotBot/1.2; +https://opensiteexplorer.org/dotbot; help@moz.com)" "asbanet.org"
185.191.171.45 - - [05/Nov/2022:20:54:18 -0700] "GET /ok/?C=D%3BO%3DA HTTP/1.1" 200 425 "-" "Mozilla/5.0 (compatible; SemrushBot/7~bl; +http://www.semrush.com/bot.html)" "asbanet.org"
185.191.171.24 - - [05/Nov/2022:20:55:31 -0700] "GET /resources/?C=N%3BO%3DD HTTP/1.1" 200 365 "-" "Mozilla/5.0 (compatible; SemrushBot/7~bl; +http://www.semrush.com/bot.html)" "asbanet.org"
185.191.171.10 - - [05/Nov/2022:20:58:12 -0700] "GET /fl/contact/?C=N%3BO%3DD HTTP/1.1" 200 365 "-" "Mozilla/5.0 (compatible; SemrushBot/7~bl; +http://www.semrush.com/bot.html)" "asbanet.org"
185.191.171.38 - - [05/Nov/2022:20:59:32 -0700] "GET /ok/join/?C=D%3BO%3DA HTTP/1.1" 200 400 "-" "Mozilla/5.0 (compatible; SemrushBot/7~bl; +http://www.semrush.com/bot.html)" "asbanet.org"
65.108.76.15 - - [05/Nov/2022:21:02:15 -0700] "GET /issues/Stimulus/?C=M;O=D HTTP/1.1" 200 399 "http://www.asbanet.org/issues/Stimulus/?C=M;O=A" "Mozilla/5.0 (compatible; SEOkicks; +https://www.seokicks.de/robot.html)" "www.asbanet.org"
65.108.76.15 - - [05/Nov/2022:21:02:17 -0700] "GET /issues/Stimulus/?C=M;O=D HTTP/1.1" 200 399 "http://asbanet.org/issues/Stimulus/?C=M;O=A" "Mozilla/5.0 (compatible; SEOkicks; +https://www.seokicks.de/robot.html)" "asbanet.org"
185.191.171.13 - - [05/Nov/2022:21:02:21 -0700] "GET /fl/images/?C=S%3BO%3DA HTTP/1.1" 200 393 "-" "Mozilla/5.0 (compatible; SemrushBot/7~bl; +http://www.semrush.com/bot.html)" "asbanet.org"
185.191.171.42 - - [05/Nov/2022:21:05:30 -0700] "GET /maine/?C=M%3BO%3DA HTTP/1.1" 200 431 "-" "Mozilla/5.0 (compatible; SemrushBot/7~bl; +http://www.semrush.com/bot.html)" "asbanet.org"
51.222.253.16 - - [05/Nov/2022:21:07:32 -0700] "GET /_old/voters/h_card.html HTTP/1.1" 200 350 "-" "Mozilla/5.0 (compatible; AhrefsBot/7.0; +http://ahrefs.com/robot/)" "www.asbanet.org"
185.191.171.20 - - [05/Nov/2022:21:08:06 -0700] "GET /robots.txt HTTP/1.1" 404 88 "-" "Mozilla/5.0 (compatible; SemrushBot/7~bl; +http://www.semrush.com/bot.html)" "asbanet.org"
185.191.171.9 - - [05/Nov/2022:21:08:07 -0700] "GET /voterguide/?C=D%3BO%3DA HTTP/1.1" 200 365 "-" "Mozilla/5.0 (compatible; SemrushBot/7~bl; +http://www.semrush.com/bot.html)" "asbanet.org"
185.191.171.33 - - [05/Nov/2022:21:09:57 -0700] "GET /_old/voters/?C=N%3BO%3DD HTTP/1.1" 200 480 "-" "Mozilla/5.0 (compatible; SemrushBot/7~bl; +http://www.semrush.com/bot.html)" "asbanet.org"
185.191.171.4 - - [05/Nov/2022:21:10:53 -0700] "GET /issues/PBR/supportpbr.shtml HTTP/1.1" 200 7559 "-" "Mozilla/5.0 (compatible; SemrushBot/7~bl; +http://www.semrush.com/bot.html)" "asbanet.org"
185.191.171.6 - - [05/Nov/2022:21:14:46 -0700] "GET /issues/Stimulus/_notes/?C=M%3BO%3DA HTTP/1.1" 200 327 "-" "Mozilla/5.0 (compatible; SemrushBot/7~bl; +http://www.semrush.com/bot.html)" "asbanet.org"
185.191.171.18 - - [05/Nov/2022:21:16:40 -0700] "GET /nh/contact/?C=M%3BO%3DA HTTP/1.1" 200 366 "-" "Mozilla/5.0 (compatible; SemrushBot/7~bl; +http://www.semrush.com/bot.html)" "asbanet.org"
185.191.171.22 - - [05/Nov/2022:21:19:44 -0700] "GET /issues/Reports/SBA.htm HTTP/1.1" 200 1277 "-" "Mozilla/5.0 (compatible; SemrushBot/7~bl; +http://www.semrush.com/bot.html)" "asbanet.org"
51.222.253.11 - - [05/Nov/2022:21:22:42 -0700] "GET /images/Shannon/?C=S;O=A HTTP/1.1" 200 491 "-" "Mozilla/5.0 (compatible; AhrefsBot/7.0; +http://ahrefs.com/robot/)" "www.asbanet.org"
185.191.171.24 - - [05/Nov/2022:21:24:41 -0700] "GET /images/voterguide/?C=M%3BO%3DA HTTP/1.1" 200 410 "-" "Mozilla/5.0 (compatible; SemrushBot/7~bl; +http://www.semrush.com/bot.html)" "asbanet.org"
185.191.171.12 - - [05/Nov/2022:21:25:15 -0700] "GET /images/?C=D%3BO%3DA HTTP/1.1" 200 844 "-" "Mozilla/5.0 (compatible; SemrushBot/7~bl; +http://www.semrush.com/bot.html)" "asbanet.org"
185.191.171.22 - - [05/Nov/2022:21:29:42 -0700] "GET /images/Shannon/?C=N%3BO%3DD HTTP/1.1" 200 489 "-" "Mozilla/5.0 (compatible; SemrushBot/7~bl; +http://www.semrush.com/bot.html)" "asbanet.org"
51.222.253.6 - - [05/Nov/2022:21:30:11 -0700] "GET /ok/?C=S;O=A HTTP/1.1" 200 424 "-" "Mozilla/5.0 (compatible; AhrefsBot/7.0; +http://ahrefs.com/robot/)" "www.asbanet.org"
51.222.253.13 - - [05/Nov/2022:21:37:17 -0700] "GET /Mann/megadownload/images/?C=N;O=D HTTP/1.1" 200 522 "-" "Mozilla/5.0 (compatible; AhrefsBot/7.0; +http://ahrefs.com/robot/)" "www.asbanet.org"
35.237.67.114 - - [05/Nov/2022:21:37:38 -0700] "GET /robots.txt HTTP/1.1" 404 88 "-" "ZoominfoBot (zoominfobot at zoominfo dot com)" "asbanet.org"
35.237.67.114 - - [05/Nov/2022:21:37:39 -0700] "GET / HTTP/1.1" 200 4048 "-" "ZoominfoBot (zoominfobot at zoominfo dot com)" "asbanet.org"
185.191.171.43 - - [05/Nov/2022:21:40:23 -0700] "GET /fl/includes/?C=N%3BO%3DD HTTP/1.1" 200 369 "-" "Mozilla/5.0 (compatible; SemrushBot/7~bl; +http://www.semrush.com/bot.html)" "asbanet.org"
51.222.253.5 - - [05/Nov/2022:21:44:42 -0700] "GET /_old/voters/?C=M;O=A HTTP/1.1" 200 480 "-" "Mozilla/5.0 (compatible; AhrefsBot/7.0; +http://ahrefs.com/robot/)" "www.asbanet.org"
185.191.171.45 - - [05/Nov/2022:21:46:21 -0700] "GET /_old/?C=N%3BO%3DD HTTP/1.1" 200 351 "-" "Mozilla/5.0 (compatible; SemrushBot/7~bl; +http://www.semrush.com/bot.html)" "asbanet.org"
185.191.171.41 - - [05/Nov/2022:21:48:02 -0700] "GET /issues/Stimulus/?C=S%3BO%3DA HTTP/1.1" 200 397 "-" "Mozilla/5.0 (compatible; SemrushBot/7~bl; +http://www.semrush.com/bot.html)" "asbanet.org"
216.244.66.200 - - [05/Nov/2022:21:49:28 -0700] "GET /robots.txt HTTP/1.1" 404 73 "-" "Mozilla/5.0 (compatible; DotBot/1.2; +https://opensiteexplorer.org/dotbot; help@moz.com)" "asbanet.org"
54.36.148.150 - - [05/Nov/2022:21:51:33 -0700] "GET /robots.txt HTTP/1.1" 404 88 "-" "Mozilla/5.0 (compatible; AhrefsBot/7.0; +http://ahrefs.com/robot/)" "www.asbanet.org"
51.222.253.12 - - [05/Nov/2022:21:51:37 -0700] "GET /images/voices/?C=N;O=D HTTP/1.1" 200 547 "-" "Mozilla/5.0 (compatible; AhrefsBot/7.0; +http://ahrefs.com/robot/)" "www.asbanet.org"
185.191.171.15 - - [05/Nov/2022:21:54:01 -0700] "GET /miscellaneous/?C=S%3BO%3DA HTTP/1.1" 200 577 "-" "Mozilla/5.0 (compatible; SemrushBot/7~bl; +http://www.semrush.com/bot.html)" "asbanet.org"
185.191.171.37 - - [05/Nov/2022:21:54:42 -0700] "GET /issues/PBR/?C=S%3BO%3DA HTTP/1.1" 200 450 "-" "Mozilla/5.0 (compatible; SemrushBot/7~bl; +http://www.semrush.com/bot.html)" "asbanet.org"
51.222.253.7 - - [05/Nov/2022:21:58:24 -0700] "GET /issues/Stimulus/_notes/?C=N;O=D HTTP/1.1" 200 325 "-" "Mozilla/5.0 (compatible; AhrefsBot/7.0; +http://ahrefs.com/robot/)" "www.asbanet.org"
185.191.171.24 - - [05/Nov/2022:22:00:41 -0700] "GET /images/issues/?C=D%3BO%3DA HTTP/1.1" 200 527 "-" "Mozilla/5.0 (compatible; SemrushBot/7~bl; +http://www.semrush.com/bot.html)" "asbanet.org"
51.222.253.20 - - [05/Nov/2022:22:01:35 -0700] "GET /ok/join/?C=M;O=A HTTP/1.1" 200 400 "-" "Mozilla/5.0 (compatible; AhrefsBot/7.0; +http://ahrefs.com/robot/)" "www.asbanet.org"
185.191.171.5 - - [05/Nov/2022:22:02:55 -0700] "GET /includes/?C=S%3BO%3DA HTTP/1.1" 200 770 "-" "Mozilla/5.0 (compatible; SemrushBot/7~bl; +http://www.semrush.com/bot.html)" "asbanet.org"
51.222.253.7 - - [05/Nov/2022:22:04:54 -0700] "GET /alaska/media.htm HTTP/1.1" 200 352 "-" "Mozilla/5.0 (compatible; AhrefsBot/7.0; +http://ahrefs.com/robot/)" "www.asbanet.org"
185.191.171.39 - - [05/Nov/2022:22:06:32 -0700] "GET /nh/contact/?C=N%3BO%3DD HTTP/1.1" 200 366 "-" "Mozilla/5.0 (compatible; SemrushBot/7~bl; +http://www.semrush.com/bot.html)" "asbanet.org"
185.191.171.41 - - [05/Nov/2022:22:07:05 -0700] "GET /fl/includes/?C=S%3BO%3DA HTTP/1.1" 200 369 "-" "Mozilla/5.0 (compatible; SemrushBot/7~bl; +http://www.semrush.com/bot.html)" "asbanet.org"
51.222.253.2 - - [05/Nov/2022:22:08:19 -0700] "GET /Mann/megadownload/?C=S;O=D HTTP/1.1" 200 395 "-" "Mozilla/5.0 (compatible; AhrefsBot/7.0; +http://ahrefs.com/robot/)" "asbanet.org"
185.191.171.44 - - [05/Nov/2022:22:09:52 -0700] "GET /robots.txt HTTP/1.1" 404 88 "-" "Mozilla/5.0 (compatible; SemrushBot/7~bl; +http://www.semrush.com/bot.html)" "asbanet.org"
185.191.171.22 - - [05/Nov/2022:22:09:52 -0700] "GET /resources/?C=M%3BO%3DA HTTP/1.1" 200 365 "-" "Mozilla/5.0 (compatible; SemrushBot/7~bl; +http://www.semrush.com/bot.html)" "asbanet.org"
20.29.110.168 - - [05/Nov/2022:22:11:25 -0700] "GET /_old/voters/images/images/noframes_meye/now20_button.gif HTTP/1.1" 200 1001 "http://asbanet.org/_old/voters/images/images/noframes_meye" "Mozilla/5.0 (Windows NT 10.0; Win64; x64) AppleWebKit/537.36 (KHTML, like Gecko) Chrome/74.0.3729.157 Safari/537.36" "asbanet.org"
51.222.253.13 - - [05/Nov/2022:22:11:51 -0700] "GET /join/?C=N;O=D HTTP/1.1" 200 393 "-" "Mozilla/5.0 (compatible; AhrefsBot/7.0; +http://ahrefs.com/robot/)" "www.asbanet.org"
51.222.253.7 - - [05/Nov/2022:22:18:52 -0700] "GET /issues/Reports/?C=N;O=D HTTP/1.1" 200 433 "-" "Mozilla/5.0 (compatible; AhrefsBot/7.0; +http://ahrefs.com/robot/)" "asbanet.org"
185.191.171.4 - - [05/Nov/2022:22:21:10 -0700] "GET /Mann/megadownload/images/?C=D%3BO%3DA HTTP/1.1" 200 532 "-" "Mozilla/5.0 (compatible; SemrushBot/7~bl; +http://www.semrush.com/bot.html)" "asbanet.org"
185.191.171.2 - - [05/Nov/2022:22:26:55 -0700] "GET /issues/ HTTP/1.1" 200 416 "-" "Mozilla/5.0 (compatible; SemrushBot/7~bl; +http://www.semrush.com/bot.html)" "asbanet.org"
185.191.171.14 - - [05/Nov/2022:22:27:08 -0700] "GET /voterguide/?C=D%3BO%3DA HTTP/1.1" 200 365 "-" "Mozilla/5.0 (compatible; SemrushBot/7~bl; +http://www.semrush.com/bot.html)" "asbanet.org"
51.222.253.20 - - [05/Nov/2022:22:33:58 -0700] "GET /images/kaplan%20wedding/?C=M;O=A HTTP/1.1" 200 493 "-" "Mozilla/5.0 (compatible; AhrefsBot/7.0; +http://ahrefs.com/robot/)" "asbanet.org"
20.106.28.17 - - [05/Nov/2022:22:37:02 -0700] "GET /_old/voters/images/conclusion_head.gif HTTP/1.1" 404 88 "http://asbanet.org/_old/voters/images" "Mozilla/5.0 (Linux; Android 10; SM-G960U) AppleWebKit/537.36 (KHTML, like Gecko) Chrome/88.0.4324.181 Mobile Safari/537.36" "asbanet.org"
185.191.171.14 - - [05/Nov/2022:22:44:04 -0700] "GET /images/issues/?C=M%3BO%3DA HTTP/1.1" 200 527 "-" "Mozilla/5.0 (compatible; SemrushBot/7~bl; +http://www.semrush.com/bot.html)" "asbanet.org"
216.244.66.200 - - [05/Nov/2022:22:47:05 -0700] "GET /robots.txt HTTP/1.1" 404 73 "-" "Mozilla/5.0 (compatible; DotBot/1.2; +https://opensiteexplorer.org/dotbot; help@moz.com)" "asbanet.org"
51.222.253.11 - - [05/Nov/2022:22:48:15 -0700] "GET /images/Ross%20Relles/?C=S;O=A HTTP/1.1" 200 843 "-" "Mozilla/5.0 (compatible; AhrefsBot/7.0; +http://ahrefs.com/robot/)" "asbanet.org"
185.191.171.24 - - [05/Nov/2022:22:48:35 -0700] "GET /_old/?C=N%3BO%3DD HTTP/1.1" 200 351 "-" "Mozilla/5.0 (compatible; SemrushBot/7~bl; +http://www.semrush.com/bot.html)" "asbanet.org"
185.191.171.22 - - [05/Nov/2022:22:53:05 -0700] "GET /issues/Stimulus/_notes/?C=N%3BO%3DD HTTP/1.1" 200 327 "-" "Mozilla/5.0 (compatible; SemrushBot/7~bl; +http://www.semrush.com/bot.html)" "asbanet.org"
51.222.253.5 - - [05/Nov/2022:23:02:26 -0700] "GET /alaska/radio.htm HTTP/1.1" 200 693 "-" "Mozilla/5.0 (compatible; AhrefsBot/7.0; +http://ahrefs.com/robot/)" "www.asbanet.org"
185.191.171.40 - - [05/Nov/2022:23:07:18 -0700] "GET /contact/?C=S%3BO%3DA HTTP/1.1" 200 362 "-" "Mozilla/5.0 (compatible; SemrushBot/7~bl; +http://www.semrush.com/bot.html)" "asbanet.org"
185.191.171.13 - - [05/Nov/2022:23:09:55 -0700] "GET /robots.txt HTTP/1.1" 404 88 "-" "Mozilla/5.0 (compatible; SemrushBot/7~bl; +http://www.semrush.com/bot.html)" "asbanet.org"
185.191.171.25 - - [05/Nov/2022:23:09:56 -0700] "GET /issues/?C=S%3BO%3DA HTTP/1.1" 200 416 "-" "Mozilla/5.0 (compatible; SemrushBot/7~bl; +http://www.semrush.com/bot.html)" "asbanet.org"
157.90.181.207 - - [05/Nov/2022:23:12:12 -0700] "GET /robots.txt HTTP/1.1" 404 88 "-" "Mozilla/5.0 (compatible; BLEXBot/1.0; +http://webmeup-crawler.com/)" "asbanet.org"
157.90.181.207 - - [05/Nov/2022:23:12:12 -0700] "GET / HTTP/1.1" 200 4048 "-" "Mozilla/5.0 (compatible; BLEXBot/1.0; +http://webmeup-crawler.com/)" "asbanet.org"
185.191.171.45 - - [05/Nov/2022:23:12:21 -0700] "GET /alaska/?C=M%3BO%3DA HTTP/1.1" 200 542 "-" "Mozilla/5.0 (compatible; SemrushBot/7~bl; +http://www.semrush.com/bot.html)" "asbanet.org"
114.119.133.142 - - [05/Nov/2022:23:14:22 -0700] "GET /robots.txt HTTP/1.1" 404 88 "-" "Mozilla/5.0 (compatible;PetalBot;+https://webmaster.petalsearch.com/site/petalbot)" "asbanet.org"
51.222.253.18 - - [05/Nov/2022:23:16:20 -0700] "GET /alaska/script3.htm HTTP/1.1" 200 558 "-" "Mozilla/5.0 (compatible; AhrefsBot/7.0; +http://ahrefs.com/robot/)" "www.asbanet.org"
185.191.171.9 - - [05/Nov/2022:23:17:00 -0700] "GET /images/kaplan%20wedding/?C=S%3BO%3DA HTTP/1.1" 200 493 "-" "Mozilla/5.0 (compatible; SemrushBot/7~bl; +http://www.semrush.com/bot.html)" "asbanet.org"
185.191.171.40 - - [05/Nov/2022:23:20:36 -0700] "GET /fl/contact/?C=D%3BO%3DA HTTP/1.1" 200 365 "-" "Mozilla/5.0 (compatible; SemrushBot/7~bl; +http://www.semrush.com/bot.html)" "asbanet.org"
185.191.171.4 - - [05/Nov/2022:23:25:03 -0700] "GET /lott/?C=D%3BO%3DA HTTP/1.1" 200 390 "-" "Mozilla/5.0 (compatible; SemrushBot/7~bl; +http://www.semrush.com/bot.html)" "asbanet.org"
185.191.171.25 - - [05/Nov/2022:23:29:43 -0700] "GET /nh/?C=M%3BO%3DA HTTP/1.1" 200 481 "-" "Mozilla/5.0 (compatible; SemrushBot/7~bl; +http://www.semrush.com/bot.html)" "asbanet.org"
51.222.253.7 - - [05/Nov/2022:23:30:35 -0700] "GET /alaska/script2.htm HTTP/1.1" 200 543 "-" "Mozilla/5.0 (compatible; AhrefsBot/7.0; +http://ahrefs.com/robot/)" "www.asbanet.org"
185.191.171.1 - - [05/Nov/2022:23:31:16 -0700] "GET /ok/issues/?C=M%3BO%3DA HTTP/1.1" 200 440 "-" "Mozilla/5.0 (compatible; SemrushBot/7~bl; +http://www.semrush.com/bot.html)" "asbanet.org"
185.191.171.19 - - [05/Nov/2022:23:31:43 -0700] "GET /issues/?C=M%3BO%3DA HTTP/1.1" 200 416 "-" "Mozilla/5.0 (compatible; SemrushBot/7~bl; +http://www.semrush.com/bot.html)" "asbanet.org"
185.191.171.45 - - [05/Nov/2022:23:32:39 -0700] "GET /ok/issues/?C=D%3BO%3DA HTTP/1.1" 200 440 "-" "Mozilla/5.0 (compatible; SemrushBot/7~bl; +http://www.semrush.com/bot.html)" "asbanet.org"
185.191.171.1 - - [05/Nov/2022:23:40:55 -0700] "GET /ok/contact/?C=N%3BO%3DD HTTP/1.1" 200 366 "-" "Mozilla/5.0 (compatible; SemrushBot/7~bl; +http://www.semrush.com/bot.html)" "asbanet.org"
185.191.171.6 - - [05/Nov/2022:23:41:35 -0700] "GET /issues/Stimulus/_notes/?C=D%3BO%3DA HTTP/1.1" 200 327 "-" "Mozilla/5.0 (compatible; SemrushBot/7~bl; +http://www.semrush.com/bot.html)" "asbanet.org"
185.191.171.2 - - [05/Nov/2022:23:41:49 -0700] "GET /images/Ross%20Relles/?C=S%3BO%3DA HTTP/1.1" 200 834 "-" "Mozilla/5.0 (compatible; SemrushBot/7~bl; +http://www.semrush.com/bot.html)" "asbanet.org"
216.244.66.200 - - [05/Nov/2022:23:42:58 -0700] "GET /robots.txt HTTP/1.1" 404 73 "-" "Mozilla/5.0 (compatible; DotBot/1.2; +https://opensiteexplorer.org/dotbot; help@moz.com)" "asbanet.org"
185.191.171.23 - - [05/Nov/2022:23:43:13 -0700] "GET /issues/Reports/?C=D%3BO%3DA HTTP/1.1" 200 438 "-" "Mozilla/5.0 (compatible; SemrushBot/7~bl; +http://www.semrush.com/bot.html)" "asbanet.org"
185.191.171.40 - - [05/Nov/2022:23:43:17 -0700] "GET /issues/Stimulus/_notes/?C=M%3BO%3DA HTTP/1.1" 200 327 "-" "Mozilla/5.0 (compatible; SemrushBot/7~bl; +http://www.semrush.com/bot.html)" "asbanet.org"
185.191.171.44 - - [05/Nov/2022:23:44:01 -0700] "GET /voterguide/?C=N%3BO%3DD HTTP/1.1" 200 365 "-" "Mozilla/5.0 (compatible; SemrushBot/7~bl; +http://www.semrush.com/bot.html)" "asbanet.org"
51.222.253.3 - - [05/Nov/2022:23:46:07 -0700] "GET / HTTP/1.1" 200 4048 "-" "Mozilla/5.0 (compatible; AhrefsBot/7.0; +http://ahrefs.com/robot/)" "asbanet.org"
185.191.171.10 - - [05/Nov/2022:23:46:45 -0700] "GET /issues/Reports/SBA_files/?C=M%3BO%3DA HTTP/1.1" 200 412 "-" "Mozilla/5.0 (compatible; SemrushBot/7~bl; +http://www.semrush.com/bot.html)" "asbanet.org"
157.55.39.105 - - [05/Nov/2022:23:52:13 -0700] "GET /images/Ross%20Relles/outside%20bathroom.jpg HTTP/1.1" 200 63988 "-" "Mozilla/5.0 AppleWebKit/537.36 (KHTML, like Gecko; compatible; bingbot/2.0; +http://www.bing.com/bingbot.htm) Chrome/103.0.5060.134 Safari/537.36" "www.asbanet.org"
185.191.171.44 - - [05/Nov/2022:23:57:51 -0700] "GET /issues/Reports/SBA_files/?C=D%3BO%3DA HTTP/1.1" 200 412 "-" "Mozilla/5.0 (compatible; SemrushBot/7~bl; +http://www.semrush.com/bot.html)" "asbanet.org"
51.222.253.10 - - [05/Nov/2022:23:59:49 -0700] "GET /alaska/script1.htm HTTP/1.1" 200 502 "-" "Mozilla/5.0 (compatible; AhrefsBot/7.0; +http://ahrefs.com/robot/)" "www.asbanet.org"
185.191.171.11 - - [06/Nov/2022:00:06:24 -0700] "GET /join/?C=N%3BO%3DD HTTP/1.1" 200 394 "-" "Mozilla/5.0 (compatible; SemrushBot/7~bl; +http://www.semrush.com/bot.html)" "asbanet.org"
96.236.24.33 - - [06/Nov/2022:00:08:16 -0700] "GET /style.php?sig=rename HTTP/1.1" 404 73 "-" "Mozilla/5.0 (iPhone; CPU iPhone OS 13_6_1 like Mac OS X) AppleWebKit/605.1.15 (KHTML, like Gecko) Version/13.1.2 Mobile/15E148 Safari/604.1" "asbanet.org"
185.191.171.19 - - [06/Nov/2022:00:09:06 -0700] "GET /nh/contact/?C=D%3BO%3DA HTTP/1.1" 200 366 "-" "Mozilla/5.0 (compatible; SemrushBot/7~bl; +http://www.semrush.com/bot.html)" "asbanet.org"
185.191.171.1 - - [06/Nov/2022:00:09:12 -0700] "GET /issues/Stimulus/?C=N%3BO%3DD HTTP/1.1" 200 397 "-" "Mozilla/5.0 (compatible; SemrushBot/7~bl; +http://www.semrush.com/bot.html)" "asbanet.org"
185.191.171.7 - - [06/Nov/2022:00:12:33 -0700] "GET /robots.txt HTTP/1.1" 404 88 "-" "Mozilla/5.0 (compatible; SemrushBot/7~bl; +http://www.semrush.com/bot.html)" "asbanet.org"
185.191.171.25 - - [06/Nov/2022:00:12:34 -0700] "GET /Mann/megadownload/images/?C=N%3BO%3DD HTTP/1.1" 200 532 "-" "Mozilla/5.0 (compatible; SemrushBot/7~bl; +http://www.semrush.com/bot.html)" "asbanet.org"
185.191.171.38 - - [06/Nov/2022:00:13:24 -0700] "GET /links/?C=S%3BO%3DA HTTP/1.1" 200 361 "-" "Mozilla/5.0 (compatible; SemrushBot/7~bl; +http://www.semrush.com/bot.html)" "asbanet.org"
185.191.171.40 - - [06/Nov/2022:00:15:56 -0700] "GET /fl/?C=D%3BO%3DA HTTP/1.1" 200 499 "-" "Mozilla/5.0 (compatible; SemrushBot/7~bl; +http://www.semrush.com/bot.html)" "asbanet.org"
157.90.181.207 - - [06/Nov/2022:00:23:53 -0700] "GET /robots.txt HTTP/1.1" 404 88 "-" "Mozilla/5.0 (compatible; BLEXBot/1.0; +http://webmeup-crawler.com/)" "asbanet.org"
157.90.181.207 - - [06/Nov/2022:00:23:54 -0700] "GET /sitemap HTTP/1.1" 404 88 "-" "Mozilla/5.0 (compatible; BLEXBot/1.0; +http://webmeup-crawler.com/)" "asbanet.org"
157.90.181.207 - - [06/Nov/2022:00:23:57 -0700] "GET /sitemap.txt HTTP/1.1" 404 88 "-" "Mozilla/5.0 (compatible; BLEXBot/1.0; +http://webmeup-crawler.com/)" "asbanet.org"
157.90.181.207 - - [06/Nov/2022:00:24:00 -0700] "GET /about/ HTTP/1.1" 200 361 "-" "Mozilla/5.0 (compatible; BLEXBot/1.0; +http://webmeup-crawler.com/)" "asbanet.org"
157.90.181.207 - - [06/Nov/2022:00:24:10 -0700] "GET /contact/ HTTP/1.1" 200 362 "-" "Mozilla/5.0 (compatible; BLEXBot/1.0; +http://webmeup-crawler.com/)" "asbanet.org"
157.90.181.207 - - [06/Nov/2022:00:24:14 -0700] "GET /index.shtml HTTP/1.1" 404 88 "-" "Mozilla/5.0 (compatible; BLEXBot/1.0; +http://webmeup-crawler.com/)" "asbanet.org"
157.90.181.207 - - [06/Nov/2022:00:24:17 -0700] "GET /issues/ HTTP/1.1" 200 416 "-" "Mozilla/5.0 (compatible; BLEXBot/1.0; +http://webmeup-crawler.com/)" "asbanet.org"
157.90.181.207 - - [06/Nov/2022:00:24:21 -0700] "GET /join/ HTTP/1.1" 200 394 "-" "Mozilla/5.0 (compatible; BLEXBot/1.0; +http://webmeup-crawler.com/)" "asbanet.org"
157.90.181.207 - - [06/Nov/2022:00:24:25 -0700] "GET /join/index.shtml HTTP/1.1" 200 7451 "-" "Mozilla/5.0 (compatible; BLEXBot/1.0; +http://webmeup-crawler.com/)" "asbanet.org"
157.90.181.207 - - [06/Nov/2022:00:24:28 -0700] "GET /resources/ HTTP/1.1" 200 365 "-" "Mozilla/5.0 (compatible; BLEXBot/1.0; +http://webmeup-crawler.com/)" "asbanet.org"
162.221.192.26 - - [06/Nov/2022:00:24:44 -0700] "GET / HTTP/1.1" 200 4048 "-" "Mozilla/5.0 (Windows NT 10.0; Win64; x64) AppleWebKit/537.36 (KHTML, like Gecko) Chrome/60.0.3112.113 Safari/537.36" "www.asbanet.org"
114.119.138.74 - - [06/Nov/2022:00:27:41 -0700] "GET /issues/Stimulus/_notes/?C=D%3BO%3DA HTTP/1.1" 200 327 "http://asbanet.org/issues/Stimulus/_notes?D=D" "Mozilla/5.0 (Linux; Android 7.0;) AppleWebKit/537.36 (KHTML, like Gecko) Mobile Safari/537.36 (compatible; PetalBot;+https://webmaster.petalsearch.com/site/petalbot)" "asbanet.org"
5.102.173.71 - - [06/Nov/2022:00:28:13 -0700] "GET /robots.txt HTTP/1.1" 404 88 "-" "Mozilla/5.0 (compatible; MojeekBot/0.11; +https://www.mojeek.com/bot.html)" "www.asbanet.org"
5.102.173.71 - - [06/Nov/2022:00:28:13 -0700] "GET /includes/nh_get_involved.html HTTP/1.1" 200 484 "-" "Mozilla/5.0 (compatible; MojeekBot/0.11; +https://www.mojeek.com/bot.html)" "www.asbanet.org"
185.191.171.21 - - [06/Nov/2022:00:38:12 -0700] "GET /images/Shannon2/?C=D%3BO%3DA HTTP/1.1" 200 434 "-" "Mozilla/5.0 (compatible; SemrushBot/7~bl; +http://www.semrush.com/bot.html)" "asbanet.org"
185.191.171.43 - - [06/Nov/2022:00:38:57 -0700] "GET /contact/?C=N%3BO%3DD HTTP/1.1" 200 362 "-" "Mozilla/5.0 (compatible; SemrushBot/7~bl; +http://www.semrush.com/bot.html)" "asbanet.org"
216.244.66.200 - - [06/Nov/2022:00:39:43 -0700] "GET /robots.txt HTTP/1.1" 404 73 "-" "Mozilla/5.0 (compatible; DotBot/1.2; +https://opensiteexplorer.org/dotbot; help@moz.com)" "asbanet.org"
40.86.101.252 - - [06/Nov/2022:00:50:08 -0700] "GET /includes/%5C%22/images/issues/technology_100.gif%5C%22 HTTP/1.1" 404 88 "http://asbanet.org/includes/\\\"/images/issues" "Mozilla/5.0 (Macintosh; Intel Mac OS X 10_11_6) AppleWebKit/605.1.15 (KHTML, like Gecko) Version/11.1.2 Safari/605.1.15" "asbanet.org"
185.191.171.17 - - [06/Nov/2022:00:50:16 -0700] "GET /images/?C=M%3BO%3DA HTTP/1.1" 200 844 "-" "Mozilla/5.0 (compatible; SemrushBot/7~bl; +http://www.semrush.com/bot.html)" "asbanet.org"
185.191.171.45 - - [06/Nov/2022:00:51:46 -0700] "GET /Mann/megadownload/images/?C=M%3BO%3DA HTTP/1.1" 200 532 "-" "Mozilla/5.0 (compatible; SemrushBot/7~bl; +http://www.semrush.com/bot.html)" "asbanet.org"
216.244.66.200 - - [06/Nov/2022:00:55:49 -0700] "GET /?N=D HTTP/1.1" 200 14849 "-" "Mozilla/5.0 (compatible; DotBot/1.2; +https://opensiteexplorer.org/dotbot; help@moz.com)" "asbanet.org"
123.125.109.39 - - [06/Nov/2022:00:58:48 -0700] "GET / HTTP/1.1" 200 4048 "-" "Sogou web spider/4.0(+http://www.sogou.com/docs/help/webmasters.htm#07)" "www.asbanet.org"
216.244.66.200 - - [06/Nov/2022:01:06:06 -0700] "GET /alaska/tvspots.htm HTTP/1.1" 200 365 "-" "Mozilla/5.0 (compatible; DotBot/1.2; +https://opensiteexplorer.org/dotbot; help@moz.com)" "asbanet.org"
216.244.66.200 - - [06/Nov/2022:01:06:07 -0700] "GET /images/Florida_SBA.jpg HTTP/1.1" 200 47388 "-" "Mozilla/5.0 (compatible; DotBot/1.2; +https://opensiteexplorer.org/dotbot; help@moz.com)" "asbanet.org"
216.244.66.200 - - [06/Nov/2022:01:06:07 -0700] "GET /maine/brochure%20back.jpg HTTP/1.1" 200 64437 "-" "Mozilla/5.0 (compatible; DotBot/1.2; +https://opensiteexplorer.org/dotbot; help@moz.com)" "asbanet.org"
216.244.66.200 - - [06/Nov/2022:01:09:23 -0700] "GET /images/voices/ HTTP/1.1" 200 2277 "-" "Mozilla/5.0 (compatible; DotBot/1.2; +https://opensiteexplorer.org/dotbot; help@moz.com)" "asbanet.org"
216.244.66.200 - - [06/Nov/2022:01:09:51 -0700] "GET /nh/?M=D HTTP/1.1" 200 1757 "-" "Mozilla/5.0 (compatible; DotBot/1.2; +https://opensiteexplorer.org/dotbot; help@moz.com)" "asbanet.org"
40.77.51.86 - - [06/Nov/2022:01:22:30 -0700] "GET /images/Shannon2/Image002.jpg HTTP/1.1" 200 496920 "http://asbanet.org/images/Shannon2" "Mozilla/5.0 (Linux; Android 10; SM-G960U) AppleWebKit/537.36 (KHTML, like Gecko) Chrome/88.0.4324.181 Mobile Safari/537.36" "asbanet.org"
114.119.131.254 - - [06/Nov/2022:01:22:58 -0700] "GET /robots.txt HTTP/1.1" 404 88 "-" "Mozilla/5.0 (compatible;PetalBot;+https://webmaster.petalsearch.com/site/petalbot)" "asbanet.org"
185.191.171.4 - - [06/Nov/2022:01:24:40 -0700] "GET /robots.txt HTTP/1.1" 404 88 "-" "Mozilla/5.0 (compatible; SemrushBot/7~bl; +http://www.semrush.com/bot.html)" "asbanet.org"
185.191.171.8 - - [06/Nov/2022:01:24:40 -0700] "GET /ok/join/?C=D%3BO%3DA HTTP/1.1" 200 400 "-" "Mozilla/5.0 (compatible; SemrushBot/7~bl; +http://www.semrush.com/bot.html)" "asbanet.org"
185.191.171.16 - - [06/Nov/2022:01:25:51 -0700] "GET /Mann/megadownload/images/?C=S%3BO%3DA HTTP/1.1" 200 532 "-" "Mozilla/5.0 (compatible; SemrushBot/7~bl; +http://www.semrush.com/bot.html)" "asbanet.org"
185.191.171.24 - - [06/Nov/2022:01:27:22 -0700] "GET /voterguide/?C=N%3BO%3DD HTTP/1.1" 200 365 "-" "Mozilla/5.0 (compatible; SemrushBot/7~bl; +http://www.semrush.com/bot.html)" "asbanet.org"
114.119.138.70 - - [06/Nov/2022:01:29:14 -0700] "GET /nh/contact?N=D HTTP/1.1" 301 1416 "http://asbanet.org/nh/contact" "Mozilla/5.0 (Linux; Android 7.0;) AppleWebKit/537.36 (KHTML, like Gecko) Mobile Safari/537.36 (compatible; PetalBot;+https://webmaster.petalsearch.com/site/petalbot)" "asbanet.org"
114.119.138.70 - - [06/Nov/2022:01:29:15 -0700] "GET /nh/contact/?N=D HTTP/1.1" 200 366 "http://asbanet.org/nh/contact" "Mozilla/5.0 (Linux; Android 7.0;) AppleWebKit/537.36 (KHTML, like Gecko) Mobile Safari/537.36 (compatible; PetalBot;+https://webmaster.petalsearch.com/site/petalbot)" "asbanet.org"
45.86.210.182 - - [06/Nov/2022:01:38:01 -0700] "GET /index.shtml HTTP/1.1" 404 73 "-" "Mozilla/5.0 (Windows NT 10.0; Win64; x64) AppleWebKit/537.36 (KHTML, like Gecko) Chrome/89.0.4389.90 Safari/537.36" "www.asbanet.org"
45.86.210.182 - - [06/Nov/2022:01:38:02 -0700] "GET /index.shtml HTTP/1.1" 404 73 "-" "Mozilla/5.0 (Windows NT 10.0; Win64; x64) AppleWebKit/537.36 (KHTML, like Gecko) Chrome/89.0.4389.90 Safari/537.36" "www.asbanet.org"
216.244.66.200 - - [06/Nov/2022:01:45:11 -0700] "GET /robots.txt HTTP/1.1" 404 73 "-" "Mozilla/5.0 (compatible; DotBot/1.2; +https://opensiteexplorer.org/dotbot; help@moz.com)" "asbanet.org"
114.119.138.65 - - [06/Nov/2022:01:45:33 -0700] "GET /issues/Reports?S=D HTTP/1.1" 301 1414 "http://asbanet.org/issues/Reports?S=A" "Mozilla/5.0 (Linux; Android 7.0;) AppleWebKit/537.36 (KHTML, like Gecko) Mobile Safari/537.36 (compatible; PetalBot;+https://webmaster.petalsearch.com/site/petalbot)" "asbanet.org"
114.119.138.65 - - [06/Nov/2022:01:45:47 -0700] "GET /issues/Reports/?S=D HTTP/1.1" 200 438 "http://asbanet.org/issues/Reports?S=A" "Mozilla/5.0 (Linux; Android 7.0;) AppleWebKit/537.36 (KHTML, like Gecko) Mobile Safari/537.36 (compatible; PetalBot;+https://webmaster.petalsearch.com/site/petalbot)" "asbanet.org"
45.86.210.182 - - [06/Nov/2022:01:47:58 -0700] "GET /index.shtml HTTP/1.1" 404 73 "-" "Mozilla/5.0 (Windows NT 10.0; Win64; x64) AppleWebKit/537.36 (KHTML, like Gecko) Chrome/89.0.4389.90 Safari/537.36" "www.asbanet.org"
45.86.210.182 - - [06/Nov/2022:01:47:58 -0700] "GET /index.shtml HTTP/1.1" 404 73 "-" "Mozilla/5.0 (Windows NT 10.0; Win64; x64) AppleWebKit/537.36 (KHTML, like Gecko) Chrome/89.0.4389.90 Safari/537.36" "www.asbanet.org"
185.191.171.26 - - [06/Nov/2022:01:50:28 -0700] "GET /ok/?C=D%3BO%3DA HTTP/1.1" 200 425 "-" "Mozilla/5.0 (compatible; SemrushBot/7~bl; +http://www.semrush.com/bot.html)" "asbanet.org"
20.106.28.17 - - [06/Nov/2022:01:01:10 -0800] "GET /images/ok_icon.gif HTTP/1.1" 200 338 "http://www.asbanet.org/images" "Mozilla/5.0 (iPhone; CPU iPhone OS 13_5_1 like Mac OS X) AppleWebKit/605.1.15 (KHTML, like Gecko) Version/13.1.1 Mobile/15E148 Safari/604.1" "www.asbanet.org"
216.244.66.200 - - [06/Nov/2022:01:08:16 -0800] "GET /moad/activites.htm HTTP/1.1" 200 1899 "-" "Mozilla/5.0 (compatible; DotBot/1.2; +https://opensiteexplorer.org/dotbot; help@moz.com)" "asbanet.org"
216.244.66.200 - - [06/Nov/2022:01:09:37 -0800] "GET /alaska/spot3.htm HTTP/1.1" 200 1092 "-" "Mozilla/5.0 (compatible; DotBot/1.2; +https://opensiteexplorer.org/dotbot; help@moz.com)" "asbanet.org"
216.244.66.200 - - [06/Nov/2022:01:09:38 -0800] "GET /includes/ok_navjs.html HTTP/1.1" 200 1485 "-" "Mozilla/5.0 (compatible; DotBot/1.2; +https://opensiteexplorer.org/dotbot; help@moz.com)" "asbanet.org"
185.191.171.6 - - [06/Nov/2022:01:12:19 -0800] "GET /issues/PBR/?C=M%3BO%3DA HTTP/1.1" 200 450 "-" "Mozilla/5.0 (compatible; SemrushBot/7~bl; +http://www.semrush.com/bot.html)" "asbanet.org"
185.191.171.23 - - [06/Nov/2022:01:16:25 -0800] "GET /moad/?C=S%3BO%3DA HTTP/1.1" 200 453 "-" "Mozilla/5.0 (compatible; SemrushBot/7~bl; +http://www.semrush.com/bot.html)" "asbanet.org"
40.77.51.85 - - [06/Nov/2022:01:19:47 -0800] "GET /images/Shannon2/Image008.jpg HTTP/1.1" 200 565076 "http://asbanet.org/images/Shannon2" "Mozilla/5.0 (iPhone; CPU iPhone OS 13_5_1 like Mac OS X) AppleWebKit/605.1.15 (KHTML, like Gecko) Version/13.1.1 Mobile/15E148 Safari/604.1" "asbanet.org"
185.191.171.19 - - [06/Nov/2022:01:22:39 -0800] "GET /miscellaneous/?C=N%3BO%3DD HTTP/1.1" 200 577 "-" "Mozilla/5.0 (compatible; SemrushBot/7~bl; +http://www.semrush.com/bot.html)" "asbanet.org"
185.191.171.42 - - [06/Nov/2022:01:26:12 -0800] "GET /robots.txt HTTP/1.1" 404 88 "-" "Mozilla/5.0 (compatible; SemrushBot/7~bl; +http://www.semrush.com/bot.html)" "www.asbanet.org"
185.191.171.42 - - [06/Nov/2022:01:26:12 -0800] "GET /includes/ok_nav.html HTTP/1.1" 200 439 "-" "Mozilla/5.0 (compatible; SemrushBot/7~bl; +http://www.semrush.com/bot.html)" "www.asbanet.org"
185.191.171.5 - - [06/Nov/2022:01:26:27 -0800] "GET /robots.txt HTTP/1.1" 404 88 "-" "Mozilla/5.0 (compatible; SemrushBot/7~bl; +http://www.semrush.com/bot.html)" "asbanet.org"
185.191.171.25 - - [06/Nov/2022:01:26:27 -0800] "GET /resources/?C=M%3BO%3DA HTTP/1.1" 200 365 "-" "Mozilla/5.0 (compatible; SemrushBot/7~bl; +http://www.semrush.com/bot.html)" "asbanet.org"
185.191.171.21 - - [06/Nov/2022:01:36:13 -0800] "GET /issues/PBR/index.shtml HTTP/1.1" 200 3808 "-" "Mozilla/5.0 (compatible; SemrushBot/7~bl; +http://www.semrush.com/bot.html)" "asbanet.org"
213.175.93.181 - - [06/Nov/2022:01:40:02 -0800] "GET /issues/ HTTP/1.1" 200 416 "-" "AcademicBotRTU (https://academicbot.rtu.lv; mailto:caps@rtu.lv)" "www.asbanet.org"
114.119.138.74 - - [06/Nov/2022:01:41:19 -0800] "GET /ok/join?C=M%3BO%3DA HTTP/1.1" 301 1419 "http://asbanet.org/ok/join?C=N%3BO%3DD" "Mozilla/5.0 (Linux; Android 7.0;) AppleWebKit/537.36 (KHTML, like Gecko) Mobile Safari/537.36 (compatible; PetalBot;+https://webmaster.petalsearch.com/site/petalbot)" "asbanet.org"
114.119.138.74 - - [06/Nov/2022:01:41:21 -0800] "GET /ok/join/?C=M%3BO%3DA HTTP/1.1" 200 400 "http://asbanet.org/ok/join?C=N%3BO%3DD" "Mozilla/5.0 (Linux; Android 7.0;) AppleWebKit/537.36 (KHTML, like Gecko) Mobile Safari/537.36 (compatible; PetalBot;+https://webmaster.petalsearch.com/site/petalbot)" "asbanet.org"
185.191.171.19 - - [06/Nov/2022:01:43:55 -0800] "GET /images/kaplan%20wedding/?C=M%3BO%3DA HTTP/1.1" 200 493 "-" "Mozilla/5.0 (compatible; SemrushBot/7~bl; +http://www.semrush.com/bot.html)" "asbanet.org"
216.244.66.200 - - [06/Nov/2022:01:45:22 -0800] "GET /robots.txt HTTP/1.1" 404 73 "-" "Mozilla/5.0 (compatible; DotBot/1.2; +https://opensiteexplorer.org/dotbot; help@moz.com)" "asbanet.org"
185.191.171.1 - - [06/Nov/2022:01:45:37 -0800] "GET /join/?C=S%3BO%3DA HTTP/1.1" 200 394 "-" "Mozilla/5.0 (compatible; SemrushBot/7~bl; +http://www.semrush.com/bot.html)" "asbanet.org"
185.191.171.6 - - [06/Nov/2022:01:47:17 -0800] "GET /nh/contact/?C=D%3BO%3DA HTTP/1.1" 200 366 "-" "Mozilla/5.0 (compatible; SemrushBot/7~bl; +http://www.semrush.com/bot.html)" "asbanet.org"
157.55.39.184 - - [06/Nov/2022:01:57:22 -0800] "GET /images/Ross%20Relles/teepee.jpg HTTP/1.1" 200 103472 "-" "Mozilla/5.0 (compatible; bingbot/2.0; +http://www.bing.com/bingbot.htm)" "www.asbanet.org"
185.191.171.13 - - [06/Nov/2022:01:58:34 -0800] "GET /about/?C=S%3BO%3DA HTTP/1.1" 200 361 "-" "Mozilla/5.0 (compatible; SemrushBot/7~bl; +http://www.semrush.com/bot.html)" "asbanet.org"
185.191.171.6 - - [06/Nov/2022:01:59:06 -0800] "GET /ok/about/?C=S%3BO%3DA HTTP/1.1" 200 366 "-" "Mozilla/5.0 (compatible; SemrushBot/7~bl; +http://www.semrush.com/bot.html)" "asbanet.org"
114.119.138.74 - - [06/Nov/2022:01:59:07 -0800] "GET /moad/activites.htm HTTP/1.1" 200 851 "http://asbanet.org/moad/campsite.htm" "Mozilla/5.0 (Linux; Android 7.0;) AppleWebKit/537.36 (KHTML, like Gecko) Mobile Safari/537.36 (compatible; PetalBot;+https://webmaster.petalsearch.com/site/petalbot)" "asbanet.org"
185.191.171.43 - - [06/Nov/2022:01:59:54 -0800] "GET /images/voices/?C=S%3BO%3DA HTTP/1.1" 200 546 "-" "Mozilla/5.0 (compatible; SemrushBot/7~bl; +http://www.semrush.com/bot.html)" "asbanet.org"
114.119.138.74 - - [06/Nov/2022:02:01:18 -0800] "GET /join/index.shtml HTTP/1.1" 200 7451 "-" "Mozilla/5.0 (Linux; Android 7.0;) AppleWebKit/537.36 (KHTML, like Gecko) Mobile Safari/537.36 (compatible; PetalBot;+https://webmaster.petalsearch.com/site/petalbot)" "www.asbanet.org"
114.119.138.70 - - [06/Nov/2022:02:02:43 -0800] "GET /includes/us_style.html HTTP/1.1" 200 402 "-" "Mozilla/5.0 (Linux; Android 7.0;) AppleWebKit/537.36 (KHTML, like Gecko) Mobile Safari/537.36 (compatible; PetalBot;+https://webmaster.petalsearch.com/site/petalbot)" "www.asbanet.org"
185.191.171.10 - - [06/Nov/2022:02:03:48 -0800] "GET /join/?C=D%3BO%3DA HTTP/1.1" 200 394 "-" "Mozilla/5.0 (compatible; SemrushBot/7~bl; +http://www.semrush.com/bot.html)" "asbanet.org"
185.191.171.37 - - [06/Nov/2022:02:07:45 -0800] "GET /ok/issues/?C=S%3BO%3DA HTTP/1.1" 200 440 "-" "Mozilla/5.0 (compatible; SemrushBot/7~bl; +http://www.semrush.com/bot.html)" "asbanet.org"
185.191.171.14 - - [06/Nov/2022:02:11:10 -0800] "GET /images/?C=D%3BO%3DA HTTP/1.1" 200 844 "-" "Mozilla/5.0 (compatible; SemrushBot/7~bl; +http://www.semrush.com/bot.html)" "asbanet.org"
185.191.171.35 - - [06/Nov/2022:02:14:19 -0800] "GET /images/Ross%20Relles/?C=M%3BO%3DA HTTP/1.1" 200 834 "-" "Mozilla/5.0 (compatible; SemrushBot/7~bl; +http://www.semrush.com/bot.html)" "asbanet.org"
