185.191.171.22 - - [05/Nov/2022:17:02:15 -0700] "GET /images/kaplan%20wedding/?C=N%3BO%3DD HTTP/1.1" 200 493 "-" "Mozilla/5.0 (compatible; SemrushBot/7~bl; +http://www.semrush.com/bot.html)" "asbanet.org"
157.90.181.207 - - [05/Nov/2022:17:02:52 -0700] "GET /sitemap HTTP/1.1" 404 88 "-" "Mozilla/5.0 (compatible; BLEXBot/1.0; +http://webmeup-crawler.com/)" "asbanet.org"
157.90.181.207 - - [05/Nov/2022:17:02:57 -0700] "GET /robots.txt HTTP/1.1" 404 88 "-" "Mozilla/5.0 (compatible; BLEXBot/1.0; +http://webmeup-crawler.com/)" "www.asbanet.org"
157.90.181.207 - - [05/Nov/2022:17:03:06 -0700] "GET /sitemap.txt HTTP/1.1" 404 88 "-" "Mozilla/5.0 (compatible; BLEXBot/1.0; +http://webmeup-crawler.com/)" "asbanet.org"
157.90.181.207 - - [05/Nov/2022:17:03:09 -0700] "GET /sitemap.txt HTTP/1.1" 404 88 "-" "Mozilla/5.0 (compatible; BLEXBot/1.0; +http://webmeup-crawler.com/)" "www.asbanet.org"
185.191.171.45 - - [05/Nov/2022:17:07:23 -0700] "GET /images/Ross%20Relles/?C=D%3BO%3DA HTTP/1.1" 200 834 "-" "Mozilla/5.0 (compatible; SemrushBot/7~bl; +http://www.semrush.com/bot.html)" "asbanet.org"
185.191.171.16 - - [05/Nov/2022:17:08:22 -0700] "GET /fl/?C=N%3BO%3DD HTTP/1.1" 200 499 "-" "Mozilla/5.0 (compatible; SemrushBot/7~bl; +http://www.semrush.com/bot.html)" "asbanet.org"
216.244.66.200 - - [05/Nov/2022:17:08:37 -0700] "GET /robots.txt HTTP/1.1" 404 73 "-" "Mozilla/5.0 (compatible; DotBot/1.2; +https://opensiteexplorer.org/dotbot; help@moz.com)" "asbanet.org"
65.108.76.15 - - [05/Nov/2022:17:08:39 -0700] "GET /issues/?C=M;O=A HTTP/1.1" 200 416 "http://asbanet.org/issues/" "Mozilla/5.0 (compatible; SEOkicks; +https://www.seokicks.de/robot.html)" "asbanet.org"
65.108.76.15 - - [05/Nov/2022:17:08:39 -0700] "GET /issues/?C=M;O=A HTTP/1.1" 200 416 "http://www.asbanet.org/issues/" "Mozilla/5.0 (compatible; SEOkicks; +https://www.seokicks.de/robot.html)" "www.asbanet.org"
65.108.76.15 - - [05/Nov/2022:17:08:41 -0700] "GET /issues/?C=S;O=A HTTP/1.1" 200 416 "http://asbanet.org/issues/" "Mozilla/5.0 (compatible; SEOkicks; +https://www.seokicks.de/robot.html)" "asbanet.org"
65.108.76.15 - - [05/Nov/2022:17:08:41 -0700] "GET /issues/?C=S;O=A HTTP/1.1" 200 416 "http://www.asbanet.org/issues/" "Mozilla/5.0 (compatible; SEOkicks; +https://www.seokicks.de/robot.html)" "www.asbanet.org"
65.108.76.15 - - [05/Nov/2022:17:08:42 -0700] "GET /issues/?C=D;O=A HTTP/1.1" 200 416 "http://www.asbanet.org/issues/" "Mozilla/5.0 (compatible; SEOkicks; +https://www.seokicks.de/robot.html)" "www.asbanet.org"
65.108.76.15 - - [05/Nov/2022:17:08:43 -0700] "GET /issues/PBR/ HTTP/1.1" 200 450 "http://asbanet.org/issues/" "Mozilla/5.0 (compatible; SEOkicks; +https://www.seokicks.de/robot.html)" "asbanet.org"
65.108.76.15 - - [05/Nov/2022:17:08:43 -0700] "GET /issues/PBR/ HTTP/1.1" 200 450 "http://www.asbanet.org/issues/" "Mozilla/5.0 (compatible; SEOkicks; +https://www.seokicks.de/robot.html)" "www.asbanet.org"
65.108.76.15 - - [05/Nov/2022:17:08:44 -0700] "GET /issues/Reports/ HTTP/1.1" 200 438 "http://asbanet.org/issues/" "Mozilla/5.0 (compatible; SEOkicks; +https://www.seokicks.de/robot.html)" "asbanet.org"
65.108.76.15 - - [05/Nov/2022:17:08:46 -0700] "GET /issues/Stimulus/ HTTP/1.1" 200 397 "http://asbanet.org/issues/" "Mozilla/5.0 (compatible; SEOkicks; +https://www.seokicks.de/robot.html)" "asbanet.org"
65.108.76.15 - - [05/Nov/2022:17:08:46 -0700] "GET /issues/Stimulus/ HTTP/1.1" 200 397 "http://www.asbanet.org/issues/" "Mozilla/5.0 (compatible; SEOkicks; +https://www.seokicks.de/robot.html)" "www.asbanet.org"
65.108.76.15 - - [05/Nov/2022:17:08:47 -0700] "GET /issues/index.shtml HTTP/1.1" 200 4633 "http://asbanet.org/issues/" "Mozilla/5.0 (compatible; SEOkicks; +https://www.seokicks.de/robot.html)" "asbanet.org"
65.108.76.15 - - [05/Nov/2022:17:08:47 -0700] "GET /issues/index.shtml HTTP/1.1" 200 4633 "http://www.asbanet.org/issues/" "Mozilla/5.0 (compatible; SEOkicks; +https://www.seokicks.de/robot.html)" "www.asbanet.org"
65.108.76.15 - - [05/Nov/2022:17:08:48 -0700] "GET /about/?C=N;O=D HTTP/1.1" 200 359 "http://asbanet.org/about/" "Mozilla/5.0 (compatible; SEOkicks; +https://www.seokicks.de/robot.html)" "asbanet.org"
65.108.76.15 - - [05/Nov/2022:17:08:49 -0700] "GET /about/?C=N;O=D HTTP/1.1" 200 359 "http://www.asbanet.org/about/" "Mozilla/5.0 (compatible; SEOkicks; +https://www.seokicks.de/robot.html)" "www.asbanet.org"
65.108.76.15 - - [05/Nov/2022:17:08:50 -0700] "GET /about/?C=M;O=A HTTP/1.1" 200 361 "http://asbanet.org/about/" "Mozilla/5.0 (compatible; SEOkicks; +https://www.seokicks.de/robot.html)" "asbanet.org"
65.108.76.15 - - [05/Nov/2022:17:08:50 -0700] "GET /about/?C=M;O=A HTTP/1.1" 200 361 "http://www.asbanet.org/about/" "Mozilla/5.0 (compatible; SEOkicks; +https://www.seokicks.de/robot.html)" "www.asbanet.org"
65.108.76.15 - - [05/Nov/2022:17:08:51 -0700] "GET /about/?C=S;O=A HTTP/1.1" 200 361 "http://asbanet.org/about/" "Mozilla/5.0 (compatible; SEOkicks; +https://www.seokicks.de/robot.html)" "asbanet.org"
65.108.76.15 - - [05/Nov/2022:17:08:52 -0700] "GET /about/?C=D;O=A HTTP/1.1" 200 361 "http://asbanet.org/about/" "Mozilla/5.0 (compatible; SEOkicks; +https://www.seokicks.de/robot.html)" "asbanet.org"
65.108.76.15 - - [05/Nov/2022:17:08:52 -0700] "GET /about/?C=D;O=A HTTP/1.1" 200 361 "http://www.asbanet.org/about/" "Mozilla/5.0 (compatible; SEOkicks; +https://www.seokicks.de/robot.html)" "www.asbanet.org"
35.89.164.202 - - [05/Nov/2022:17:11:14 -0700] "GET / HTTP/1.1" 200 4048 "-" "Mozilla/5.0 (X11; Linux x86_64) AppleWebKit/537.36 (KHTML, like Gecko) Chrome/83.0.4103.97 Safari/537.36" "asbanet.org"
54.203.192.112 - - [05/Nov/2022:17:11:38 -0700] "GET /favicon.ico HTTP/1.1" 404 88 "-" "Mozilla/5.0 (X11; Linux x86_64) AppleWebKit/537.36 (KHTML, like Gecko) Chrome/83.0.4103.97 Safari/537.36" "asbanet.org"
54.203.192.112 - - [05/Nov/2022:17:11:43 -0700] "GET / HTTP/1.1" 200 4048 "-" "Mozilla/5.0 (X11; Linux x86_64) AppleWebKit/537.36 (KHTML, like Gecko) Chrome/83.0.4103.97 Safari/537.36" "asbanet.org"
52.32.68.148 - - [05/Nov/2022:17:12:08 -0700] "GET / HTTP/1.1" 200 4048 "-" "Mozilla/5.0 (X11; Linux x86_64) AppleWebKit/537.36 (KHTML, like Gecko) Chrome/83.0.4103.97 Safari/537.36" "asbanet.org"
185.191.171.36 - - [05/Nov/2022:17:16:23 -0700] "GET /Mann/?C=M%3BO%3DA HTTP/1.1" 200 355 "-" "Mozilla/5.0 (compatible; SemrushBot/7~bl; +http://www.semrush.com/bot.html)" "asbanet.org"
185.191.171.14 - - [05/Nov/2022:17:17:13 -0700] "GET /nh/?C=N%3BO%3DD HTTP/1.1" 200 481 "-" "Mozilla/5.0 (compatible; SemrushBot/7~bl; +http://www.semrush.com/bot.html)" "asbanet.org"
185.191.171.16 - - [05/Nov/2022:17:18:07 -0700] "GET /about/index.shtml HTTP/1.1" 200 9117 "-" "Mozilla/5.0 (compatible; SemrushBot/7~bl; +http://www.semrush.com/bot.html)" "asbanet.org"
5.102.173.71 - - [05/Nov/2022:17:19:36 -0700] "GET /robots.txt HTTP/1.1" 404 88 "-" "Mozilla/5.0 (compatible; MojeekBot/0.11; +https://www.mojeek.com/bot.html)" "www.asbanet.org"
5.102.173.71 - - [05/Nov/2022:17:19:36 -0700] "GET /includes/ok_other_issues.html HTTP/1.1" 200 194 "-" "Mozilla/5.0 (compatible; MojeekBot/0.11; +https://www.mojeek.com/bot.html)" "www.asbanet.org"
51.222.253.7 - - [05/Nov/2022:17:20:16 -0700] "GET /images/kaplan%20wedding/ HTTP/1.1" 200 493 "-" "Mozilla/5.0 (compatible; AhrefsBot/7.0; +http://ahrefs.com/robot/)" "www.asbanet.org"
34.222.167.142 - - [05/Nov/2022:17:22:43 -0700] "GET /favicon.ico HTTP/1.1" 404 88 "-" "Mozilla/5.0 (X11; Linux x86_64) AppleWebKit/537.36 (KHTML, like Gecko) Chrome/83.0.4103.97 Safari/537.36" "asbanet.org"
34.222.167.142 - - [05/Nov/2022:17:22:43 -0700] "GET / HTTP/1.1" 200 4048 "-" "Mozilla/5.0 (X11; Linux x86_64) AppleWebKit/537.36 (KHTML, like Gecko) Chrome/83.0.4103.97 Safari/537.36" "asbanet.org"
185.191.171.34 - - [05/Nov/2022:17:26:53 -0700] "GET /images/voterguide/?C=N%3BO%3DD HTTP/1.1" 200 410 "-" "Mozilla/5.0 (compatible; SemrushBot/7~bl; +http://www.semrush.com/bot.html)" "asbanet.org"
51.222.253.4 - - [05/Nov/2022:17:27:06 -0700] "GET /Mann/megadownload/?C=N;O=D HTTP/1.1" 200 395 "-" "Mozilla/5.0 (compatible; AhrefsBot/7.0; +http://ahrefs.com/robot/)" "asbanet.org"
114.119.138.65 - - [05/Nov/2022:17:27:55 -0700] "GET /issues/Stimulus/_notes?D=D HTTP/1.1" 301 1421 "http://asbanet.org/issues/Stimulus/_notes?D=A" "Mozilla/5.0 (Linux; Android 7.0;) AppleWebKit/537.36 (KHTML, like Gecko) Mobile Safari/537.36 (compatible; PetalBot;+https://webmaster.petalsearch.com/site/petalbot)" "asbanet.org"
114.119.138.65 - - [05/Nov/2022:17:27:57 -0700] "GET /issues/Stimulus/_notes/?D=D HTTP/1.1" 200 327 "http://asbanet.org/issues/Stimulus/_notes?D=A" "Mozilla/5.0 (Linux; Android 7.0;) AppleWebKit/537.36 (KHTML, like Gecko) Mobile Safari/537.36 (compatible; PetalBot;+https://webmaster.petalsearch.com/site/petalbot)" "asbanet.org"
54.158.21.254 - - [05/Nov/2022:17:29:39 -0700] "GET / HTTP/1.1" 200 14849 "-" "Mozilla/5.0 (X11; Linux x86_64) AppleWebKit/537.36 (KHTML, like Gecko) Chrome/58.0.3029.110 Safari/537.36" "asbanet.org"
51.222.253.9 - - [05/Nov/2022:17:30:38 -0700] "GET /images/voices/?C=M;O=A HTTP/1.1" 200 546 "-" "Mozilla/5.0 (compatible; AhrefsBot/7.0; +http://ahrefs.com/robot/)" "www.asbanet.org"
185.191.171.11 - - [05/Nov/2022:17:33:33 -0700] "GET /maine/?C=N%3BO%3DD HTTP/1.1" 200 431 "-" "Mozilla/5.0 (compatible; SemrushBot/7~bl; +http://www.semrush.com/bot.html)" "asbanet.org"
51.222.253.13 - - [05/Nov/2022:17:34:01 -0700] "GET /images/Ross%20Relles/?C=N;O=A HTTP/1.1" 200 834 "-" "Mozilla/5.0 (compatible; AhrefsBot/7.0; +http://ahrefs.com/robot/)" "asbanet.org"
51.222.253.12 - - [05/Nov/2022:17:37:27 -0700] "GET /images/Ross%20Relles/?C=M;O=A HTTP/1.1" 200 834 "-" "Mozilla/5.0 (compatible; AhrefsBot/7.0; +http://ahrefs.com/robot/)" "asbanet.org"
185.191.171.38 - - [05/Nov/2022:17:40:36 -0700] "GET /ok/join/?C=N%3BO%3DD HTTP/1.1" 200 400 "-" "Mozilla/5.0 (compatible; SemrushBot/7~bl; +http://www.semrush.com/bot.html)" "asbanet.org"
51.222.253.9 - - [05/Nov/2022:17:41:04 -0700] "GET /images/?C=S;O=A HTTP/1.1" 200 824 "-" "Mozilla/5.0 (compatible; AhrefsBot/7.0; +http://ahrefs.com/robot/)" "asbanet.org"
185.191.171.26 - - [05/Nov/2022:17:41:14 -0700] "GET /fl/images/?C=D%3BO%3DA HTTP/1.1" 200 393 "-" "Mozilla/5.0 (compatible; SemrushBot/7~bl; +http://www.semrush.com/bot.html)" "asbanet.org"
185.191.171.43 - - [05/Nov/2022:17:41:27 -0700] "GET /issues/?C=S%3BO%3DA HTTP/1.1" 200 416 "-" "Mozilla/5.0 (compatible; SemrushBot/7~bl; +http://www.semrush.com/bot.html)" "asbanet.org"
51.222.253.13 - - [05/Nov/2022:17:44:25 -0700] "GET /images/Ross%20Relles/?C=S;O=A HTTP/1.1" 200 843 "-" "Mozilla/5.0 (compatible; AhrefsBot/7.0; +http://ahrefs.com/robot/)" "asbanet.org"
185.191.171.23 - - [05/Nov/2022:17:45:21 -0700] "GET /nh/?C=D%3BO%3DA HTTP/1.1" 200 481 "-" "Mozilla/5.0 (compatible; SemrushBot/7~bl; +http://www.semrush.com/bot.html)" "asbanet.org"
185.191.171.33 - - [05/Nov/2022:17:46:27 -0700] "GET /ok/join/?C=N%3BO%3DD HTTP/1.1" 200 400 "-" "Mozilla/5.0 (compatible; SemrushBot/7~bl; +http://www.semrush.com/bot.html)" "asbanet.org"
185.191.171.1 - - [05/Nov/2022:17:46:59 -0700] "GET /miscellaneous/?C=D%3BO%3DA HTTP/1.1" 200 577 "-" "Mozilla/5.0 (compatible; SemrushBot/7~bl; +http://www.semrush.com/bot.html)" "asbanet.org"
51.222.253.14 - - [05/Nov/2022:17:48:08 -0700] "GET /links/?C=S;O=D HTTP/1.1" 200 360 "-" "Mozilla/5.0 (compatible; AhrefsBot/7.0; +http://ahrefs.com/robot/)" "asbanet.org"
114.119.138.77 - - [05/Nov/2022:17:48:26 -0700] "GET /ok/join?C=S%3BO%3DA HTTP/1.1" 301 1419 "http://asbanet.org/ok/join?C=N%3BO%3DD" "Mozilla/5.0 (Linux; Android 7.0;) AppleWebKit/537.36 (KHTML, like Gecko) Mobile Safari/537.36 (compatible; PetalBot;+https://webmaster.petalsearch.com/site/petalbot)" "asbanet.org"
114.119.138.77 - - [05/Nov/2022:17:48:28 -0700] "GET /ok/join/?C=S%3BO%3DA HTTP/1.1" 200 400 "http://asbanet.org/ok/join?C=N%3BO%3DD" "Mozilla/5.0 (Linux; Android 7.0;) AppleWebKit/537.36 (KHTML, like Gecko) Mobile Safari/537.36 (compatible; PetalBot;+https://webmaster.petalsearch.com/site/petalbot)" "asbanet.org"
20.106.27.209 - - [05/Nov/2022:17:51:44 -0700] "GET /images/Shannon/Image003.jpg HTTP/1.1" 200 578313 "http://asbanet.org/images/Shannon" "Mozilla/5.0 (X11; Linux x86_64) AppleWebKit/537.36 (KHTML, like Gecko) Chrome/74.0.3729.169 Safari/537.36" "asbanet.org"
51.222.253.5 - - [05/Nov/2022:17:51:52 -0700] "GET /_old/?C=D;O=D HTTP/1.1" 200 349 "-" "Mozilla/5.0 (compatible; AhrefsBot/7.0; +http://ahrefs.com/robot/)" "www.asbanet.org"
185.191.171.22 - - [05/Nov/2022:17:52:53 -0700] "GET /robots.txt HTTP/1.1" 404 88 "-" "Mozilla/5.0 (compatible; SemrushBot/7~bl; +http://www.semrush.com/bot.html)" "asbanet.org"
185.191.171.42 - - [05/Nov/2022:17:52:53 -0700] "GET /_old/voters/?C=D%3BO%3DA HTTP/1.1" 200 480 "-" "Mozilla/5.0 (compatible; SemrushBot/7~bl; +http://www.semrush.com/bot.html)" "asbanet.org"
114.119.138.77 - - [05/Nov/2022:17:54:44 -0700] "GET /issues/Stimulus/_notes/?C=N%3BO%3DD HTTP/1.1" 200 327 "http://www.asbanet.org/issues/Stimulus/_notes?S=D" "Mozilla/5.0 (Linux; Android 7.0;) AppleWebKit/537.36 (KHTML, like Gecko) Mobile Safari/537.36 (compatible; PetalBot;+https://webmaster.petalsearch.com/site/petalbot)" "www.asbanet.org"
40.77.51.81 - - [05/Nov/2022:17:54:58 -0700] "GET /includes/%5C%22/images/voices/jeanne.gif%5C%22 HTTP/1.1" 404 88 "http://www.asbanet.org/includes/\\\"/images/voices" "Mozilla/5.0 (Windows NT 10.0; Win64; x64) AppleWebKit/537.36 (KHTML, like Gecko) Chrome/74.0.3729.157 Safari/537.36" "www.asbanet.org"
51.222.253.20 - - [05/Nov/2022:17:55:40 -0700] "GET /ok/contact/ HTTP/1.1" 200 366 "-" "Mozilla/5.0 (compatible; AhrefsBot/7.0; +http://ahrefs.com/robot/)" "www.asbanet.org"
185.191.171.12 - - [05/Nov/2022:17:57:19 -0700] "GET /issues/Stimulus/_notes/?C=S%3BO%3DA HTTP/1.1" 200 327 "-" "Mozilla/5.0 (compatible; SemrushBot/7~bl; +http://www.semrush.com/bot.html)" "asbanet.org"
65.108.76.15 - - [05/Nov/2022:17:58:38 -0700] "GET /about/index.shtml HTTP/1.1" 200 9117 "http://asbanet.org/about/" "Mozilla/5.0 (compatible; SEOkicks; +https://www.seokicks.de/robot.html)" "asbanet.org"
65.108.76.15 - - [05/Nov/2022:17:58:39 -0700] "GET /about/index.shtml HTTP/1.1" 200 9117 "http://www.asbanet.org/about/" "Mozilla/5.0 (compatible; SEOkicks; +https://www.seokicks.de/robot.html)" "www.asbanet.org"
65.108.76.15 - - [05/Nov/2022:17:58:40 -0700] "GET /resources/?C=N;O=D HTTP/1.1" 200 363 "http://asbanet.org/resources/" "Mozilla/5.0 (compatible; SEOkicks; +https://www.seokicks.de/robot.html)" "asbanet.org"
65.108.76.15 - - [05/Nov/2022:17:58:40 -0700] "GET /resources/?C=N;O=D HTTP/1.1" 200 363 "http://www.asbanet.org/resources/" "Mozilla/5.0 (compatible; SEOkicks; +https://www.seokicks.de/robot.html)" "www.asbanet.org"
65.108.76.15 - - [05/Nov/2022:17:58:41 -0700] "GET /resources/?C=M;O=A HTTP/1.1" 200 365 "http://asbanet.org/resources/" "Mozilla/5.0 (compatible; SEOkicks; +https://www.seokicks.de/robot.html)" "asbanet.org"
65.108.76.15 - - [05/Nov/2022:17:58:41 -0700] "GET /resources/?C=M;O=A HTTP/1.1" 200 365 "http://www.asbanet.org/resources/" "Mozilla/5.0 (compatible; SEOkicks; +https://www.seokicks.de/robot.html)" "www.asbanet.org"
65.108.76.15 - - [05/Nov/2022:17:58:42 -0700] "GET /resources/?C=S;O=A HTTP/1.1" 200 365 "http://asbanet.org/resources/" "Mozilla/5.0 (compatible; SEOkicks; +https://www.seokicks.de/robot.html)" "asbanet.org"
65.108.76.15 - - [05/Nov/2022:17:58:42 -0700] "GET /resources/?C=S;O=A HTTP/1.1" 200 365 "http://www.asbanet.org/resources/" "Mozilla/5.0 (compatible; SEOkicks; +https://www.seokicks.de/robot.html)" "www.asbanet.org"
65.108.76.15 - - [05/Nov/2022:17:58:44 -0700] "GET /resources/?C=D;O=A HTTP/1.1" 200 365 "http://asbanet.org/resources/" "Mozilla/5.0 (compatible; SEOkicks; +https://www.seokicks.de/robot.html)" "asbanet.org"
65.108.76.15 - - [05/Nov/2022:17:58:44 -0700] "GET /resources/?C=D;O=A HTTP/1.1" 200 365 "http://www.asbanet.org/resources/" "Mozilla/5.0 (compatible; SEOkicks; +https://www.seokicks.de/robot.html)" "www.asbanet.org"
65.108.76.15 - - [05/Nov/2022:17:58:45 -0700] "GET /resources/index.shtml HTTP/1.1" 200 7043 "http://asbanet.org/resources/" "Mozilla/5.0 (compatible; SEOkicks; +https://www.seokicks.de/robot.html)" "asbanet.org"
65.108.76.15 - - [05/Nov/2022:17:58:45 -0700] "GET /resources/index.shtml HTTP/1.1" 200 7043 "http://www.asbanet.org/resources/" "Mozilla/5.0 (compatible; SEOkicks; +https://www.seokicks.de/robot.html)" "www.asbanet.org"
65.108.76.15 - - [05/Nov/2022:17:58:46 -0700] "GET /contact/?C=N;O=D HTTP/1.1" 200 360 "http://asbanet.org/contact/" "Mozilla/5.0 (compatible; SEOkicks; +https://www.seokicks.de/robot.html)" "asbanet.org"
65.108.76.15 - - [05/Nov/2022:17:58:46 -0700] "GET /contact/?C=N;O=D HTTP/1.1" 200 360 "http://www.asbanet.org/contact/" "Mozilla/5.0 (compatible; SEOkicks; +https://www.seokicks.de/robot.html)" "www.asbanet.org"
65.108.76.15 - - [05/Nov/2022:17:58:47 -0700] "GET /contact/?C=M;O=A HTTP/1.1" 200 362 "http://asbanet.org/contact/" "Mozilla/5.0 (compatible; SEOkicks; +https://www.seokicks.de/robot.html)" "asbanet.org"
65.108.76.15 - - [05/Nov/2022:17:58:48 -0700] "GET /contact/?C=M;O=A HTTP/1.1" 200 362 "http://www.asbanet.org/contact/" "Mozilla/5.0 (compatible; SEOkicks; +https://www.seokicks.de/robot.html)" "www.asbanet.org"
65.108.76.15 - - [05/Nov/2022:17:58:49 -0700] "GET /contact/?C=S;O=A HTTP/1.1" 200 362 "http://asbanet.org/contact/" "Mozilla/5.0 (compatible; SEOkicks; +https://www.seokicks.de/robot.html)" "asbanet.org"
65.108.76.15 - - [05/Nov/2022:17:58:49 -0700] "GET /contact/?C=S;O=A HTTP/1.1" 200 362 "http://www.asbanet.org/contact/" "Mozilla/5.0 (compatible; SEOkicks; +https://www.seokicks.de/robot.html)" "www.asbanet.org"
65.108.76.15 - - [05/Nov/2022:17:58:50 -0700] "GET /contact/?C=D;O=A HTTP/1.1" 200 362 "http://asbanet.org/contact/" "Mozilla/5.0 (compatible; SEOkicks; +https://www.seokicks.de/robot.html)" "asbanet.org"
51.222.253.19 - - [05/Nov/2022:17:58:50 -0700] "GET /images/?C=M;O=A HTTP/1.1" 200 844 "-" "Mozilla/5.0 (compatible; AhrefsBot/7.0; +http://ahrefs.com/robot/)" "asbanet.org"
65.108.76.15 - - [05/Nov/2022:17:58:51 -0700] "GET /contact/?C=D;O=A HTTP/1.1" 200 362 "http://www.asbanet.org/contact/" "Mozilla/5.0 (compatible; SEOkicks; +https://www.seokicks.de/robot.html)" "www.asbanet.org"
65.108.76.15 - - [05/Nov/2022:17:58:52 -0700] "GET /contact/index.shtml HTTP/1.1" 200 2466 "http://asbanet.org/contact/" "Mozilla/5.0 (compatible; SEOkicks; +https://www.seokicks.de/robot.html)" "asbanet.org"
65.108.76.15 - - [05/Nov/2022:17:58:52 -0700] "GET /contact/index.shtml HTTP/1.1" 200 2466 "http://www.asbanet.org/contact/" "Mozilla/5.0 (compatible; SEOkicks; +https://www.seokicks.de/robot.html)" "www.asbanet.org"
185.191.171.5 - - [05/Nov/2022:17:59:29 -0700] "GET /images/Ross%20Relles/?C=N%3BO%3DD HTTP/1.1" 200 834 "-" "Mozilla/5.0 (compatible; SemrushBot/7~bl; +http://www.semrush.com/bot.html)" "asbanet.org"
185.191.171.5 - - [05/Nov/2022:18:00:13 -0700] "GET /Mann/?C=D%3BO%3DA HTTP/1.1" 200 355 "-" "Mozilla/5.0 (compatible; SemrushBot/7~bl; +http://www.semrush.com/bot.html)" "asbanet.org"
185.191.171.22 - - [05/Nov/2022:18:00:47 -0700] "GET /images/Shannon/?C=M%3BO%3DA HTTP/1.1" 200 489 "-" "Mozilla/5.0 (compatible; SemrushBot/7~bl; +http://www.semrush.com/bot.html)" "asbanet.org"
51.222.253.6 - - [05/Nov/2022:18:01:54 -0700] "GET /nh/contact/?C=N;O=D HTTP/1.1" 200 364 "-" "Mozilla/5.0 (compatible; AhrefsBot/7.0; +http://ahrefs.com/robot/)" "asbanet.org"
216.244.66.200 - - [05/Nov/2022:18:02:53 -0700] "GET /robots.txt HTTP/1.1" 404 73 "-" "Mozilla/5.0 (compatible; DotBot/1.2; +https://opensiteexplorer.org/dotbot; help@moz.com)" "asbanet.org"
185.191.171.22 - - [05/Nov/2022:18:07:05 -0700] "GET /Mann/megadownload/?C=S%3BO%3DA HTTP/1.1" 200 395 "-" "Mozilla/5.0 (compatible; SemrushBot/7~bl; +http://www.semrush.com/bot.html)" "asbanet.org"
185.191.171.42 - - [05/Nov/2022:18:10:21 -0700] "GET /issues/PBR/?C=D%3BO%3DA HTTP/1.1" 200 450 "-" "Mozilla/5.0 (compatible; SemrushBot/7~bl; +http://www.semrush.com/bot.html)" "asbanet.org"
114.119.138.65 - - [05/Nov/2022:18:14:27 -0700] "GET /lott/ HTTP/1.1" 200 390 "http://asbanet.org/" "Mozilla/5.0 (Linux; Android 7.0;) AppleWebKit/537.36 (KHTML, like Gecko) Mobile Safari/537.36 (compatible; PetalBot;+https://webmaster.petalsearch.com/site/petalbot)" "asbanet.org"
51.222.253.3 - - [05/Nov/2022:18:15:12 -0700] "GET /images/nav/?C=S;O=A HTTP/1.1" 200 1121 "-" "Mozilla/5.0 (compatible; AhrefsBot/7.0; +http://ahrefs.com/robot/)" "www.asbanet.org"
51.222.253.3 - - [05/Nov/2022:18:18:29 -0700] "GET /images/nav/?C=D;O=A HTTP/1.1" 200 1121 "-" "Mozilla/5.0 (compatible; AhrefsBot/7.0; +http://ahrefs.com/robot/)" "www.asbanet.org"
185.191.171.13 - - [05/Nov/2022:18:19:17 -0700] "GET /nh/contact/?C=N%3BO%3DD HTTP/1.1" 200 366 "-" "Mozilla/5.0 (compatible; SemrushBot/7~bl; +http://www.semrush.com/bot.html)" "asbanet.org"
51.222.253.12 - - [05/Nov/2022:18:21:53 -0700] "GET /_old/voters/?C=D;O=A HTTP/1.1" 200 480 "-" "Mozilla/5.0 (compatible; AhrefsBot/7.0; +http://ahrefs.com/robot/)" "www.asbanet.org"
114.119.138.70 - - [05/Nov/2022:18:22:50 -0700] "GET /nh/contact?M=D HTTP/1.1" 301 1411 "https://asbanet.org/nh/contact?M=A" "Mozilla/5.0 (Linux; Android 7.0;) AppleWebKit/537.36 (KHTML, like Gecko) Mobile Safari/537.36 (compatible; PetalBot;+https://webmaster.petalsearch.com/site/petalbot)" "asbanet.org"
114.119.138.70 - - [05/Nov/2022:18:22:57 -0700] "GET /nh/contact/?M=D HTTP/1.1" 200 366 "https://asbanet.org/nh/contact?M=A" "Mozilla/5.0 (Linux; Android 7.0;) AppleWebKit/537.36 (KHTML, like Gecko) Mobile Safari/537.36 (compatible; PetalBot;+https://webmaster.petalsearch.com/site/petalbot)" "asbanet.org"
51.222.253.2 - - [05/Nov/2022:18:25:28 -0700] "GET /fl/includes/?C=N;O=D HTTP/1.1" 200 368 "-" "Mozilla/5.0 (compatible; AhrefsBot/7.0; +http://ahrefs.com/robot/)" "www.asbanet.org"
185.191.171.25 - - [05/Nov/2022:18:28:12 -0700] "GET /images/Shannon/?C=N%3BO%3DD HTTP/1.1" 200 489 "-" "Mozilla/5.0 (compatible; SemrushBot/7~bl; +http://www.semrush.com/bot.html)" "asbanet.org"
51.222.253.20 - - [05/Nov/2022:18:28:53 -0700] "GET /images/voices/ HTTP/1.1" 200 546 "-" "Mozilla/5.0 (compatible; AhrefsBot/7.0; +http://ahrefs.com/robot/)" "www.asbanet.org"
185.191.171.1 - - [05/Nov/2022:18:29:31 -0700] "GET /issues/Reports/?C=M%3BO%3DA HTTP/1.1" 200 438 "-" "Mozilla/5.0 (compatible; SemrushBot/7~bl; +http://www.semrush.com/bot.html)" "asbanet.org"
114.119.138.77 - - [05/Nov/2022:18:32:05 -0700] "GET /links/?C=S%3BO%3DA HTTP/1.1" 200 361 "https://asbanet.org/links/" "Mozilla/5.0 (Linux; Android 7.0;) AppleWebKit/537.36 (KHTML, like Gecko) Mobile Safari/537.36 (compatible; PetalBot;+https://webmaster.petalsearch.com/site/petalbot)" "asbanet.org"
51.222.253.6 - - [05/Nov/2022:18:32:28 -0700] "GET /ok/contact/?C=M;O=D HTTP/1.1" 200 364 "-" "Mozilla/5.0 (compatible; AhrefsBot/7.0; +http://ahrefs.com/robot/)" "www.asbanet.org"
185.191.171.38 - - [05/Nov/2022:18:34:17 -0700] "GET /links/?C=M%3BO%3DA HTTP/1.1" 200 361 "-" "Mozilla/5.0 (compatible; SemrushBot/7~bl; +http://www.semrush.com/bot.html)" "asbanet.org"
65.108.76.15 - - [05/Nov/2022:18:35:33 -0700] "GET /join/?C=N;O=D HTTP/1.1" 200 393 "http://asbanet.org/join/" "Mozilla/5.0 (compatible; SEOkicks; +https://www.seokicks.de/robot.html)" "asbanet.org"
65.108.76.15 - - [05/Nov/2022:18:35:34 -0700] "GET /join/?C=N;O=D HTTP/1.1" 200 393 "http://www.asbanet.org/join/" "Mozilla/5.0 (compatible; SEOkicks; +https://www.seokicks.de/robot.html)" "www.asbanet.org"
65.108.76.15 - - [05/Nov/2022:18:35:35 -0700] "GET /join/?C=M;O=A HTTP/1.1" 200 395 "http://asbanet.org/join/" "Mozilla/5.0 (compatible; SEOkicks; +https://www.seokicks.de/robot.html)" "asbanet.org"
65.108.76.15 - - [05/Nov/2022:18:35:35 -0700] "GET /join/?C=M;O=A HTTP/1.1" 200 395 "http://www.asbanet.org/join/" "Mozilla/5.0 (compatible; SEOkicks; +https://www.seokicks.de/robot.html)" "www.asbanet.org"
65.108.76.15 - - [05/Nov/2022:18:35:36 -0700] "GET /join/?C=S;O=A HTTP/1.1" 200 395 "http://asbanet.org/join/" "Mozilla/5.0 (compatible; SEOkicks; +https://www.seokicks.de/robot.html)" "asbanet.org"
65.108.76.15 - - [05/Nov/2022:18:35:36 -0700] "GET /join/?C=S;O=A HTTP/1.1" 200 395 "http://www.asbanet.org/join/" "Mozilla/5.0 (compatible; SEOkicks; +https://www.seokicks.de/robot.html)" "www.asbanet.org"
65.108.76.15 - - [05/Nov/2022:18:35:37 -0700] "GET /join/?C=D;O=A HTTP/1.1" 200 394 "http://asbanet.org/join/" "Mozilla/5.0 (compatible; SEOkicks; +https://www.seokicks.de/robot.html)" "asbanet.org"
65.108.76.15 - - [05/Nov/2022:18:35:38 -0700] "GET /join/?C=D;O=A HTTP/1.1" 200 394 "http://www.asbanet.org/join/" "Mozilla/5.0 (compatible; SEOkicks; +https://www.seokicks.de/robot.html)" "www.asbanet.org"
65.108.76.15 - - [05/Nov/2022:18:35:39 -0700] "GET /join/error.shtml HTTP/1.1" 200 2337 "http://asbanet.org/join/" "Mozilla/5.0 (compatible; SEOkicks; +https://www.seokicks.de/robot.html)" "asbanet.org"
65.108.76.15 - - [05/Nov/2022:18:35:39 -0700] "GET /join/error.shtml HTTP/1.1" 200 2337 "http://www.asbanet.org/join/" "Mozilla/5.0 (compatible; SEOkicks; +https://www.seokicks.de/robot.html)" "www.asbanet.org"
65.108.76.15 - - [05/Nov/2022:18:35:40 -0700] "GET /join/thankyou.shtml HTTP/1.1" 200 2684 "http://asbanet.org/join/" "Mozilla/5.0 (compatible; SEOkicks; +https://www.seokicks.de/robot.html)" "asbanet.org"
65.108.76.15 - - [05/Nov/2022:18:35:40 -0700] "GET /join/thankyou.shtml HTTP/1.1" 200 2684 "http://www.asbanet.org/join/" "Mozilla/5.0 (compatible; SEOkicks; +https://www.seokicks.de/robot.html)" "www.asbanet.org"
65.108.76.15 - - [05/Nov/2022:18:35:41 -0700] "GET /issues/?C=N;O=A HTTP/1.1" 200 416 "http://asbanet.org/issues/?C=N;O=D" "Mozilla/5.0 (compatible; SEOkicks; +https://www.seokicks.de/robot.html)" "asbanet.org"
65.108.76.15 - - [05/Nov/2022:18:35:42 -0700] "GET /issues/?C=N;O=A HTTP/1.1" 200 416 "http://www.asbanet.org/issues/?C=N;O=D" "Mozilla/5.0 (compatible; SEOkicks; +https://www.seokicks.de/robot.html)" "www.asbanet.org"
65.108.76.15 - - [05/Nov/2022:18:35:43 -0700] "GET /issues/?C=M;O=D HTTP/1.1" 200 421 "http://asbanet.org/issues/?C=M;O=A" "Mozilla/5.0 (compatible; SEOkicks; +https://www.seokicks.de/robot.html)" "asbanet.org"
65.108.76.15 - - [05/Nov/2022:18:35:43 -0700] "GET /issues/?C=M;O=D HTTP/1.1" 200 421 "http://www.asbanet.org/issues/?C=M;O=A" "Mozilla/5.0 (compatible; SEOkicks; +https://www.seokicks.de/robot.html)" "www.asbanet.org"
65.108.76.15 - - [05/Nov/2022:18:35:44 -0700] "GET /issues/?C=S;O=D HTTP/1.1" 200 421 "http://asbanet.org/issues/?C=S;O=A" "Mozilla/5.0 (compatible; SEOkicks; +https://www.seokicks.de/robot.html)" "asbanet.org"
65.108.76.15 - - [05/Nov/2022:18:35:44 -0700] "GET /issues/?C=S;O=D HTTP/1.1" 200 421 "http://www.asbanet.org/issues/?C=S;O=A" "Mozilla/5.0 (compatible; SEOkicks; +https://www.seokicks.de/robot.html)" "www.asbanet.org"
65.108.76.15 - - [05/Nov/2022:18:35:45 -0700] "GET /issues/?C=D;O=D HTTP/1.1" 200 421 "http://asbanet.org/issues/?C=D;O=A" "Mozilla/5.0 (compatible; SEOkicks; +https://www.seokicks.de/robot.html)" "asbanet.org"
65.108.76.15 - - [05/Nov/2022:18:35:45 -0700] "GET /issues/?C=D;O=D HTTP/1.1" 200 421 "http://www.asbanet.org/issues/?C=D;O=A" "Mozilla/5.0 (compatible; SEOkicks; +https://www.seokicks.de/robot.html)" "www.asbanet.org"
65.108.76.15 - - [05/Nov/2022:18:35:46 -0700] "GET /issues/PBR/?C=N;O=D HTTP/1.1" 200 448 "http://asbanet.org/issues/PBR/" "Mozilla/5.0 (compatible; SEOkicks; +https://www.seokicks.de/robot.html)" "asbanet.org"
65.108.76.15 - - [05/Nov/2022:18:35:47 -0700] "GET /issues/PBR/?C=N;O=D HTTP/1.1" 200 448 "http://www.asbanet.org/issues/PBR/" "Mozilla/5.0 (compatible; SEOkicks; +https://www.seokicks.de/robot.html)" "www.asbanet.org"
51.222.253.14 - - [05/Nov/2022:18:36:10 -0700] "GET /images/Shannon2/?C=M;O=A HTTP/1.1" 200 435 "-" "Mozilla/5.0 (compatible; AhrefsBot/7.0; +http://ahrefs.com/robot/)" "www.asbanet.org"
51.222.253.9 - - [05/Nov/2022:18:39:50 -0700] "GET /robots.txt HTTP/1.1" 404 88 "-" "Mozilla/5.0 (compatible; AhrefsBot/7.0; +http://ahrefs.com/robot/)" "asbanet.org"
185.191.171.43 - - [05/Nov/2022:18:39:50 -0700] "GET /images/issues/?C=N%3BO%3DD HTTP/1.1" 200 527 "-" "Mozilla/5.0 (compatible; SemrushBot/7~bl; +http://www.semrush.com/bot.html)" "asbanet.org"
51.222.253.14 - - [05/Nov/2022:18:39:53 -0700] "GET /fl/contact/?C=D;O=D HTTP/1.1" 200 363 "-" "Mozilla/5.0 (compatible; AhrefsBot/7.0; +http://ahrefs.com/robot/)" "asbanet.org"
51.222.253.11 - - [05/Nov/2022:18:43:41 -0700] "GET /images/?C=D;O=A HTTP/1.1" 200 844 "-" "Mozilla/5.0 (compatible; AhrefsBot/7.0; +http://ahrefs.com/robot/)" "asbanet.org"
114.119.138.65 - - [05/Nov/2022:18:46:33 -0700] "GET /ok?C=S%3BO%3DA HTTP/1.1" 301 1415 "http://asbanet.org/ok?M=A" "Mozilla/5.0 (Linux; Android 7.0;) AppleWebKit/537.36 (KHTML, like Gecko) Mobile Safari/537.36 (compatible; PetalBot;+https://webmaster.petalsearch.com/site/petalbot)" "asbanet.org"
114.119.138.65 - - [05/Nov/2022:18:46:39 -0700] "GET /ok/?C=S%3BO%3DA HTTP/1.1" 200 425 "http://asbanet.org/ok?M=A" "Mozilla/5.0 (Linux; Android 7.0;) AppleWebKit/537.36 (KHTML, like Gecko) Mobile Safari/537.36 (compatible; PetalBot;+https://webmaster.petalsearch.com/site/petalbot)" "asbanet.org"
51.222.253.10 - - [05/Nov/2022:18:47:25 -0700] "GET /ok/contact/?C=N;O=D HTTP/1.1" 200 364 "-" "Mozilla/5.0 (compatible; AhrefsBot/7.0; +http://ahrefs.com/robot/)" "www.asbanet.org"
185.191.171.1 - - [05/Nov/2022:18:49:53 -0700] "GET /Mann/megadownload/?C=M%3BO%3DA HTTP/1.1" 200 395 "-" "Mozilla/5.0 (compatible; SemrushBot/7~bl; +http://www.semrush.com/bot.html)" "asbanet.org"
114.119.128.108 - - [05/Nov/2022:18:50:20 -0700] "GET /robots.txt HTTP/1.1" 404 88 "-" "Mozilla/5.0 (compatible;PetalBot;+https://webmaster.petalsearch.com/site/petalbot)" "www.asbanet.org"
51.222.253.2 - - [05/Nov/2022:18:51:01 -0700] "GET /images/voices/?C=D;O=A HTTP/1.1" 200 546 "-" "Mozilla/5.0 (compatible; AhrefsBot/7.0; +http://ahrefs.com/robot/)" "www.asbanet.org"
185.191.171.7 - - [05/Nov/2022:18:54:07 -0700] "GET /robots.txt HTTP/1.1" 404 88 "-" "Mozilla/5.0 (compatible; SemrushBot/7~bl; +http://www.semrush.com/bot.html)" "asbanet.org"
185.191.171.2 - - [05/Nov/2022:18:54:07 -0700] "GET /nh/contact/?C=M%3BO%3DA HTTP/1.1" 200 366 "-" "Mozilla/5.0 (compatible; SemrushBot/7~bl; +http://www.semrush.com/bot.html)" "asbanet.org"
51.222.253.9 - - [05/Nov/2022:18:54:27 -0700] "GET /images/voices/?C=S;O=A HTTP/1.1" 200 550 "-" "Mozilla/5.0 (compatible; AhrefsBot/7.0; +http://ahrefs.com/robot/)" "www.asbanet.org"
114.119.138.77 - - [05/Nov/2022:18:56:52 -0700] "GET /nh/findout.shtml HTTP/1.1" 200 3214 "http://asbanet.org/nh/?C=D%3BO%3DA" "Mozilla/5.0 (Linux; Android 7.0;) AppleWebKit/537.36 (KHTML, like Gecko) Mobile Safari/537.36 (compatible; PetalBot;+https://webmaster.petalsearch.com/site/petalbot)" "asbanet.org"
51.222.253.16 - - [05/Nov/2022:18:57:52 -0700] "GET /Mann/ HTTP/1.1" 200 355 "-" "Mozilla/5.0 (compatible; AhrefsBot/7.0; +http://ahrefs.com/robot/)" "asbanet.org"
114.119.138.65 - - [05/Nov/2022:18:58:31 -0700] "GET /issues/Reports/SBA_files?M=D HTTP/1.1" 301 1425 "http://www.asbanet.org/issues/Reports/SBA_files?M=A" "Mozilla/5.0 (Linux; Android 7.0;) AppleWebKit/537.36 (KHTML, like Gecko) Mobile Safari/537.36 (compatible; PetalBot;+https://webmaster.petalsearch.com/site/petalbot)" "www.asbanet.org"
114.119.138.65 - - [05/Nov/2022:18:58:33 -0700] "GET /issues/Reports/SBA_files/?M=D HTTP/1.1" 200 412 "http://www.asbanet.org/issues/Reports/SBA_files?M=A" "Mozilla/5.0 (Linux; Android 7.0;) AppleWebKit/537.36 (KHTML, like Gecko) Mobile Safari/537.36 (compatible; PetalBot;+https://webmaster.petalsearch.com/site/petalbot)" "www.asbanet.org"
40.86.101.252 - - [05/Nov/2022:18:59:52 -0700] "GET /includes/%5C%22/images/voices/linda_pei.gif%5C%22 HTTP/1.1" 404 88 "http://asbanet.org/includes/\\\"/images/voices" "Mozilla/5.0 (X11; Linux x86_64) AppleWebKit/537.36 (KHTML, like Gecko) Chrome/74.0.3729.169 Safari/537.36" "asbanet.org"
51.222.253.7 - - [05/Nov/2022:19:01:36 -0700] "GET /images/nav/?C=N;O=A HTTP/1.1" 200 1121 "-" "Mozilla/5.0 (compatible; AhrefsBot/7.0; +http://ahrefs.com/robot/)" "www.asbanet.org"
51.222.253.8 - - [05/Nov/2022:19:05:23 -0700] "GET /ok/?C=M;O=D HTTP/1.1" 200 420 "-" "Mozilla/5.0 (compatible; AhrefsBot/7.0; +http://ahrefs.com/robot/)" "asbanet.org"
65.108.76.15 - - [05/Nov/2022:19:07:24 -0700] "GET /issues/PBR/?C=M;O=A HTTP/1.1" 200 450 "http://asbanet.org/issues/PBR/" "Mozilla/5.0 (compatible; SEOkicks; +https://www.seokicks.de/robot.html)" "asbanet.org"
65.108.76.15 - - [05/Nov/2022:19:07:24 -0700] "GET /issues/PBR/?C=M;O=A HTTP/1.1" 200 450 "http://www.asbanet.org/issues/PBR/" "Mozilla/5.0 (compatible; SEOkicks; +https://www.seokicks.de/robot.html)" "www.asbanet.org"
65.108.76.15 - - [05/Nov/2022:19:07:25 -0700] "GET /issues/PBR/?C=S;O=A HTTP/1.1" 200 452 "http://asbanet.org/issues/PBR/" "Mozilla/5.0 (compatible; SEOkicks; +https://www.seokicks.de/robot.html)" "asbanet.org"
65.108.76.15 - - [05/Nov/2022:19:07:25 -0700] "GET /issues/PBR/?C=S;O=A HTTP/1.1" 200 452 "http://www.asbanet.org/issues/PBR/" "Mozilla/5.0 (compatible; SEOkicks; +https://www.seokicks.de/robot.html)" "www.asbanet.org"
65.108.76.15 - - [05/Nov/2022:19:07:27 -0700] "GET /issues/PBR/?C=D;O=A HTTP/1.1" 200 450 "http://asbanet.org/issues/PBR/" "Mozilla/5.0 (compatible; SEOkicks; +https://www.seokicks.de/robot.html)" "asbanet.org"
65.108.76.15 - - [05/Nov/2022:19:07:27 -0700] "GET /issues/PBR/?C=D;O=A HTTP/1.1" 200 450 "http://www.asbanet.org/issues/PBR/" "Mozilla/5.0 (compatible; SEOkicks; +https://www.seokicks.de/robot.html)" "www.asbanet.org"
65.108.76.15 - - [05/Nov/2022:19:07:28 -0700] "GET /issues/PBR/8reasons.shtml HTTP/1.1" 200 8795 "http://asbanet.org/issues/PBR/" "Mozilla/5.0 (compatible; SEOkicks; +https://www.seokicks.de/robot.html)" "asbanet.org"
65.108.76.15 - - [05/Nov/2022:19:07:28 -0700] "GET /issues/PBR/8reasons.shtml HTTP/1.1" 200 8795 "http://www.asbanet.org/issues/PBR/" "Mozilla/5.0 (compatible; SEOkicks; +https://www.seokicks.de/robot.html)" "www.asbanet.org"
65.108.76.15 - - [05/Nov/2022:19:07:29 -0700] "GET /issues/PBR/abouthc.shtml HTTP/1.1" 200 6650 "http://asbanet.org/issues/PBR/" "Mozilla/5.0 (compatible; SEOkicks; +https://www.seokicks.de/robot.html)" "asbanet.org"
65.108.76.15 - - [05/Nov/2022:19:07:29 -0700] "GET /issues/PBR/abouthc.shtml HTTP/1.1" 200 6650 "http://www.asbanet.org/issues/PBR/" "Mozilla/5.0 (compatible; SEOkicks; +https://www.seokicks.de/robot.html)" "www.asbanet.org"
65.108.76.15 - - [05/Nov/2022:19:07:30 -0700] "GET /issues/PBR/asbatonfib.shtml HTTP/1.1" 200 9017 "http://asbanet.org/issues/PBR/" "Mozilla/5.0 (compatible; SEOkicks; +https://www.seokicks.de/robot.html)" "asbanet.org"
65.108.76.15 - - [05/Nov/2022:19:07:31 -0700] "GET /issues/PBR/asbatonfib.shtml HTTP/1.1" 200 9017 "http://www.asbanet.org/issues/PBR/" "Mozilla/5.0 (compatible; SEOkicks; +https://www.seokicks.de/robot.html)" "www.asbanet.org"
65.108.76.15 - - [05/Nov/2022:19:07:32 -0700] "GET /issues/PBR/index.shtml HTTP/1.1" 200 3808 "http://asbanet.org/issues/PBR/" "Mozilla/5.0 (compatible; SEOkicks; +https://www.seokicks.de/robot.html)" "asbanet.org"
65.108.76.15 - - [05/Nov/2022:19:07:32 -0700] "GET /issues/PBR/index.shtml HTTP/1.1" 200 3808 "http://www.asbanet.org/issues/PBR/" "Mozilla/5.0 (compatible; SEOkicks; +https://www.seokicks.de/robot.html)" "www.asbanet.org"
65.108.76.15 - - [05/Nov/2022:19:07:33 -0700] "GET /issues/PBR/supportpbr.shtml HTTP/1.1" 200 7559 "http://asbanet.org/issues/PBR/" "Mozilla/5.0 (compatible; SEOkicks; +https://www.seokicks.de/robot.html)" "asbanet.org"
65.108.76.15 - - [05/Nov/2022:19:07:33 -0700] "GET /issues/PBR/supportpbr.shtml HTTP/1.1" 200 7559 "http://www.asbanet.org/issues/PBR/" "Mozilla/5.0 (compatible; SEOkicks; +https://www.seokicks.de/robot.html)" "www.asbanet.org"
65.108.76.15 - - [05/Nov/2022:19:07:34 -0700] "GET /issues/Reports/?C=N;O=D HTTP/1.1" 200 433 "http://asbanet.org/issues/Reports/" "Mozilla/5.0 (compatible; SEOkicks; +https://www.seokicks.de/robot.html)" "asbanet.org"
65.108.76.15 - - [05/Nov/2022:19:07:34 -0700] "GET /issues/Reports/?C=N;O=D HTTP/1.1" 200 433 "http://www.asbanet.org/issues/Reports/" "Mozilla/5.0 (compatible; SEOkicks; +https://www.seokicks.de/robot.html)" "www.asbanet.org"
65.108.76.15 - - [05/Nov/2022:19:07:36 -0700] "GET /issues/Reports/?C=M;O=A HTTP/1.1" 200 438 "http://asbanet.org/issues/Reports/" "Mozilla/5.0 (compatible; SEOkicks; +https://www.seokicks.de/robot.html)" "asbanet.org"
65.108.76.15 - - [05/Nov/2022:19:07:36 -0700] "GET /issues/Reports/?C=M;O=A HTTP/1.1" 200 438 "http://www.asbanet.org/issues/Reports/" "Mozilla/5.0 (compatible; SEOkicks; +https://www.seokicks.de/robot.html)" "www.asbanet.org"
65.108.76.15 - - [05/Nov/2022:19:07:37 -0700] "GET /issues/Reports/?C=S;O=A HTTP/1.1" 200 433 "http://asbanet.org/issues/Reports/" "Mozilla/5.0 (compatible; SEOkicks; +https://www.seokicks.de/robot.html)" "asbanet.org"
65.108.76.15 - - [05/Nov/2022:19:07:37 -0700] "GET /issues/Reports/?C=S;O=A HTTP/1.1" 200 433 "http://www.asbanet.org/issues/Reports/" "Mozilla/5.0 (compatible; SEOkicks; +https://www.seokicks.de/robot.html)" "www.asbanet.org"
51.222.253.14 - - [05/Nov/2022:19:09:16 -0700] "GET /maine/?C=M;O=D HTTP/1.1" 200 426 "-" "Mozilla/5.0 (compatible; AhrefsBot/7.0; +http://ahrefs.com/robot/)" "asbanet.org"
113.142.141.105 - - [05/Nov/2022:19:10:03 -0700] "GET / HTTP/1.1" 200 4048 "-" "Mozilla/5.0 (iPhone; CPU iPhone OS 13_2_3 like Mac OS X) AppleWebKit/605.1.15 (KHTML, like Gecko) Version/13.0.3 Mobile/15E148 Safari/604.1" "www.asbanet.org"
185.191.171.39 - - [05/Nov/2022:19:12:18 -0700] "GET /fl/?C=D%3BO%3DA HTTP/1.1" 200 499 "-" "Mozilla/5.0 (compatible; SemrushBot/7~bl; +http://www.semrush.com/bot.html)" "asbanet.org"
51.222.253.10 - - [05/Nov/2022:19:13:00 -0700] "GET /nh/contact/?C=D;O=D HTTP/1.1" 200 364 "-" "Mozilla/5.0 (compatible; AhrefsBot/7.0; +http://ahrefs.com/robot/)" "www.asbanet.org"
185.191.171.34 - - [05/Nov/2022:19:13:08 -0700] "GET /_old/voters/?C=S%3BO%3DA HTTP/1.1" 200 480 "-" "Mozilla/5.0 (compatible; SemrushBot/7~bl; +http://www.semrush.com/bot.html)" "asbanet.org"
54.158.110.193 - - [05/Nov/2022:19:14:19 -0700] "GET /about/ HTTP/1.1" 200 700 "-" "Mozilla/5.0 (X11; Linux x86_64) AppleWebKit/537.36 (KHTML, like Gecko) Chrome/58.0.3029.110 Safari/537.36" "asbanet.org"
54.158.110.193 - - [05/Nov/2022:19:14:22 -0700] "GET /about/ HTTP/1.1" 200 700 "-" "Mozilla/5.0 (X11; Linux x86_64) AppleWebKit/537.36 (KHTML, like Gecko) Chrome/58.0.3029.110 Safari/537.36" "asbanet.org"
54.158.110.193 - - [05/Nov/2022:19:14:23 -0700] "GET /about/ HTTP/1.1" 200 700 "-" "Mozilla/5.0 (X11; Linux x86_64) AppleWebKit/537.36 (KHTML, like Gecko) Chrome/58.0.3029.110 Safari/537.36" "asbanet.org"
54.158.110.193 - - [05/Nov/2022:19:14:24 -0700] "GET /about/ HTTP/1.1" 200 700 "-" "Mozilla/5.0 (X11; Linux x86_64) AppleWebKit/537.36 (KHTML, like Gecko) Chrome/58.0.3029.110 Safari/537.36" "asbanet.org"
51.222.253.4 - - [05/Nov/2022:19:16:40 -0700] "GET /images/?C=M;O=D HTTP/1.1" 200 826 "-" "Mozilla/5.0 (compatible; AhrefsBot/7.0; +http://ahrefs.com/robot/)" "www.asbanet.org"
114.119.138.70 - - [05/Nov/2022:19:17:37 -0700] "GET /moad/cabins.htm HTTP/1.1" 200 781 "http://asbanet.org/moad/campsite.htm" "Mozilla/5.0 (Linux; Android 7.0;) AppleWebKit/537.36 (KHTML, like Gecko) Mobile Safari/537.36 (compatible; PetalBot;+https://webmaster.petalsearch.com/site/petalbot)" "asbanet.org"
51.222.253.13 - - [05/Nov/2022:19:20:30 -0700] "GET /images/Shannon/?C=M;O=A HTTP/1.1" 200 488 "-" "Mozilla/5.0 (compatible; AhrefsBot/7.0; +http://ahrefs.com/robot/)" "www.asbanet.org"
114.119.138.74 - - [05/Nov/2022:19:22:33 -0700] "GET /fl/index.shtml HTTP/1.1" 200 4652 "http://asbanet.org/fl?C=D%3BO%3DA" "Mozilla/5.0 (Linux; Android 7.0;) AppleWebKit/537.36 (KHTML, like Gecko) Mobile Safari/537.36 (compatible; PetalBot;+https://webmaster.petalsearch.com/site/petalbot)" "asbanet.org"
185.191.171.40 - - [05/Nov/2022:19:22:47 -0700] "GET /ok/contact/?C=S%3BO%3DA HTTP/1.1" 200 366 "-" "Mozilla/5.0 (compatible; SemrushBot/7~bl; +http://www.semrush.com/bot.html)" "asbanet.org"
51.222.253.6 - - [05/Nov/2022:19:28:00 -0700] "GET /images/kaplan%20wedding/?C=D;O=A HTTP/1.1" 200 493 "-" "Mozilla/5.0 (compatible; AhrefsBot/7.0; +http://ahrefs.com/robot/)" "www.asbanet.org"
195.191.219.131 - - [05/Nov/2022:19:31:47 -0700] "GET /robots.txt HTTP/1.1" 404 73 "-" "Mozilla/5.0 (compatible; MJ12bot/v1.4.8; http://mj12bot.com/)" "www.asbanet.org"
195.191.219.131 - - [05/Nov/2022:19:31:50 -0700] "GET / HTTP/1.1" 200 4048 "-" "Mozilla/5.0 (compatible; MJ12bot/v1.4.8; http://mj12bot.com/)" "www.asbanet.org"
185.191.171.40 - - [05/Nov/2022:19:32:19 -0700] "GET /images/nav/?C=S%3BO%3DA HTTP/1.1" 200 1121 "-" "Mozilla/5.0 (compatible; SemrushBot/7~bl; +http://www.semrush.com/bot.html)" "asbanet.org"
65.108.76.15 - - [05/Nov/2022:19:34:42 -0700] "GET /issues/Reports/?C=D;O=A HTTP/1.1" 200 438 "http://asbanet.org/issues/Reports/" "Mozilla/5.0 (compatible; SEOkicks; +https://www.seokicks.de/robot.html)" "asbanet.org"
65.108.76.15 - - [05/Nov/2022:19:34:42 -0700] "GET /issues/Reports/?C=D;O=A HTTP/1.1" 200 438 "http://www.asbanet.org/issues/Reports/" "Mozilla/5.0 (compatible; SEOkicks; +https://www.seokicks.de/robot.html)" "www.asbanet.org"
65.108.76.15 - - [05/Nov/2022:19:34:43 -0700] "GET /issues/Reports/SBA.htm HTTP/1.1" 200 1277 "http://asbanet.org/issues/Reports/" "Mozilla/5.0 (compatible; SEOkicks; +https://www.seokicks.de/robot.html)" "asbanet.org"
65.108.76.15 - - [05/Nov/2022:19:34:43 -0700] "GET /issues/Reports/SBA.htm HTTP/1.1" 200 1277 "http://www.asbanet.org/issues/Reports/" "Mozilla/5.0 (compatible; SEOkicks; +https://www.seokicks.de/robot.html)" "www.asbanet.org"
65.108.76.15 - - [05/Nov/2022:19:34:44 -0700] "GET /issues/Reports/Word.Document HTTP/1.1" 404 88 "http://asbanet.org/issues/Reports/SBA.htm" "Mozilla/5.0 (compatible; SEOkicks; +https://www.seokicks.de/robot.html)" "asbanet.org"
65.108.76.15 - - [05/Nov/2022:19:34:44 -0700] "GET /issues/Reports/Word.Document HTTP/1.1" 404 88 "http://www.asbanet.org/issues/Reports/SBA.htm" "Mozilla/5.0 (compatible; SEOkicks; +https://www.seokicks.de/robot.html)" "www.asbanet.org"
65.108.76.15 - - [05/Nov/2022:19:34:45 -0700] "GET /issues/Reports/SBA_files/ HTTP/1.1" 200 412 "http://www.asbanet.org/issues/Reports/" "Mozilla/5.0 (compatible; SEOkicks; +https://www.seokicks.de/robot.html)" "www.asbanet.org"
65.108.76.15 - - [05/Nov/2022:19:34:46 -0700] "GET /issues/Reports/SBA_files/ HTTP/1.1" 200 412 "http://asbanet.org/issues/Reports/" "Mozilla/5.0 (compatible; SEOkicks; +https://www.seokicks.de/robot.html)" "asbanet.org"
65.108.76.15 - - [05/Nov/2022:19:34:47 -0700] "GET /issues/Reports/bush_report.htm HTTP/1.1" 200 5344 "http://www.asbanet.org/issues/Reports/" "Mozilla/5.0 (compatible; SEOkicks; +https://www.seokicks.de/robot.html)" "www.asbanet.org"
65.108.76.15 - - [05/Nov/2022:19:34:47 -0700] "GET /issues/Reports/bush_report.htm HTTP/1.1" 200 5344 "http://asbanet.org/issues/Reports/" "Mozilla/5.0 (compatible; SEOkicks; +https://www.seokicks.de/robot.html)" "asbanet.org"
65.108.76.15 - - [05/Nov/2022:19:34:48 -0700] "GET /issues/Reports/chart.htm HTTP/1.1" 200 3796 "http://www.asbanet.org/issues/Reports/" "Mozilla/5.0 (compatible; SEOkicks; +https://www.seokicks.de/robot.html)" "www.asbanet.org"
65.108.76.15 - - [05/Nov/2022:19:34:48 -0700] "GET /issues/Reports/chart.htm HTTP/1.1" 200 3796 "http://asbanet.org/issues/Reports/" "Mozilla/5.0 (compatible; SEOkicks; +https://www.seokicks.de/robot.html)" "asbanet.org"
65.108.76.15 - - [05/Nov/2022:19:34:49 -0700] "GET /issues/Stimulus/?C=N;O=D HTTP/1.1" 200 399 "http://www.asbanet.org/issues/Stimulus/" "Mozilla/5.0 (compatible; SEOkicks; +https://www.seokicks.de/robot.html)" "www.asbanet.org"
65.108.76.15 - - [05/Nov/2022:19:34:49 -0700] "GET /issues/Stimulus/?C=N;O=D HTTP/1.1" 200 399 "http://asbanet.org/issues/Stimulus/" "Mozilla/5.0 (compatible; SEOkicks; +https://www.seokicks.de/robot.html)" "asbanet.org"
65.108.76.15 - - [05/Nov/2022:19:34:51 -0700] "GET /issues/Stimulus/?C=M;O=A HTTP/1.1" 200 397 "http://www.asbanet.org/issues/Stimulus/" "Mozilla/5.0 (compatible; SEOkicks; +https://www.seokicks.de/robot.html)" "www.asbanet.org"
65.108.76.15 - - [05/Nov/2022:19:34:51 -0700] "GET /issues/Stimulus/?C=M;O=A HTTP/1.1" 200 397 "http://asbanet.org/issues/Stimulus/" "Mozilla/5.0 (compatible; SEOkicks; +https://www.seokicks.de/robot.html)" "asbanet.org"
65.108.76.15 - - [05/Nov/2022:19:34:52 -0700] "GET /issues/Stimulus/?C=S;O=A HTTP/1.1" 200 397 "http://www.asbanet.org/issues/Stimulus/" "Mozilla/5.0 (compatible; SEOkicks; +https://www.seokicks.de/robot.html)" "www.asbanet.org"
65.108.76.15 - - [05/Nov/2022:19:34:52 -0700] "GET /issues/Stimulus/?C=S;O=A HTTP/1.1" 200 397 "http://asbanet.org/issues/Stimulus/" "Mozilla/5.0 (compatible; SEOkicks; +https://www.seokicks.de/robot.html)" "asbanet.org"
65.108.76.15 - - [05/Nov/2022:19:34:53 -0700] "GET /issues/Stimulus/?C=D;O=A HTTP/1.1" 200 397 "http://www.asbanet.org/issues/Stimulus/" "Mozilla/5.0 (compatible; SEOkicks; +https://www.seokicks.de/robot.html)" "www.asbanet.org"
65.108.76.15 - - [05/Nov/2022:19:34:53 -0700] "GET /issues/Stimulus/?C=D;O=A HTTP/1.1" 200 397 "http://asbanet.org/issues/Stimulus/" "Mozilla/5.0 (compatible; SEOkicks; +https://www.seokicks.de/robot.html)" "asbanet.org"
185.191.171.40 - - [05/Nov/2022:19:34:54 -0700] "GET /images/nav/?C=N%3BO%3DD HTTP/1.1" 200 1121 "-" "Mozilla/5.0 (compatible; SemrushBot/7~bl; +http://www.semrush.com/bot.html)" "asbanet.org"
65.108.76.15 - - [05/Nov/2022:19:34:55 -0700] "GET /issues/Stimulus/_notes/ HTTP/1.1" 200 327 "http://www.asbanet.org/issues/Stimulus/" "Mozilla/5.0 (compatible; SEOkicks; +https://www.seokicks.de/robot.html)" "www.asbanet.org"
65.108.76.15 - - [05/Nov/2022:19:34:55 -0700] "GET /issues/Stimulus/_notes/ HTTP/1.1" 200 327 "http://asbanet.org/issues/Stimulus/" "Mozilla/5.0 (compatible; SEOkicks; +https://www.seokicks.de/robot.html)" "asbanet.org"
51.222.253.10 - - [05/Nov/2022:19:35:37 -0700] "GET /ok/about/?C=M;O=D HTTP/1.1" 200 364 "-" "Mozilla/5.0 (compatible; AhrefsBot/7.0; +http://ahrefs.com/robot/)" "asbanet.org"
114.119.138.74 - - [05/Nov/2022:19:38:19 -0700] "GET /ok/contact/?C=N%3BO%3DD HTTP/1.1" 200 366 "http://asbanet.org/ok/contact?C=N%3BO%3DD" "Mozilla/5.0 (Linux; Android 7.0;) AppleWebKit/537.36 (KHTML, like Gecko) Mobile Safari/537.36 (compatible; PetalBot;+https://webmaster.petalsearch.com/site/petalbot)" "asbanet.org"
123.125.109.116 - - [05/Nov/2022:19:42:00 -0700] "GET / HTTP/1.1" 200 4048 "-" "Sogou web spider/4.0(+http://www.sogou.com/docs/help/webmasters.htm#07)" "www.asbanet.org"
51.222.253.17 - - [05/Nov/2022:19:43:12 -0700] "GET /_old/voters/?C=S;O=A HTTP/1.1" 200 476 "-" "Mozilla/5.0 (compatible; AhrefsBot/7.0; +http://ahrefs.com/robot/)" "www.asbanet.org"
185.191.171.39 - - [05/Nov/2022:19:44:07 -0700] "GET /issues/Stimulus/?C=M%3BO%3DA HTTP/1.1" 200 397 "-" "Mozilla/5.0 (compatible; SemrushBot/7~bl; +http://www.semrush.com/bot.html)" "asbanet.org"
51.222.253.10 - - [05/Nov/2022:19:50:25 -0700] "GET /ok/contact/?C=N;O=A HTTP/1.1" 200 366 "-" "Mozilla/5.0 (compatible; AhrefsBot/7.0; +http://ahrefs.com/robot/)" "www.asbanet.org"
185.191.171.39 - - [05/Nov/2022:19:51:35 -0700] "GET /issues/PBR/asbatonfib.shtml HTTP/1.1" 200 9017 "-" "Mozilla/5.0 (compatible; SemrushBot/7~bl; +http://www.semrush.com/bot.html)" "asbanet.org"
185.191.171.22 - - [05/Nov/2022:19:52:58 -0700] "GET /images/voterguide/?C=M%3BO%3DA HTTP/1.1" 200 410 "-" "Mozilla/5.0 (compatible; SemrushBot/7~bl; +http://www.semrush.com/bot.html)" "asbanet.org"
216.244.66.200 - - [05/Nov/2022:19:53:44 -0700] "GET /robots.txt HTTP/1.1" 404 73 "-" "Mozilla/5.0 (compatible; DotBot/1.2; +https://opensiteexplorer.org/dotbot; help@moz.com)" "asbanet.org"
51.222.253.10 - - [05/Nov/2022:19:57:37 -0700] "GET /_old/ HTTP/1.1" 200 351 "-" "Mozilla/5.0 (compatible; AhrefsBot/7.0; +http://ahrefs.com/robot/)" "www.asbanet.org"
65.108.76.15 - - [05/Nov/2022:19:59:54 -0700] "GET /issues/Stimulus/lauster.htm HTTP/1.1" 200 4735 "http://www.asbanet.org/issues/Stimulus/" "Mozilla/5.0 (compatible; SEOkicks; +https://www.seokicks.de/robot.html)" "www.asbanet.org"
65.108.76.15 - - [05/Nov/2022:19:59:54 -0700] "GET /issues/Stimulus/lauster.htm HTTP/1.1" 200 4735 "http://asbanet.org/issues/Stimulus/" "Mozilla/5.0 (compatible; SEOkicks; +https://www.seokicks.de/robot.html)" "asbanet.org"
65.108.76.15 - - [05/Nov/2022:19:59:56 -0700] "GET /about/?C=N;O=A HTTP/1.1" 200 361 "http://www.asbanet.org/about/?C=N;O=D" "Mozilla/5.0 (compatible; SEOkicks; +https://www.seokicks.de/robot.html)" "www.asbanet.org"
65.108.76.15 - - [05/Nov/2022:19:59:56 -0700] "GET /about/?C=N;O=A HTTP/1.1" 200 361 "http://asbanet.org/about/?C=N;O=D" "Mozilla/5.0 (compatible; SEOkicks; +https://www.seokicks.de/robot.html)" "asbanet.org"
65.108.76.15 - - [05/Nov/2022:19:59:57 -0700] "GET /about/?C=M;O=D HTTP/1.1" 200 359 "http://asbanet.org/about/?C=M;O=A" "Mozilla/5.0 (compatible; SEOkicks; +https://www.seokicks.de/robot.html)" "asbanet.org"
65.108.76.15 - - [05/Nov/2022:19:59:57 -0700] "GET /about/?C=M;O=D HTTP/1.1" 200 359 "http://www.asbanet.org/about/?C=M;O=A" "Mozilla/5.0 (compatible; SEOkicks; +https://www.seokicks.de/robot.html)" "www.asbanet.org"
65.108.76.15 - - [05/Nov/2022:19:59:59 -0700] "GET /about/?C=S;O=D HTTP/1.1" 200 359 "http://asbanet.org/about/?C=S;O=A" "Mozilla/5.0 (compatible; SEOkicks; +https://www.seokicks.de/robot.html)" "asbanet.org"
65.108.76.15 - - [05/Nov/2022:19:59:59 -0700] "GET /about/?C=S;O=D HTTP/1.1" 200 359 "http://www.asbanet.org/about/?C=S;O=A" "Mozilla/5.0 (compatible; SEOkicks; +https://www.seokicks.de/robot.html)" "www.asbanet.org"
65.108.76.15 - - [05/Nov/2022:20:00:00 -0700] "GET /about/?C=D;O=D HTTP/1.1" 200 359 "http://asbanet.org/about/?C=D;O=A" "Mozilla/5.0 (compatible; SEOkicks; +https://www.seokicks.de/robot.html)" "asbanet.org"
