51.222.253.2 - - [14/Oct/2022:21:38:53 -0700] "GET /images/Shannon2/?C=N;O=D HTTP/1.1" 200 431 "-" "Mozilla/5.0 (compatible; AhrefsBot/7.0; +http://ahrefs.com/robot/)" "www.asbanet.org"
51.222.253.7 - - [14/Oct/2022:21:41:04 -0700] "GET /images/Shannon2/?C=M;O=A HTTP/1.1" 200 435 "-" "Mozilla/5.0 (compatible; AhrefsBot/7.0; +http://ahrefs.com/robot/)" "www.asbanet.org"
51.222.253.15 - - [14/Oct/2022:21:43:12 -0700] "GET /alaska/radio.htm HTTP/1.1" 200 693 "-" "Mozilla/5.0 (compatible; AhrefsBot/7.0; +http://ahrefs.com/robot/)" "asbanet.org"
51.222.253.2 - - [14/Oct/2022:21:44:14 -0700] "GET /Mann/megadownload/?C=S;O=A HTTP/1.1" 200 395 "-" "Mozilla/5.0 (compatible; AhrefsBot/7.0; +http://ahrefs.com/robot/)" "asbanet.org"
51.222.253.11 - - [14/Oct/2022:21:45:34 -0700] "GET /ok/ HTTP/1.1" 200 425 "-" "Mozilla/5.0 (compatible; AhrefsBot/7.0; +http://ahrefs.com/robot/)" "www.asbanet.org"
51.222.253.10 - - [14/Oct/2022:21:48:20 -0700] "GET /issues/Reports/?C=M;O=A HTTP/1.1" 200 438 "-" "Mozilla/5.0 (compatible; AhrefsBot/7.0; +http://ahrefs.com/robot/)" "www.asbanet.org"
216.244.66.200 - - [14/Oct/2022:21:51:17 -0700] "GET /robots.txt HTTP/1.1" 404 73 "-" "Mozilla/5.0 (compatible; DotBot/1.2; +https://opensiteexplorer.org/dotbot; help@moz.com)" "asbanet.org"
51.222.253.5 - - [14/Oct/2022:21:51:22 -0700] "GET /maine/?C=M;O=D HTTP/1.1" 200 426 "-" "Mozilla/5.0 (compatible; AhrefsBot/7.0; +http://ahrefs.com/robot/)" "asbanet.org"
51.222.253.20 - - [14/Oct/2022:21:52:37 -0700] "GET /images/voterguide/?C=M;O=D HTTP/1.1" 200 408 "-" "Mozilla/5.0 (compatible; AhrefsBot/7.0; +http://ahrefs.com/robot/)" "www.asbanet.org"
51.222.253.9 - - [14/Oct/2022:21:53:58 -0700] "GET /includes/?C=S;O=D HTTP/1.1" 200 755 "-" "Mozilla/5.0 (compatible; AhrefsBot/7.0; +http://ahrefs.com/robot/)" "asbanet.org"
51.222.253.20 - - [14/Oct/2022:21:55:10 -0700] "GET /ok/?C=M;O=A HTTP/1.1" 200 425 "-" "Mozilla/5.0 (compatible; AhrefsBot/7.0; +http://ahrefs.com/robot/)" "asbanet.org"
51.222.253.8 - - [14/Oct/2022:21:56:46 -0700] "GET /nh/contact/?C=N;O=D HTTP/1.1" 200 364 "-" "Mozilla/5.0 (compatible; AhrefsBot/7.0; +http://ahrefs.com/robot/)" "asbanet.org"
51.222.253.1 - - [14/Oct/2022:21:57:56 -0700] "GET /_old/?C=M;O=A HTTP/1.1" 200 351 "-" "Mozilla/5.0 (compatible; AhrefsBot/7.0; +http://ahrefs.com/robot/)" "asbanet.org"
51.222.253.17 - - [14/Oct/2022:22:00:00 -0700] "GET /nh/?C=D;O=D HTTP/1.1" 200 483 "-" "Mozilla/5.0 (compatible; AhrefsBot/7.0; +http://ahrefs.com/robot/)" "asbanet.org"
18.237.104.74 - - [14/Oct/2022:22:00:58 -0700] "GET / HTTP/1.1" 200 4048 "-" "Mozilla/5.0 (X11; Linux x86_64) AppleWebKit/537.36 (KHTML, like Gecko) Chrome/83.0.4103.97 Safari/537.36" "asbanet.org"
54.148.212.158 - - [14/Oct/2022:22:00:59 -0700] "GET / HTTP/1.1" 200 4048 "-" "Mozilla/5.0 (X11; Linux x86_64) AppleWebKit/537.36 (KHTML, like Gecko) Chrome/83.0.4103.97 Safari/537.36" "asbanet.org"
51.222.253.2 - - [14/Oct/2022:22:01:20 -0700] "GET /fl/includes/?C=D;O=D HTTP/1.1" 200 368 "-" "Mozilla/5.0 (compatible; AhrefsBot/7.0; +http://ahrefs.com/robot/)" "www.asbanet.org"
51.222.253.2 - - [14/Oct/2022:22:02:45 -0700] "GET /images/Shannon2/?C=S;O=A HTTP/1.1" 200 433 "-" "Mozilla/5.0 (compatible; AhrefsBot/7.0; +http://ahrefs.com/robot/)" "www.asbanet.org"
51.222.253.11 - - [14/Oct/2022:22:04:32 -0700] "GET /images/Shannon2/?C=M;O=D HTTP/1.1" 200 431 "-" "Mozilla/5.0 (compatible; AhrefsBot/7.0; +http://ahrefs.com/robot/)" "www.asbanet.org"
35.90.80.139 - - [14/Oct/2022:22:05:34 -0700] "GET / HTTP/1.1" 200 4048 "-" "Mozilla/5.0 (X11; Linux x86_64) AppleWebKit/537.36 (KHTML, like Gecko) Chrome/83.0.4103.97 Safari/537.36" "asbanet.org"
51.222.253.12 - - [14/Oct/2022:22:05:59 -0700] "GET /about/?C=N;O=D HTTP/1.1" 200 359 "-" "Mozilla/5.0 (compatible; AhrefsBot/7.0; +http://ahrefs.com/robot/)" "asbanet.org"
34.209.71.69 - - [14/Oct/2022:22:06:11 -0700] "GET /favicon.ico HTTP/1.1" 404 88 "-" "Mozilla/5.0 (X11; Linux x86_64) AppleWebKit/537.36 (KHTML, like Gecko) Chrome/83.0.4103.97 Safari/537.36" "asbanet.org"
34.209.71.69 - - [14/Oct/2022:22:06:15 -0700] "GET / HTTP/1.1" 200 4048 "-" "Mozilla/5.0 (X11; Linux x86_64) AppleWebKit/537.36 (KHTML, like Gecko) Chrome/83.0.4103.97 Safari/537.36" "asbanet.org"
51.222.253.4 - - [14/Oct/2022:22:07:17 -0700] "GET /ok/join/?C=S;O=A HTTP/1.1" 200 400 "-" "Mozilla/5.0 (compatible; AhrefsBot/7.0; +http://ahrefs.com/robot/)" "www.asbanet.org"
114.119.153.20 - - [14/Oct/2022:22:08:36 -0700] "GET /robots.txt HTTP/1.1" 404 88 "-" "Mozilla/5.0 (compatible;PetalBot;+https://webmaster.petalsearch.com/site/petalbot)" "asbanet.org"
51.222.253.18 - - [14/Oct/2022:22:08:38 -0700] "GET /_old/ HTTP/1.1" 200 351 "-" "Mozilla/5.0 (compatible; AhrefsBot/7.0; +http://ahrefs.com/robot/)" "asbanet.org"
51.222.253.13 - - [14/Oct/2022:22:09:46 -0700] "GET /_old/voters/?C=S;O=A HTTP/1.1" 200 476 "-" "Mozilla/5.0 (compatible; AhrefsBot/7.0; +http://ahrefs.com/robot/)" "www.asbanet.org"
51.222.253.15 - - [14/Oct/2022:22:11:39 -0700] "GET /ok/issues/?C=N;O=D HTTP/1.1" 200 439 "-" "Mozilla/5.0 (compatible; AhrefsBot/7.0; +http://ahrefs.com/robot/)" "www.asbanet.org"
51.222.253.8 - - [14/Oct/2022:22:14:01 -0700] "GET /images/?C=D;O=A HTTP/1.1" 200 844 "-" "Mozilla/5.0 (compatible; AhrefsBot/7.0; +http://ahrefs.com/robot/)" "asbanet.org"
51.222.253.10 - - [14/Oct/2022:22:16:09 -0700] "GET /lott/?C=D;O=A HTTP/1.1" 200 390 "-" "Mozilla/5.0 (compatible; AhrefsBot/7.0; +http://ahrefs.com/robot/)" "asbanet.org"
51.222.253.9 - - [14/Oct/2022:22:17:52 -0700] "GET /resources/?C=N;O=D HTTP/1.1" 200 363 "-" "Mozilla/5.0 (compatible; AhrefsBot/7.0; +http://ahrefs.com/robot/)" "www.asbanet.org"
51.222.253.5 - - [14/Oct/2022:22:20:02 -0700] "GET /images/?C=D;O=A HTTP/1.1" 200 844 "-" "Mozilla/5.0 (compatible; AhrefsBot/7.0; +http://ahrefs.com/robot/)" "www.asbanet.org"
51.222.253.10 - - [14/Oct/2022:22:21:51 -0700] "GET /images/ HTTP/1.1" 200 844 "-" "Mozilla/5.0 (compatible; AhrefsBot/7.0; +http://ahrefs.com/robot/)" "www.asbanet.org"
51.222.253.19 - - [14/Oct/2022:22:23:42 -0700] "GET /ok/issues/?C=S;O=D HTTP/1.1" 200 438 "-" "Mozilla/5.0 (compatible; AhrefsBot/7.0; +http://ahrefs.com/robot/)" "asbanet.org"
51.222.253.3 - - [14/Oct/2022:22:25:13 -0700] "GET /images/?C=M;O=A HTTP/1.1" 200 844 "-" "Mozilla/5.0 (compatible; AhrefsBot/7.0; +http://ahrefs.com/robot/)" "www.asbanet.org"
51.222.253.17 - - [14/Oct/2022:22:26:42 -0700] "GET /images/Ross%20Relles/?C=S;O=D HTTP/1.1" 200 835 "-" "Mozilla/5.0 (compatible; AhrefsBot/7.0; +http://ahrefs.com/robot/)" "asbanet.org"
51.222.253.11 - - [14/Oct/2022:22:28:09 -0700] "GET /alaska/?C=M;O=A HTTP/1.1" 200 543 "-" "Mozilla/5.0 (compatible; AhrefsBot/7.0; +http://ahrefs.com/robot/)" "www.asbanet.org"
51.222.253.9 - - [14/Oct/2022:22:29:41 -0700] "GET /alaska/?C=D;O=A HTTP/1.1" 200 542 "-" "Mozilla/5.0 (compatible; AhrefsBot/7.0; +http://ahrefs.com/robot/)" "www.asbanet.org"
51.222.253.5 - - [14/Oct/2022:22:31:27 -0700] "GET /nh/contact/?C=M;O=A HTTP/1.1" 200 366 "-" "Mozilla/5.0 (compatible; AhrefsBot/7.0; +http://ahrefs.com/robot/)" "www.asbanet.org"
51.222.253.1 - - [14/Oct/2022:22:33:35 -0700] "GET /nh/contact/?C=D;O=D HTTP/1.1" 200 364 "-" "Mozilla/5.0 (compatible; AhrefsBot/7.0; +http://ahrefs.com/robot/)" "www.asbanet.org"
51.222.253.16 - - [14/Oct/2022:22:35:41 -0700] "GET /fl/contact/?C=M;O=D HTTP/1.1" 200 363 "-" "Mozilla/5.0 (compatible; AhrefsBot/7.0; +http://ahrefs.com/robot/)" "asbanet.org"
51.222.253.13 - - [14/Oct/2022:22:38:07 -0700] "GET /alaska/?C=S;O=D HTTP/1.1" 200 532 "-" "Mozilla/5.0 (compatible; AhrefsBot/7.0; +http://ahrefs.com/robot/)" "www.asbanet.org"
54.148.212.158 - - [14/Oct/2022:22:39:02 -0700] "GET / HTTP/1.1" 200 4048 "-" "Mozilla/5.0 (X11; Linux x86_64) AppleWebKit/537.36 (KHTML, like Gecko) Chrome/83.0.4103.97 Safari/537.36" "asbanet.org"
51.222.253.3 - - [14/Oct/2022:22:39:57 -0700] "GET /issues/Reports/SBA_files/?C=M;O=A HTTP/1.1" 200 413 "-" "Mozilla/5.0 (compatible; AhrefsBot/7.0; +http://ahrefs.com/robot/)" "www.asbanet.org"
51.222.253.19 - - [14/Oct/2022:22:42:30 -0700] "GET /lott/?C=M;O=A HTTP/1.1" 200 391 "-" "Mozilla/5.0 (compatible; AhrefsBot/7.0; +http://ahrefs.com/robot/)" "asbanet.org"
51.222.253.15 - - [14/Oct/2022:22:43:30 -0700] "GET /images/?C=D;O=D HTTP/1.1" 200 826 "-" "Mozilla/5.0 (compatible; AhrefsBot/7.0; +http://ahrefs.com/robot/)" "www.asbanet.org"
51.222.253.19 - - [14/Oct/2022:22:44:54 -0700] "GET /images/kaplan%20wedding/?C=D;O=A HTTP/1.1" 200 493 "-" "Mozilla/5.0 (compatible; AhrefsBot/7.0; +http://ahrefs.com/robot/)" "www.asbanet.org"
216.244.66.200 - - [14/Oct/2022:22:45:19 -0700] "GET /robots.txt HTTP/1.1" 404 73 "-" "Mozilla/5.0 (compatible; DotBot/1.2; +https://opensiteexplorer.org/dotbot; help@moz.com)" "asbanet.org"
51.222.253.10 - - [14/Oct/2022:22:46:04 -0700] "GET /_old/voters/conclusion.html HTTP/1.1" 200 808 "-" "Mozilla/5.0 (compatible; AhrefsBot/7.0; +http://ahrefs.com/robot/)" "www.asbanet.org"
51.222.253.17 - - [14/Oct/2022:22:47:39 -0700] "GET /_old/voters/environment.html HTTP/1.1" 200 2174 "-" "Mozilla/5.0 (compatible; AhrefsBot/7.0; +http://ahrefs.com/robot/)" "www.asbanet.org"
51.222.253.1 - - [14/Oct/2022:22:47:43 -0700] "GET /_old/voters/images/environment_head.gif HTTP/1.1" 404 88 "-" "Mozilla/5.0 (compatible; AhrefsBot/7.0; +http://ahrefs.com/robot/)" "www.asbanet.org"
51.222.253.17 - - [14/Oct/2022:22:48:57 -0700] "GET /issues/Stimulus/?C=N;O=D HTTP/1.1" 200 399 "-" "Mozilla/5.0 (compatible; AhrefsBot/7.0; +http://ahrefs.com/robot/)" "www.asbanet.org"
51.222.253.15 - - [14/Oct/2022:22:51:29 -0700] "GET /includes/ok_more_on_sq695.html HTTP/1.1" 200 289 "-" "Mozilla/5.0 (compatible; AhrefsBot/7.0; +http://ahrefs.com/robot/)" "asbanet.org"
114.119.152.108 - - [14/Oct/2022:22:51:49 -0700] "GET /robots.txt HTTP/1.1" 404 88 "-" "Mozilla/5.0 (compatible;PetalBot;+https://webmaster.petalsearch.com/site/petalbot)" "www.asbanet.org"
51.222.253.5 - - [14/Oct/2022:22:53:44 -0700] "GET /includes/fl_join.html HTTP/1.1" 200 293 "-" "Mozilla/5.0 (compatible; AhrefsBot/7.0; +http://ahrefs.com/robot/)" "asbanet.org"
51.222.253.18 - - [14/Oct/2022:22:56:05 -0700] "GET /includes/nav.html HTTP/1.1" 200 437 "-" "Mozilla/5.0 (compatible; AhrefsBot/7.0; +http://ahrefs.com/robot/)" "asbanet.org"
51.222.253.16 - - [14/Oct/2022:22:57:33 -0700] "GET /_old/voters/gov_reform.html HTTP/1.1" 200 1670 "-" "Mozilla/5.0 (compatible; AhrefsBot/7.0; +http://ahrefs.com/robot/)" "www.asbanet.org"
51.222.253.10 - - [14/Oct/2022:22:59:21 -0700] "GET /images/?C=D;O=D HTTP/1.1" 200 826 "-" "Mozilla/5.0 (compatible; AhrefsBot/7.0; +http://ahrefs.com/robot/)" "asbanet.org"
51.222.253.17 - - [14/Oct/2022:23:01:59 -0700] "GET /_old/voters/education_train.html HTTP/1.1" 200 1702 "-" "Mozilla/5.0 (compatible; AhrefsBot/7.0; +http://ahrefs.com/robot/)" "www.asbanet.org"
51.222.253.1 - - [14/Oct/2022:23:04:05 -0700] "GET /images/voterguide/?C=N;O=D HTTP/1.1" 200 408 "-" "Mozilla/5.0 (compatible; AhrefsBot/7.0; +http://ahrefs.com/robot/)" "www.asbanet.org"
51.222.253.5 - - [14/Oct/2022:23:06:27 -0700] "GET /images/?C=S;O=A HTTP/1.1" 200 824 "-" "Mozilla/5.0 (compatible; AhrefsBot/7.0; +http://ahrefs.com/robot/)" "www.asbanet.org"
51.222.253.17 - - [14/Oct/2022:23:08:29 -0700] "GET /_old/voters/ HTTP/1.1" 200 480 "-" "Mozilla/5.0 (compatible; AhrefsBot/7.0; +http://ahrefs.com/robot/)" "www.asbanet.org"
51.222.253.5 - - [14/Oct/2022:23:10:34 -0700] "GET /fl/contact/?C=D;O=D HTTP/1.1" 200 363 "-" "Mozilla/5.0 (compatible; AhrefsBot/7.0; +http://ahrefs.com/robot/)" "asbanet.org"
51.222.253.8 - - [14/Oct/2022:23:12:13 -0700] "GET /images/Shannon2/?C=S;O=D HTTP/1.1" 200 432 "-" "Mozilla/5.0 (compatible; AhrefsBot/7.0; +http://ahrefs.com/robot/)" "www.asbanet.org"
51.222.253.3 - - [14/Oct/2022:23:14:31 -0700] "GET /images/voices/?C=D;O=D HTTP/1.1" 200 547 "-" "Mozilla/5.0 (compatible; AhrefsBot/7.0; +http://ahrefs.com/robot/)" "asbanet.org"
51.222.253.18 - - [14/Oct/2022:23:16:11 -0700] "GET /miscellaneous/sundance.htm HTTP/1.1" 200 247 "-" "Mozilla/5.0 (compatible; AhrefsBot/7.0; +http://ahrefs.com/robot/)" "www.asbanet.org"
51.222.253.6 - - [14/Oct/2022:23:17:17 -0700] "GET /ok/join/?C=M;O=D HTTP/1.1" 200 399 "-" "Mozilla/5.0 (compatible; AhrefsBot/7.0; +http://ahrefs.com/robot/)" "asbanet.org"
51.222.253.14 - - [14/Oct/2022:23:18:32 -0700] "GET /images/kaplan%20wedding/?C=M;O=A HTTP/1.1" 200 493 "-" "Mozilla/5.0 (compatible; AhrefsBot/7.0; +http://ahrefs.com/robot/)" "asbanet.org"
51.222.253.16 - - [14/Oct/2022:23:20:07 -0700] "GET /alaska/script3.htm HTTP/1.1" 200 558 "-" "Mozilla/5.0 (compatible; AhrefsBot/7.0; +http://ahrefs.com/robot/)" "asbanet.org"
51.222.253.7 - - [14/Oct/2022:23:21:29 -0700] "GET /issues/PBR/?C=M;O=A HTTP/1.1" 200 450 "-" "Mozilla/5.0 (compatible; AhrefsBot/7.0; +http://ahrefs.com/robot/)" "www.asbanet.org"
51.222.253.16 - - [14/Oct/2022:23:23:16 -0700] "GET /_old/voters/conclusion.html HTTP/1.1" 200 808 "-" "Mozilla/5.0 (compatible; AhrefsBot/7.0; +http://ahrefs.com/robot/)" "asbanet.org"
51.222.253.20 - - [14/Oct/2022:23:23:19 -0700] "GET /_old/voters/images/conclusion_head.gif HTTP/1.1" 404 88 "-" "Mozilla/5.0 (compatible; AhrefsBot/7.0; +http://ahrefs.com/robot/)" "asbanet.org"
51.222.253.16 - - [14/Oct/2022:23:25:41 -0700] "GET /_old/voters/education_train.html HTTP/1.1" 200 1702 "-" "Mozilla/5.0 (compatible; AhrefsBot/7.0; +http://ahrefs.com/robot/)" "asbanet.org"
51.222.253.6 - - [14/Oct/2022:23:25:44 -0700] "GET /_old/voters/images/education_train_head.gif HTTP/1.1" 404 88 "-" "Mozilla/5.0 (compatible; AhrefsBot/7.0; +http://ahrefs.com/robot/)" "asbanet.org"
34.218.241.220 - - [14/Oct/2022:23:26:36 -0700] "GET / HTTP/1.1" 200 4048 "-" "Mozilla/5.0 (X11; Linux x86_64) AppleWebKit/537.36 (KHTML, like Gecko) Chrome/83.0.4103.97 Safari/537.36" "asbanet.org"
54.201.110.4 - - [14/Oct/2022:23:26:39 -0700] "GET / HTTP/1.1" 200 4048 "-" "Mozilla/5.0 (X11; Linux x86_64) AppleWebKit/537.36 (KHTML, like Gecko) Chrome/83.0.4103.97 Safari/537.36" "asbanet.org"
52.11.174.244 - - [14/Oct/2022:23:27:01 -0700] "GET /favicon.ico HTTP/1.1" 404 88 "-" "Mozilla/5.0 (X11; Linux x86_64) AppleWebKit/537.36 (KHTML, like Gecko) Chrome/83.0.4103.97 Safari/537.36" "asbanet.org"
52.11.174.244 - - [14/Oct/2022:23:27:03 -0700] "GET / HTTP/1.1" 200 4048 "-" "Mozilla/5.0 (X11; Linux x86_64) AppleWebKit/537.36 (KHTML, like Gecko) Chrome/83.0.4103.97 Safari/537.36" "asbanet.org"
51.222.253.14 - - [14/Oct/2022:23:27:43 -0700] "GET /_old/voters/gov_reform.html HTTP/1.1" 200 1670 "-" "Mozilla/5.0 (compatible; AhrefsBot/7.0; +http://ahrefs.com/robot/)" "asbanet.org"
51.222.253.19 - - [14/Oct/2022:23:29:53 -0700] "GET /_old/voters/environment.html HTTP/1.1" 200 2174 "-" "Mozilla/5.0 (compatible; AhrefsBot/7.0; +http://ahrefs.com/robot/)" "asbanet.org"
51.222.253.3 - - [14/Oct/2022:23:31:52 -0700] "GET /images/kaplan%20wedding/?C=S;O=A HTTP/1.1" 200 491 "-" "Mozilla/5.0 (compatible; AhrefsBot/7.0; +http://ahrefs.com/robot/)" "www.asbanet.org"
51.222.253.6 - - [14/Oct/2022:23:33:48 -0700] "GET /maine/?C=D;O=A HTTP/1.1" 200 431 "-" "Mozilla/5.0 (compatible; AhrefsBot/7.0; +http://ahrefs.com/robot/)" "www.asbanet.org"
51.222.253.10 - - [14/Oct/2022:23:35:32 -0700] "GET /nh/?C=N;O=D HTTP/1.1" 200 483 "-" "Mozilla/5.0 (compatible; AhrefsBot/7.0; +http://ahrefs.com/robot/)" "asbanet.org"
216.244.66.200 - - [14/Oct/2022:23:38:24 -0700] "GET /robots.txt HTTP/1.1" 404 73 "-" "Mozilla/5.0 (compatible; DotBot/1.2; +https://opensiteexplorer.org/dotbot; help@moz.com)" "asbanet.org"
51.222.253.14 - - [14/Oct/2022:23:38:57 -0700] "GET /issues/Reports/?C=S;O=D HTTP/1.1" 200 435 "-" "Mozilla/5.0 (compatible; AhrefsBot/7.0; +http://ahrefs.com/robot/)" "www.asbanet.org"
51.222.253.12 - - [14/Oct/2022:23:40:59 -0700] "GET /fl/images/?C=D;O=A HTTP/1.1" 200 393 "-" "Mozilla/5.0 (compatible; AhrefsBot/7.0; +http://ahrefs.com/robot/)" "asbanet.org"
51.222.253.1 - - [14/Oct/2022:23:42:48 -0700] "GET /fl/?C=N;O=D HTTP/1.1" 200 497 "-" "Mozilla/5.0 (compatible; AhrefsBot/7.0; +http://ahrefs.com/robot/)" "asbanet.org"
51.222.253.20 - - [14/Oct/2022:23:44:52 -0700] "GET /voterguide/?C=N;O=D HTTP/1.1" 200 363 "-" "Mozilla/5.0 (compatible; AhrefsBot/7.0; +http://ahrefs.com/robot/)" "asbanet.org"
51.222.253.2 - - [14/Oct/2022:23:46:40 -0700] "GET /_old/voters/?C=N;O=D HTTP/1.1" 200 472 "-" "Mozilla/5.0 (compatible; AhrefsBot/7.0; +http://ahrefs.com/robot/)" "asbanet.org"
51.222.253.12 - - [14/Oct/2022:23:47:56 -0700] "GET /images/Shannon2/ HTTP/1.1" 200 434 "-" "Mozilla/5.0 (compatible; AhrefsBot/7.0; +http://ahrefs.com/robot/)" "www.asbanet.org"
51.222.253.18 - - [14/Oct/2022:23:49:05 -0700] "GET /fl/images/?C=M;O=A HTTP/1.1" 200 393 "-" "Mozilla/5.0 (compatible; AhrefsBot/7.0; +http://ahrefs.com/robot/)" "asbanet.org"
51.222.253.3 - - [14/Oct/2022:23:50:03 -0700] "GET /fl/images/?C=S;O=A HTTP/1.1" 200 392 "-" "Mozilla/5.0 (compatible; AhrefsBot/7.0; +http://ahrefs.com/robot/)" "asbanet.org"
51.222.253.2 - - [14/Oct/2022:23:51:23 -0700] "GET /miscellaneous/shannon.htm HTTP/1.1" 200 423 "-" "Mozilla/5.0 (compatible; AhrefsBot/7.0; +http://ahrefs.com/robot/)" "www.asbanet.org"
51.222.253.7 - - [14/Oct/2022:23:51:25 -0700] "GET /images/Shannon/Image006.jpg HTTP/1.1" 200 453908 "-" "Mozilla/5.0 (compatible; AhrefsBot/7.0; +http://ahrefs.com/robot/)" "www.asbanet.org"
51.222.253.8 - - [14/Oct/2022:23:51:26 -0700] "GET /images/Shannon/Image017.jpg HTTP/1.1" 200 547515 "-" "Mozilla/5.0 (compatible; AhrefsBot/7.0; +http://ahrefs.com/robot/)" "www.asbanet.org"
51.222.253.7 - - [14/Oct/2022:23:51:27 -0700] "GET /images/Shannon/Image016.jpg HTTP/1.1" 200 539411 "-" "Mozilla/5.0 (compatible; AhrefsBot/7.0; +http://ahrefs.com/robot/)" "www.asbanet.org"
51.222.253.14 - - [14/Oct/2022:23:51:31 -0700] "GET /images/Shannon/Image001.jpg HTTP/1.1" 200 531266 "-" "Mozilla/5.0 (compatible; AhrefsBot/7.0; +http://ahrefs.com/robot/)" "www.asbanet.org"
51.222.253.13 - - [14/Oct/2022:23:51:31 -0700] "GET /images/Shannon/Image007.jpg HTTP/1.1" 200 581545 "-" "Mozilla/5.0 (compatible; AhrefsBot/7.0; +http://ahrefs.com/robot/)" "www.asbanet.org"
51.222.253.3 - - [14/Oct/2022:23:51:32 -0700] "GET /images/Shannon/Image002.jpg HTTP/1.1" 200 535308 "-" "Mozilla/5.0 (compatible; AhrefsBot/7.0; +http://ahrefs.com/robot/)" "www.asbanet.org"
51.222.253.6 - - [14/Oct/2022:23:51:33 -0700] "GET /images/Shannon/Image004.jpg HTTP/1.1" 200 578002 "-" "Mozilla/5.0 (compatible; AhrefsBot/7.0; +http://ahrefs.com/robot/)" "www.asbanet.org"
51.222.253.16 - - [14/Oct/2022:23:51:34 -0700] "GET /images/Shannon/Image003.jpg HTTP/1.1" 200 578313 "-" "Mozilla/5.0 (compatible; AhrefsBot/7.0; +http://ahrefs.com/robot/)" "www.asbanet.org"
51.222.253.8 - - [14/Oct/2022:23:51:37 -0700] "GET /images/Shannon/Image005.jpg HTTP/1.1" 200 570317 "-" "Mozilla/5.0 (compatible; AhrefsBot/7.0; +http://ahrefs.com/robot/)" "www.asbanet.org"
51.222.253.4 - - [14/Oct/2022:23:52:39 -0700] "GET /fl/?C=D;O=A HTTP/1.1" 200 499 "-" "Mozilla/5.0 (compatible; AhrefsBot/7.0; +http://ahrefs.com/robot/)" "asbanet.org"
51.222.253.1 - - [14/Oct/2022:23:54:16 -0700] "GET /images/kaplan%20wedding/ HTTP/1.1" 200 493 "-" "Mozilla/5.0 (compatible; AhrefsBot/7.0; +http://ahrefs.com/robot/)" "www.asbanet.org"
51.222.253.10 - - [14/Oct/2022:23:55:27 -0700] "GET /ok/?C=S;O=D HTTP/1.1" 200 422 "-" "Mozilla/5.0 (compatible; AhrefsBot/7.0; +http://ahrefs.com/robot/)" "asbanet.org"
51.222.253.6 - - [14/Oct/2022:23:56:38 -0700] "GET /images/voterguide/?C=S;O=D HTTP/1.1" 200 408 "-" "Mozilla/5.0 (compatible; AhrefsBot/7.0; +http://ahrefs.com/robot/)" "www.asbanet.org"
51.222.253.10 - - [14/Oct/2022:23:57:41 -0700] "GET /moad/?C=M;O=A HTTP/1.1" 200 453 "-" "Mozilla/5.0 (compatible; AhrefsBot/7.0; +http://ahrefs.com/robot/)" "asbanet.org"
51.222.253.8 - - [14/Oct/2022:23:58:39 -0700] "GET /fl/?C=M;O=A HTTP/1.1" 200 499 "-" "Mozilla/5.0 (compatible; AhrefsBot/7.0; +http://ahrefs.com/robot/)" "asbanet.org"
51.222.253.16 - - [14/Oct/2022:23:59:44 -0700] "GET /fl/?C=S;O=A HTTP/1.1" 200 488 "-" "Mozilla/5.0 (compatible; AhrefsBot/7.0; +http://ahrefs.com/robot/)" "asbanet.org"
51.222.253.1 - - [15/Oct/2022:00:00:49 -0700] "GET /images/voices/ HTTP/1.1" 200 546 "-" "Mozilla/5.0 (compatible; AhrefsBot/7.0; +http://ahrefs.com/robot/)" "www.asbanet.org"
51.222.253.7 - - [15/Oct/2022:00:01:54 -0700] "GET /maine/?C=M;O=A HTTP/1.1" 200 431 "-" "Mozilla/5.0 (compatible; AhrefsBot/7.0; +http://ahrefs.com/robot/)" "www.asbanet.org"
51.222.253.10 - - [15/Oct/2022:00:02:52 -0700] "GET /maine/?C=S;O=A HTTP/1.1" 200 428 "-" "Mozilla/5.0 (compatible; AhrefsBot/7.0; +http://ahrefs.com/robot/)" "www.asbanet.org"
51.222.253.7 - - [15/Oct/2022:00:03:58 -0700] "GET /images/voterguide/ HTTP/1.1" 200 410 "-" "Mozilla/5.0 (compatible; AhrefsBot/7.0; +http://ahrefs.com/robot/)" "www.asbanet.org"
51.222.253.11 - - [15/Oct/2022:00:05:37 -0700] "GET /images/issues/?C=S;O=D HTTP/1.1" 200 526 "-" "Mozilla/5.0 (compatible; AhrefsBot/7.0; +http://ahrefs.com/robot/)" "asbanet.org"
51.222.253.16 - - [15/Oct/2022:00:07:03 -0700] "GET /images/kaplan%20wedding/?C=D;O=A HTTP/1.1" 200 493 "-" "Mozilla/5.0 (compatible; AhrefsBot/7.0; +http://ahrefs.com/robot/)" "asbanet.org"
51.222.253.10 - - [15/Oct/2022:00:08:46 -0700] "GET /moad/directions.htm HTTP/1.1" 200 695 "-" "Mozilla/5.0 (compatible; AhrefsBot/7.0; +http://ahrefs.com/robot/)" "www.asbanet.org"
51.222.253.9 - - [15/Oct/2022:00:09:43 -0700] "GET /includes/us_get_involved.html HTTP/1.1" 200 306 "-" "Mozilla/5.0 (compatible; AhrefsBot/7.0; +http://ahrefs.com/robot/)" "asbanet.org"
51.222.253.16 - - [15/Oct/2022:00:10:42 -0700] "GET /maine/?C=D;O=A HTTP/1.1" 200 431 "-" "Mozilla/5.0 (compatible; AhrefsBot/7.0; +http://ahrefs.com/robot/)" "www.asbanet.org"
51.222.253.5 - - [15/Oct/2022:00:11:51 -0700] "GET /maine/?C=M;O=A HTTP/1.1" 200 431 "-" "Mozilla/5.0 (compatible; AhrefsBot/7.0; +http://ahrefs.com/robot/)" "www.asbanet.org"
51.222.253.13 - - [15/Oct/2022:00:12:45 -0700] "GET /ok/issues/?C=S;O=D HTTP/1.1" 200 438 "-" "Mozilla/5.0 (compatible; AhrefsBot/7.0; +http://ahrefs.com/robot/)" "www.asbanet.org"
51.222.253.7 - - [15/Oct/2022:00:13:35 -0700] "GET /images/kaplan%20wedding/?C=S;O=A HTTP/1.1" 200 491 "-" "Mozilla/5.0 (compatible; AhrefsBot/7.0; +http://ahrefs.com/robot/)" "asbanet.org"
51.222.253.9 - - [15/Oct/2022:00:15:41 -0700] "GET /Mann/?C=N;O=D HTTP/1.1" 200 353 "-" "Mozilla/5.0 (compatible; AhrefsBot/7.0; +http://ahrefs.com/robot/)" "asbanet.org"
51.222.253.13 - - [15/Oct/2022:00:17:09 -0700] "GET /fl/includes/?C=N;O=D HTTP/1.1" 200 368 "-" "Mozilla/5.0 (compatible; AhrefsBot/7.0; +http://ahrefs.com/robot/)" "asbanet.org"
51.222.253.20 - - [15/Oct/2022:00:18:35 -0700] "GET /images/ HTTP/1.1" 200 844 "-" "Mozilla/5.0 (compatible; AhrefsBot/7.0; +http://ahrefs.com/robot/)" "asbanet.org"
51.222.253.4 - - [15/Oct/2022:00:19:33 -0700] "GET /_old/voters/?C=M;O=A HTTP/1.1" 200 480 "-" "Mozilla/5.0 (compatible; AhrefsBot/7.0; +http://ahrefs.com/robot/)" "www.asbanet.org"
51.222.253.2 - - [15/Oct/2022:00:20:41 -0700] "GET /Mann/megadownload/images/?C=M;O=A HTTP/1.1" 200 532 "-" "Mozilla/5.0 (compatible; AhrefsBot/7.0; +http://ahrefs.com/robot/)" "asbanet.org"
51.222.253.7 - - [15/Oct/2022:00:21:48 -0700] "GET /Mann/megadownload/images/?C=D;O=A HTTP/1.1" 200 532 "-" "Mozilla/5.0 (compatible; AhrefsBot/7.0; +http://ahrefs.com/robot/)" "asbanet.org"
51.222.253.14 - - [15/Oct/2022:00:23:26 -0700] "GET /images/Ross%20Relles/ HTTP/1.1" 200 834 "-" "Mozilla/5.0 (compatible; AhrefsBot/7.0; +http://ahrefs.com/robot/)" "asbanet.org"
51.222.253.11 - - [15/Oct/2022:00:25:33 -0700] "GET /images/kaplan%20wedding/ HTTP/1.1" 200 493 "-" "Mozilla/5.0 (compatible; AhrefsBot/7.0; +http://ahrefs.com/robot/)" "asbanet.org"
35.90.236.188 - - [15/Oct/2022:00:26:58 -0700] "GET / HTTP/1.1" 200 4048 "-" "Mozilla/5.0 (X11; Linux x86_64) AppleWebKit/537.36 (KHTML, like Gecko) Chrome/83.0.4103.97 Safari/537.36" "asbanet.org"
34.219.88.228 - - [15/Oct/2022:00:27:06 -0700] "GET / HTTP/1.1" 200 4048 "-" "Mozilla/5.0 (X11; Linux x86_64) AppleWebKit/537.36 (KHTML, like Gecko) Chrome/83.0.4103.97 Safari/537.36" "asbanet.org"
34.220.138.68 - - [15/Oct/2022:00:27:27 -0700] "GET /favicon.ico HTTP/1.1" 404 88 "-" "Mozilla/5.0 (X11; Linux x86_64) AppleWebKit/537.36 (KHTML, like Gecko) Chrome/83.0.4103.97 Safari/537.36" "asbanet.org"
51.222.253.11 - - [15/Oct/2022:00:27:29 -0700] "GET /about/?C=D;O=D HTTP/1.1" 200 359 "-" "Mozilla/5.0 (compatible; AhrefsBot/7.0; +http://ahrefs.com/robot/)" "asbanet.org"
34.220.138.68 - - [15/Oct/2022:00:27:29 -0700] "GET / HTTP/1.1" 200 4048 "-" "Mozilla/5.0 (X11; Linux x86_64) AppleWebKit/537.36 (KHTML, like Gecko) Chrome/83.0.4103.97 Safari/537.36" "asbanet.org"
51.222.253.17 - - [15/Oct/2022:00:29:09 -0700] "GET /images/Shannon/ HTTP/1.1" 200 489 "-" "Mozilla/5.0 (compatible; AhrefsBot/7.0; +http://ahrefs.com/robot/)" "www.asbanet.org"
51.222.253.17 - - [15/Oct/2022:00:30:37 -0700] "GET /images/Ross%20Relles/?C=M;O=A HTTP/1.1" 200 834 "-" "Mozilla/5.0 (compatible; AhrefsBot/7.0; +http://ahrefs.com/robot/)" "asbanet.org"
51.222.253.20 - - [15/Oct/2022:00:31:56 -0700] "GET /ok/?C=M;O=D HTTP/1.1" 200 420 "-" "Mozilla/5.0 (compatible; AhrefsBot/7.0; +http://ahrefs.com/robot/)" "asbanet.org"
51.222.253.18 - - [15/Oct/2022:00:32:57 -0700] "GET /fl/includes/ HTTP/1.1" 200 369 "-" "Mozilla/5.0 (compatible; AhrefsBot/7.0; +http://ahrefs.com/robot/)" "www.asbanet.org"
216.244.66.200 - - [15/Oct/2022:00:33:08 -0700] "GET /robots.txt HTTP/1.1" 404 73 "-" "Mozilla/5.0 (compatible; DotBot/1.2; +https://opensiteexplorer.org/dotbot; help@moz.com)" "asbanet.org"
51.222.253.18 - - [15/Oct/2022:00:34:11 -0700] "GET /images/Shannon/?C=D;O=A HTTP/1.1" 200 489 "-" "Mozilla/5.0 (compatible; AhrefsBot/7.0; +http://ahrefs.com/robot/)" "www.asbanet.org"
51.222.253.7 - - [15/Oct/2022:00:35:25 -0700] "GET /fl/contact/ HTTP/1.1" 200 365 "-" "Mozilla/5.0 (compatible; AhrefsBot/7.0; +http://ahrefs.com/robot/)" "www.asbanet.org"
51.222.253.10 - - [15/Oct/2022:00:36:49 -0700] "GET /fl/images/?C=N;O=D HTTP/1.1" 200 386 "-" "Mozilla/5.0 (compatible; AhrefsBot/7.0; +http://ahrefs.com/robot/)" "www.asbanet.org"
51.222.253.2 - - [15/Oct/2022:00:38:12 -0700] "GET /images/Ross%20Relles/?C=S;O=A HTTP/1.1" 200 843 "-" "Mozilla/5.0 (compatible; AhrefsBot/7.0; +http://ahrefs.com/robot/)" "asbanet.org"
51.222.253.7 - - [15/Oct/2022:00:39:55 -0700] "GET /lott/pool.htm HTTP/1.1" 200 1482 "-" "Mozilla/5.0 (compatible; AhrefsBot/7.0; +http://ahrefs.com/robot/)" "asbanet.org"
51.222.253.3 - - [15/Oct/2022:00:40:58 -0700] "GET /Mann/megadownload/images/?C=M;O=A HTTP/1.1" 200 532 "-" "Mozilla/5.0 (compatible; AhrefsBot/7.0; +http://ahrefs.com/robot/)" "www.asbanet.org"
51.222.253.9 - - [15/Oct/2022:00:41:59 -0700] "GET /images/voices/?C=N;O=A HTTP/1.1" 200 546 "-" "Mozilla/5.0 (compatible; AhrefsBot/7.0; +http://ahrefs.com/robot/)" "asbanet.org"
51.222.253.20 - - [15/Oct/2022:00:44:27 -0700] "GET /Mann/megadownload/images/?C=S;O=A HTTP/1.1" 200 526 "-" "Mozilla/5.0 (compatible; AhrefsBot/7.0; +http://ahrefs.com/robot/)" "www.asbanet.org"
51.222.253.10 - - [15/Oct/2022:00:47:02 -0700] "GET /issues/Reports/?C=D;O=A HTTP/1.1" 200 438 "-" "Mozilla/5.0 (compatible; AhrefsBot/7.0; +http://ahrefs.com/robot/)" "asbanet.org"
51.222.253.16 - - [15/Oct/2022:00:49:30 -0700] "GET /images/Ross%20Relles/?C=D;O=A HTTP/1.1" 200 834 "-" "Mozilla/5.0 (compatible; AhrefsBot/7.0; +http://ahrefs.com/robot/)" "asbanet.org"
51.222.253.9 - - [15/Oct/2022:00:52:28 -0700] "GET /images/issues/?C=S;O=A HTTP/1.1" 200 528 "-" "Mozilla/5.0 (compatible; AhrefsBot/7.0; +http://ahrefs.com/robot/)" "www.asbanet.org"
51.222.253.17 - - [15/Oct/2022:00:54:39 -0700] "GET /issues/Reports/?C=S;O=A HTTP/1.1" 200 433 "-" "Mozilla/5.0 (compatible; AhrefsBot/7.0; +http://ahrefs.com/robot/)" "asbanet.org"
51.222.253.5 - - [15/Oct/2022:00:56:06 -0700] "GET /images/kaplan%20wedding/?C=M;O=A HTTP/1.1" 200 493 "-" "Mozilla/5.0 (compatible; AhrefsBot/7.0; +http://ahrefs.com/robot/)" "www.asbanet.org"
51.222.253.4 - - [15/Oct/2022:00:57:17 -0700] "GET /fl/contact/?C=N;O=D HTTP/1.1" 200 363 "-" "Mozilla/5.0 (compatible; AhrefsBot/7.0; +http://ahrefs.com/robot/)" "www.asbanet.org"
51.222.253.12 - - [15/Oct/2022:00:58:17 -0700] "GET /images/Shannon/?C=N;O=D HTTP/1.1" 200 486 "-" "Mozilla/5.0 (compatible; AhrefsBot/7.0; +http://ahrefs.com/robot/)" "www.asbanet.org"
51.222.253.12 - - [15/Oct/2022:00:59:22 -0700] "GET /fl/ HTTP/1.1" 200 499 "-" "Mozilla/5.0 (compatible; AhrefsBot/7.0; +http://ahrefs.com/robot/)" "www.asbanet.org"
51.222.253.11 - - [15/Oct/2022:01:00:24 -0700] "GET /fl/includes/fl_style.html HTTP/1.1" 200 410 "-" "Mozilla/5.0 (compatible; AhrefsBot/7.0; +http://ahrefs.com/robot/)" "www.asbanet.org"
51.222.253.6 - - [15/Oct/2022:01:01:18 -0700] "GET /fl/images/?C=S;O=D HTTP/1.1" 200 390 "-" "Mozilla/5.0 (compatible; AhrefsBot/7.0; +http://ahrefs.com/robot/)" "asbanet.org"
51.222.253.2 - - [15/Oct/2022:01:02:04 -0700] "GET /fl/?C=S;O=D HTTP/1.1" 200 493 "-" "Mozilla/5.0 (compatible; AhrefsBot/7.0; +http://ahrefs.com/robot/)" "asbanet.org"
51.222.253.9 - - [15/Oct/2022:01:02:56 -0700] "GET /fl/images/?C=D;O=D HTTP/1.1" 200 386 "-" "Mozilla/5.0 (compatible; AhrefsBot/7.0; +http://ahrefs.com/robot/)" "asbanet.org"
51.222.253.10 - - [15/Oct/2022:01:03:46 -0700] "GET /images/voices/?C=M;O=A HTTP/1.1" 200 546 "-" "Mozilla/5.0 (compatible; AhrefsBot/7.0; +http://ahrefs.com/robot/)" "www.asbanet.org"
51.222.253.2 - - [15/Oct/2022:01:04:42 -0700] "GET /Mann/megadownload/ HTTP/1.1" 200 395 "-" "Mozilla/5.0 (compatible; AhrefsBot/7.0; +http://ahrefs.com/robot/)" "www.asbanet.org"
51.222.253.7 - - [15/Oct/2022:01:05:42 -0700] "GET /images/Shannon2/?C=N;O=D HTTP/1.1" 200 431 "-" "Mozilla/5.0 (compatible; AhrefsBot/7.0; +http://ahrefs.com/robot/)" "asbanet.org"
51.222.253.14 - - [15/Oct/2022:01:06:54 -0700] "GET /images/voices/?C=D;O=A HTTP/1.1" 200 546 "-" "Mozilla/5.0 (compatible; AhrefsBot/7.0; +http://ahrefs.com/robot/)" "www.asbanet.org"
51.222.253.4 - - [15/Oct/2022:01:08:32 -0700] "GET /images/voices/?C=S;O=A HTTP/1.1" 200 550 "-" "Mozilla/5.0 (compatible; AhrefsBot/7.0; +http://ahrefs.com/robot/)" "www.asbanet.org"
51.222.253.5 - - [15/Oct/2022:01:10:28 -0700] "GET /issues/Reports/SBA_files/?C=M;O=A HTTP/1.1" 200 413 "-" "Mozilla/5.0 (compatible; AhrefsBot/7.0; +http://ahrefs.com/robot/)" "asbanet.org"
51.222.253.5 - - [15/Oct/2022:01:12:20 -0700] "GET /join/?C=S;O=A HTTP/1.1" 200 395 "-" "Mozilla/5.0 (compatible; AhrefsBot/7.0; +http://ahrefs.com/robot/)" "asbanet.org"
51.222.253.6 - - [15/Oct/2022:01:14:38 -0700] "GET /issues/Reports/SBA_files/?C=S;O=A HTTP/1.1" 200 412 "-" "Mozilla/5.0 (compatible; AhrefsBot/7.0; +http://ahrefs.com/robot/)" "asbanet.org"
51.222.253.2 - - [15/Oct/2022:01:16:33 -0700] "GET /images/voices/?C=M;O=A HTTP/1.1" 200 546 "-" "Mozilla/5.0 (compatible; AhrefsBot/7.0; +http://ahrefs.com/robot/)" "asbanet.org"
51.222.253.6 - - [15/Oct/2022:01:17:58 -0700] "GET /images/voices/?C=D;O=A HTTP/1.1" 200 546 "-" "Mozilla/5.0 (compatible; AhrefsBot/7.0; +http://ahrefs.com/robot/)" "asbanet.org"
51.222.253.19 - - [15/Oct/2022:01:20:03 -0700] "GET /images/voices/?C=S;O=A HTTP/1.1" 200 550 "-" "Mozilla/5.0 (compatible; AhrefsBot/7.0; +http://ahrefs.com/robot/)" "asbanet.org"
51.222.253.4 - - [15/Oct/2022:01:21:44 -0700] "GET /issues/Reports/?C=M;O=A HTTP/1.1" 200 438 "-" "Mozilla/5.0 (compatible; AhrefsBot/7.0; +http://ahrefs.com/robot/)" "asbanet.org"
51.222.253.18 - - [15/Oct/2022:01:22:54 -0700] "GET /fl/join/ HTTP/1.1" 200 2237 "-" "Mozilla/5.0 (compatible; AhrefsBot/7.0; +http://ahrefs.com/robot/)" "asbanet.org"
51.222.253.4 - - [15/Oct/2022:01:24:51 -0700] "GET /images/?C=S;O=D HTTP/1.1" 200 820 "-" "Mozilla/5.0 (compatible; AhrefsBot/7.0; +http://ahrefs.com/robot/)" "asbanet.org"
51.222.253.19 - - [15/Oct/2022:01:26:25 -0700] "GET /issues/Reports/SBA_files/?C=D;O=A HTTP/1.1" 200 412 "-" "Mozilla/5.0 (compatible; AhrefsBot/7.0; +http://ahrefs.com/robot/)" "asbanet.org"
52.32.169.243 - - [15/Oct/2022:01:27:00 -0700] "GET / HTTP/1.1" 200 4048 "-" "Mozilla/5.0 (X11; Linux x86_64) AppleWebKit/537.36 (KHTML, like Gecko) Chrome/83.0.4103.97 Safari/537.36" "asbanet.org"
51.222.253.13 - - [15/Oct/2022:01:27:51 -0700] "GET /issues/?C=N;O=D HTTP/1.1" 200 421 "-" "Mozilla/5.0 (compatible; AhrefsBot/7.0; +http://ahrefs.com/robot/)" "asbanet.org"
35.92.251.49 - - [15/Oct/2022:01:28:10 -0700] "GET / HTTP/1.1" 200 4048 "-" "Mozilla/5.0 (X11; Linux x86_64) AppleWebKit/537.36 (KHTML, like Gecko) Chrome/83.0.4103.97 Safari/537.36" "asbanet.org"
34.220.173.170 - - [15/Oct/2022:01:28:43 -0700] "GET /favicon.ico HTTP/1.1" 404 88 "-" "Mozilla/5.0 (X11; Linux x86_64) AppleWebKit/537.36 (KHTML, like Gecko) Chrome/83.0.4103.97 Safari/537.36" "asbanet.org"
34.220.173.170 - - [15/Oct/2022:01:28:51 -0700] "GET / HTTP/1.1" 200 4048 "-" "Mozilla/5.0 (X11; Linux x86_64) AppleWebKit/537.36 (KHTML, like Gecko) Chrome/83.0.4103.97 Safari/537.36" "asbanet.org"
51.222.253.4 - - [15/Oct/2022:01:29:26 -0700] "GET /images/Shannon/?C=M;O=A HTTP/1.1" 200 488 "-" "Mozilla/5.0 (compatible; AhrefsBot/7.0; +http://ahrefs.com/robot/)" "www.asbanet.org"
52.34.215.95 - - [15/Oct/2022:01:30:14 -0700] "GET / HTTP/1.1" 200 4048 "-" "Mozilla/5.0 (X11; Linux x86_64) AppleWebKit/537.36 (KHTML, like Gecko) Chrome/83.0.4103.97 Safari/537.36" "asbanet.org"
51.222.253.6 - - [15/Oct/2022:01:30:30 -0700] "GET /_old/ HTTP/1.1" 200 351 "-" "Mozilla/5.0 (compatible; AhrefsBot/7.0; +http://ahrefs.com/robot/)" "www.asbanet.org"
51.222.253.3 - - [15/Oct/2022:01:32:23 -0700] "GET /Mann/megadownload/images/?C=D;O=A HTTP/1.1" 200 532 "-" "Mozilla/5.0 (compatible; AhrefsBot/7.0; +http://ahrefs.com/robot/)" "asbanet.org"
51.222.253.5 - - [15/Oct/2022:01:33:54 -0700] "GET /Mann/megadownload/images/?C=M;O=A HTTP/1.1" 200 532 "-" "Mozilla/5.0 (compatible; AhrefsBot/7.0; +http://ahrefs.com/robot/)" "asbanet.org"
35.162.24.245 - - [15/Oct/2022:01:35:10 -0700] "GET / HTTP/1.1" 200 4048 "-" "Mozilla/5.0 (X11; Linux x86_64) AppleWebKit/537.36 (KHTML, like Gecko) Chrome/83.0.4103.97 Safari/537.36" "asbanet.org"
51.222.253.10 - - [15/Oct/2022:01:35:15 -0700] "GET /miscellaneous/jmbio.htm HTTP/1.1" 200 1322 "-" "Mozilla/5.0 (compatible; AhrefsBot/7.0; +http://ahrefs.com/robot/)" "www.asbanet.org"
118.184.177.82 - - [15/Oct/2022:01:38:16 -0700] "GET / HTTP/1.1" 200 4048 "-" "Sogou web spider/4.0(+http://www.sogou.com/docs/help/webmasters.htm#07)" "www.asbanet.org"
51.222.253.4 - - [15/Oct/2022:01:38:34 -0700] "GET /miscellaneous/weddingpix.htm HTTP/1.1" 200 746 "-" "Mozilla/5.0 (compatible; AhrefsBot/7.0; +http://ahrefs.com/robot/)" "www.asbanet.org"
51.222.253.11 - - [15/Oct/2022:01:38:36 -0700] "GET /images/kaplan%20wedding/Image002.jpg HTTP/1.1" 200 567876 "-" "Mozilla/5.0 (compatible; AhrefsBot/7.0; +http://ahrefs.com/robot/)" "www.asbanet.org"
51.222.253.9 - - [15/Oct/2022:01:38:37 -0700] "GET /images/kaplan%20wedding/Image006.jpg HTTP/1.1" 200 591971 "-" "Mozilla/5.0 (compatible; AhrefsBot/7.0; +http://ahrefs.com/robot/)" "www.asbanet.org"
51.222.253.9 - - [15/Oct/2022:01:38:44 -0700] "GET /images/kaplan%20wedding/Image008.jpg HTTP/1.1" 200 540286 "-" "Mozilla/5.0 (compatible; AhrefsBot/7.0; +http://ahrefs.com/robot/)" "www.asbanet.org"
51.222.253.6 - - [15/Oct/2022:01:38:45 -0700] "GET /images/kaplan%20wedding/Image005.jpg HTTP/1.1" 200 596603 "-" "Mozilla/5.0 (compatible; AhrefsBot/7.0; +http://ahrefs.com/robot/)" "www.asbanet.org"
51.222.253.2 - - [15/Oct/2022:01:38:47 -0700] "GET /images/kaplan%20wedding/Image012.jpg HTTP/1.1" 200 558542 "-" "Mozilla/5.0 (compatible; AhrefsBot/7.0; +http://ahrefs.com/robot/)" "www.asbanet.org"
51.222.253.15 - - [15/Oct/2022:01:38:48 -0700] "GET /images/kaplan%20wedding/Image009.jpg HTTP/1.1" 200 554715 "-" "Mozilla/5.0 (compatible; AhrefsBot/7.0; +http://ahrefs.com/robot/)" "www.asbanet.org"
51.222.253.1 - - [15/Oct/2022:01:38:49 -0700] "GET /images/kaplan%20wedding/Image001.jpg HTTP/1.1" 200 561705 "-" "Mozilla/5.0 (compatible; AhrefsBot/7.0; +http://ahrefs.com/robot/)" "www.asbanet.org"
51.222.253.5 - - [15/Oct/2022:01:38:51 -0700] "GET /images/kaplan%20wedding/Image007.jpg HTTP/1.1" 200 571175 "-" "Mozilla/5.0 (compatible; AhrefsBot/7.0; +http://ahrefs.com/robot/)" "www.asbanet.org"
51.222.253.2 - - [15/Oct/2022:01:38:52 -0700] "GET /images/kaplan%20wedding/Image010.jpg HTTP/1.1" 200 572357 "-" "Mozilla/5.0 (compatible; AhrefsBot/7.0; +http://ahrefs.com/robot/)" "www.asbanet.org"
51.222.253.20 - - [15/Oct/2022:01:38:54 -0700] "GET /images/kaplan%20wedding/Image011.jpg HTTP/1.1" 200 586554 "-" "Mozilla/5.0 (compatible; AhrefsBot/7.0; +http://ahrefs.com/robot/)" "www.asbanet.org"
51.222.253.18 - - [15/Oct/2022:01:38:55 -0700] "GET /images/kaplan%20wedding/Image004.jpg HTTP/1.1" 200 597729 "-" "Mozilla/5.0 (compatible; AhrefsBot/7.0; +http://ahrefs.com/robot/)" "www.asbanet.org"
51.222.253.20 - - [15/Oct/2022:01:39:40 -0700] "GET /_old/voters/images/ HTTP/1.1" 200 821 "-" "Mozilla/5.0 (compatible; AhrefsBot/7.0; +http://ahrefs.com/robot/)" "asbanet.org"
5.102.173.71 - - [15/Oct/2022:01:39:46 -0700] "GET /robots.txt HTTP/1.1" 404 88 "-" "Mozilla/5.0 (compatible; MojeekBot/0.11; +https://www.mojeek.com/bot.html)" "www.asbanet.org"
5.102.173.71 - - [15/Oct/2022:01:39:46 -0700] "GET /resources/?D=A HTTP/1.1" 200 365 "-" "Mozilla/5.0 (compatible; MojeekBot/0.11; +https://www.mojeek.com/bot.html)" "www.asbanet.org"
51.222.253.5 - - [15/Oct/2022:01:40:43 -0700] "GET /images/Shannon/?C=S;O=A HTTP/1.1" 200 491 "-" "Mozilla/5.0 (compatible; AhrefsBot/7.0; +http://ahrefs.com/robot/)" "www.asbanet.org"
114.119.138.65 - - [15/Oct/2022:01:41:14 -0700] "GET /miscellaneous?C=M%3BO%3DA HTTP/1.1" 301 1422 "http://asbanet.org/miscellaneous?C=D%3BO%3DA" "Mozilla/5.0 (Linux; Android 7.0;) AppleWebKit/537.36 (KHTML, like Gecko) Mobile Safari/537.36 (compatible; PetalBot;+https://webmaster.petalsearch.com/site/petalbot)" "asbanet.org"
114.119.138.65 - - [15/Oct/2022:01:41:14 -0700] "GET /miscellaneous/?C=M%3BO%3DA HTTP/1.1" 200 577 "http://asbanet.org/miscellaneous?C=D%3BO%3DA" "Mozilla/5.0 (Linux; Android 7.0;) AppleWebKit/537.36 (KHTML, like Gecko) Mobile Safari/537.36 (compatible; PetalBot;+https://webmaster.petalsearch.com/site/petalbot)" "asbanet.org"
51.222.253.9 - - [15/Oct/2022:01:42:03 -0700] "GET /images/Ross%20Relles/?C=D;O=A HTTP/1.1" 200 834 "-" "Mozilla/5.0 (compatible; AhrefsBot/7.0; +http://ahrefs.com/robot/)" "asbanet.org"
51.222.253.17 - - [15/Oct/2022:01:43:05 -0700] "GET /images/Ross%20Relles/?C=S;O=A HTTP/1.1" 200 843 "-" "Mozilla/5.0 (compatible; AhrefsBot/7.0; +http://ahrefs.com/robot/)" "asbanet.org"
51.222.253.11 - - [15/Oct/2022:01:44:03 -0700] "GET /nh/contact/?C=S;O=D HTTP/1.1" 200 364 "-" "Mozilla/5.0 (compatible; AhrefsBot/7.0; +http://ahrefs.com/robot/)" "asbanet.org"
51.222.253.20 - - [15/Oct/2022:01:44:54 -0700] "GET /Mann/?C=S;O=A HTTP/1.1" 200 355 "-" "Mozilla/5.0 (compatible; AhrefsBot/7.0; +http://ahrefs.com/robot/)" "asbanet.org"
51.222.253.19 - - [15/Oct/2022:01:45:47 -0700] "GET /images/kaplan%20wedding/ HTTP/1.1" 200 493 "-" "Mozilla/5.0 (compatible; AhrefsBot/7.0; +http://ahrefs.com/robot/)" "www.asbanet.org"
44.228.64.221 - - [15/Oct/2022:01:46:01 -0700] "GET /lott/?N=A HTTP/1.1" 200 390 "-" "Python/3.8 aiohttp/3.8.3" "asbanet.org"
51.222.253.9 - - [15/Oct/2022:01:46:36 -0700] "GET /images/voterguide/ HTTP/1.1" 200 410 "-" "Mozilla/5.0 (compatible; AhrefsBot/7.0; +http://ahrefs.com/robot/)" "www.asbanet.org"
51.222.253.11 - - [15/Oct/2022:01:47:28 -0700] "GET /fl/contact/?C=N;O=A HTTP/1.1" 200 365 "-" "Mozilla/5.0 (compatible; AhrefsBot/7.0; +http://ahrefs.com/robot/)" "www.asbanet.org"
51.222.253.10 - - [15/Oct/2022:01:48:14 -0700] "GET /Mann/megadownload/images/?C=N;O=A HTTP/1.1" 200 532 "-" "Mozilla/5.0 (compatible; AhrefsBot/7.0; +http://ahrefs.com/robot/)" "www.asbanet.org"
51.222.253.2 - - [15/Oct/2022:01:49:00 -0700] "GET /issues/Reports/SBA_files/filelist.xml HTTP/1.1" 200 143 "-" "Mozilla/5.0 (compatible; AhrefsBot/7.0; +http://ahrefs.com/robot/)" "asbanet.org"
51.222.253.1 - - [15/Oct/2022:01:49:43 -0700] "GET /images/issues/?C=S;O=D HTTP/1.1" 200 526 "-" "Mozilla/5.0 (compatible; AhrefsBot/7.0; +http://ahrefs.com/robot/)" "www.asbanet.org"
51.222.253.4 - - [15/Oct/2022:01:50:23 -0700] "GET /images/issues/ HTTP/1.1" 200 527 "-" "Mozilla/5.0 (compatible; AhrefsBot/7.0; +http://ahrefs.com/robot/)" "www.asbanet.org"
51.222.253.7 - - [15/Oct/2022:01:51:19 -0700] "GET /images/kaplan%20wedding/?C=D;O=D HTTP/1.1" 200 490 "-" "Mozilla/5.0 (compatible; AhrefsBot/7.0; +http://ahrefs.com/robot/)" "asbanet.org"
51.222.253.12 - - [15/Oct/2022:01:52:08 -0700] "GET /images/ok_nav.html HTTP/1.1" 200 436 "-" "Mozilla/5.0 (compatible; AhrefsBot/7.0; +http://ahrefs.com/robot/)" "asbanet.org"
51.222.253.13 - - [15/Oct/2022:01:52:10 -0700] "GET /images/nav/okjoin_off.gif HTTP/1.1" 200 236 "-" "Mozilla/5.0 (compatible; AhrefsBot/7.0; +http://ahrefs.com/robot/)" "asbanet.org"
51.222.253.1 - - [15/Oct/2022:01:52:10 -0700] "GET /images/nav/okissues_off.gif HTTP/1.1" 200 159 "-" "Mozilla/5.0 (compatible; AhrefsBot/7.0; +http://ahrefs.com/robot/)" "asbanet.org"
51.222.253.20 - - [15/Oct/2022:01:52:10 -0700] "GET /images/nav/asba_national_off.gif HTTP/1.1" 200 295 "-" "Mozilla/5.0 (compatible; AhrefsBot/7.0; +http://ahrefs.com/robot/)" "asbanet.org"
51.222.253.5 - - [15/Oct/2022:01:52:11 -0700] "GET /images/nav/okhome_off.gif HTTP/1.1" 200 243 "-" "Mozilla/5.0 (compatible; AhrefsBot/7.0; +http://ahrefs.com/robot/)" "asbanet.org"
51.222.253.6 - - [15/Oct/2022:01:52:11 -0700] "GET /images/nav/okcontact_off.gif HTTP/1.1" 200 175 "-" "Mozilla/5.0 (compatible; AhrefsBot/7.0; +http://ahrefs.com/robot/)" "asbanet.org"
51.222.253.10 - - [15/Oct/2022:01:53:04 -0700] "GET /Mann/?C=D;O=A HTTP/1.1" 200 355 "-" "Mozilla/5.0 (compatible; AhrefsBot/7.0; +http://ahrefs.com/robot/)" "asbanet.org"
51.222.253.15 - - [15/Oct/2022:01:54:59 -0700] "GET /alaska/script1.htm HTTP/1.1" 200 502 "-" "Mozilla/5.0 (compatible; AhrefsBot/7.0; +http://ahrefs.com/robot/)" "asbanet.org"
51.222.253.3 - - [15/Oct/2022:01:56:11 -0700] "GET /issues/Stimulus/_notes/?C=M;O=A HTTP/1.1" 200 326 "-" "Mozilla/5.0 (compatible; AhrefsBot/7.0; +http://ahrefs.com/robot/)" "asbanet.org"
51.222.253.1 - - [15/Oct/2022:01:58:13 -0700] "GET /moad/campsite.htm HTTP/1.1" 200 1263 "-" "Mozilla/5.0 (compatible; AhrefsBot/7.0; +http://ahrefs.com/robot/)" "asbanet.org"
51.222.253.16 - - [15/Oct/2022:02:00:04 -0700] "GET /images/issues/ HTTP/1.1" 200 527 "-" "Mozilla/5.0 (compatible; AhrefsBot/7.0; +http://ahrefs.com/robot/)" "www.asbanet.org"
51.222.253.13 - - [15/Oct/2022:02:01:34 -0700] "GET /lott/?C=D;O=D HTTP/1.1" 200 388 "-" "Mozilla/5.0 (compatible; AhrefsBot/7.0; +http://ahrefs.com/robot/)" "asbanet.org"
51.222.253.3 - - [15/Oct/2022:02:02:29 -0700] "GET /_old/?C=S;O=A HTTP/1.1" 200 351 "-" "Mozilla/5.0 (compatible; AhrefsBot/7.0; +http://ahrefs.com/robot/)" "asbanet.org"
51.222.253.17 - - [15/Oct/2022:02:03:32 -0700] "GET /_old/?C=M;O=A HTTP/1.1" 200 351 "-" "Mozilla/5.0 (compatible; AhrefsBot/7.0; +http://ahrefs.com/robot/)" "asbanet.org"
51.222.253.10 - - [15/Oct/2022:02:04:30 -0700] "GET /alaska/?C=M;O=A HTTP/1.1" 200 543 "-" "Mozilla/5.0 (compatible; AhrefsBot/7.0; +http://ahrefs.com/robot/)" "www.asbanet.org"
51.222.253.10 - - [15/Oct/2022:02:05:30 -0700] "GET /issues/Stimulus/_notes/?C=S;O=A HTTP/1.1" 200 327 "-" "Mozilla/5.0 (compatible; AhrefsBot/7.0; +http://ahrefs.com/robot/)" "asbanet.org"
17.121.113.221 - - [15/Oct/2022:02:06:58 -0700] "GET /issues/PBR/8reasons.shtml HTTP/1.1" 200 8795 "-" "Mozilla/5.0 (Macintosh; Intel Mac OS X 10_15_5) AppleWebKit/605.1.15 (KHTML, like Gecko) Version/13.1.1 Safari/605.1.15 (Applebot/0.1; +http://www.apple.com/go/applebot)" "www.asbanet.org"
51.222.253.14 - - [15/Oct/2022:02:07:06 -0700] "GET /issues/Stimulus/_notes/?C=D;O=A HTTP/1.1" 200 327 "-" "Mozilla/5.0 (compatible; AhrefsBot/7.0; +http://ahrefs.com/robot/)" "asbanet.org"
51.222.253.5 - - [15/Oct/2022:02:08:11 -0700] "GET /images/voices/ HTTP/1.1" 200 546 "-" "Mozilla/5.0 (compatible; AhrefsBot/7.0; +http://ahrefs.com/robot/)" "asbanet.org"
51.222.253.5 - - [15/Oct/2022:02:09:14 -0700] "GET /moad/cabins.htm HTTP/1.1" 200 781 "-" "Mozilla/5.0 (compatible; AhrefsBot/7.0; +http://ahrefs.com/robot/)" "asbanet.org"
51.222.253.7 - - [15/Oct/2022:02:09:19 -0700] "GET /images/Ross%20Relles/outside%20bathroom.jpg HTTP/1.1" 200 63988 "-" "Mozilla/5.0 (compatible; AhrefsBot/7.0; +http://ahrefs.com/robot/)" "asbanet.org"
51.222.253.15 - - [15/Oct/2022:02:09:19 -0700] "GET /images/Ross%20Relles/teepee.jpg HTTP/1.1" 200 103472 "-" "Mozilla/5.0 (compatible; AhrefsBot/7.0; +http://ahrefs.com/robot/)" "asbanet.org"
51.222.253.6 - - [15/Oct/2022:02:09:20 -0700] "GET /images/Ross%20Relles/OUR%20LOVELY%20CABINS.JPG HTTP/1.1" 200 64935 "-" "Mozilla/5.0 (compatible; AhrefsBot/7.0; +http://ahrefs.com/robot/)" "asbanet.org"
51.222.253.4 - - [15/Oct/2022:02:09:20 -0700] "GET /images/Ross%20Relles/inside%20cabin1.jpg HTTP/1.1" 200 60120 "-" "Mozilla/5.0 (compatible; AhrefsBot/7.0; +http://ahrefs.com/robot/)" "asbanet.org"
51.222.253.4 - - [15/Oct/2022:02:10:56 -0700] "GET /moad/activites.htm HTTP/1.1" 200 851 "-" "Mozilla/5.0 (compatible; AhrefsBot/7.0; +http://ahrefs.com/robot/)" "asbanet.org"
51.222.253.11 - - [15/Oct/2022:02:12:01 -0700] "GET /issues/Reports/?C=D;O=D HTTP/1.1" 200 433 "-" "Mozilla/5.0 (compatible; AhrefsBot/7.0; +http://ahrefs.com/robot/)" "www.asbanet.org"
51.222.253.14 - - [15/Oct/2022:02:12:58 -0700] "GET /ok/contact/?C=N;O=D HTTP/1.1" 200 364 "-" "Mozilla/5.0 (compatible; AhrefsBot/7.0; +http://ahrefs.com/robot/)" "asbanet.org"
77.75.73.26 - - [15/Oct/2022:02:13:25 -0700] "GET /robots.txt HTTP/1.1" 404 88 "-" "Mozilla/5.0 (compatible; SeznamBot/4.0-RC1; +http://napoveda.seznam.cz/seznambot-intro/)" "www.asbanet.org"
77.75.79.31 - - [15/Oct/2022:02:13:25 -0700] "GET /images/ HTTP/1.1" 200 844 "-" "Mozilla/5.0 (compatible; SeznamBot/4.0-RC1; +http://napoveda.seznam.cz/seznambot-intro/)" "www.asbanet.org"
51.222.253.16 - - [15/Oct/2022:02:14:17 -0700] "GET /includes/us_other_issues.html HTTP/1.1" 200 194 "-" "Mozilla/5.0 (compatible; AhrefsBot/7.0; +http://ahrefs.com/robot/)" "asbanet.org"
167.99.151.65 - - [15/Oct/2022:02:15:01 -0700] "GET / HTTP/1.1" 200 4048 "-" "Mozilla/5.0 (Linux; Android 10; M2004J19C) AppleWebKit/537.36 (KHTML, like Gecko) Chrome/91.0.4472.77 Mobile Safari/537.36" "asbanet.org"
51.222.253.3 - - [15/Oct/2022:02:15:22 -0700] "GET /fl/includes/?C=M;O=D HTTP/1.1" 200 368 "-" "Mozilla/5.0 (compatible; AhrefsBot/7.0; +http://ahrefs.com/robot/)" "www.asbanet.org"
157.55.39.187 - - [15/Oct/2022:02:16:19 -0700] "GET /images/Ross%20Relles/tent%20platforms.jpg HTTP/1.1" 200 61477 "-" "Mozilla/5.0 (compatible; bingbot/2.0; +http://www.bing.com/bingbot.htm)" "www.asbanet.org"
51.222.253.19 - - [15/Oct/2022:02:17:03 -0700] "GET /fl/contact/ HTTP/1.1" 200 365 "-" "Mozilla/5.0 (compatible; AhrefsBot/7.0; +http://ahrefs.com/robot/)" "asbanet.org"
51.222.253.7 - - [15/Oct/2022:02:18:03 -0700] "GET /fl/includes/ HTTP/1.1" 200 369 "-" "Mozilla/5.0 (compatible; AhrefsBot/7.0; +http://ahrefs.com/robot/)" "asbanet.org"
51.222.253.15 - - [15/Oct/2022:02:19:44 -0700] "GET /fl/images/ HTTP/1.1" 200 393 "-" "Mozilla/5.0 (compatible; AhrefsBot/7.0; +http://ahrefs.com/robot/)" "asbanet.org"
51.222.253.4 - - [15/Oct/2022:02:20:54 -0700] "GET /images/voices/?C=N;O=D HTTP/1.1" 200 547 "-" "Mozilla/5.0 (compatible; AhrefsBot/7.0; +http://ahrefs.com/robot/)" "www.asbanet.org"
114.119.138.65 - - [15/Oct/2022:02:21:40 -0700] "GET /issues/Stimulus/_notes/?C=M%3BO%3DA HTTP/1.1" 200 327 "http://asbanet.org/issues/Stimulus/_notes/?C=S%3BO%3DA" "Mozilla/5.0 (Linux; Android 7.0;) AppleWebKit/537.36 (KHTML, like Gecko) Mobile Safari/537.36 (compatible; PetalBot;+https://webmaster.petalsearch.com/site/petalbot)" "asbanet.org"
51.222.253.6 - - [15/Oct/2022:02:22:14 -0700] "GET /ok/contact/?C=N;O=D HTTP/1.1" 200 364 "-" "Mozilla/5.0 (compatible; AhrefsBot/7.0; +http://ahrefs.com/robot/)" "asbanet.org"
216.244.66.200 - - [15/Oct/2022:02:23:03 -0700] "GET /robots.txt HTTP/1.1" 404 73 "-" "Mozilla/5.0 (compatible; DotBot/1.2; +https://opensiteexplorer.org/dotbot; help@moz.com)" "asbanet.org"
51.222.253.19 - - [15/Oct/2022:02:23:51 -0700] "GET /issues/Stimulus/?C=M;O=D HTTP/1.1" 200 399 "-" "Mozilla/5.0 (compatible; AhrefsBot/7.0; +http://ahrefs.com/robot/)" "www.asbanet.org"
51.222.253.4 - - [15/Oct/2022:02:25:26 -0700] "GET /ok/?C=N;O=D HTTP/1.1" 200 420 "-" "Mozilla/5.0 (compatible; AhrefsBot/7.0; +http://ahrefs.com/robot/)" "www.asbanet.org"
51.222.253.12 - - [15/Oct/2022:02:26:51 -0700] "GET /issues/Stimulus/lauster.htm HTTP/1.1" 200 4735 "-" "Mozilla/5.0 (compatible; AhrefsBot/7.0; +http://ahrefs.com/robot/)" "asbanet.org"
51.222.253.5 - - [15/Oct/2022:02:27:44 -0700] "GET /images/Ross%20Relles/?C=N;O=A HTTP/1.1" 200 834 "-" "Mozilla/5.0 (compatible; AhrefsBot/7.0; +http://ahrefs.com/robot/)" "asbanet.org"
51.222.253.20 - - [15/Oct/2022:02:28:46 -0700] "GET /includes/?C=M;O=D HTTP/1.1" 200 763 "-" "Mozilla/5.0 (compatible; AhrefsBot/7.0; +http://ahrefs.com/robot/)" "asbanet.org"
51.222.253.4 - - [15/Oct/2022:02:30:01 -0700] "GET /images/Ross%20Relles/?C=M;O=A HTTP/1.1" 200 834 "-" "Mozilla/5.0 (compatible; AhrefsBot/7.0; +http://ahrefs.com/robot/)" "asbanet.org"
114.119.138.74 - - [15/Oct/2022:02:30:54 -0700] "GET /images/nav?C=N%3BO%3DD HTTP/1.1" 301 1420 "http://asbanet.org/images/nav?D=D" "Mozilla/5.0 (Linux; Android 7.0;) AppleWebKit/537.36 (KHTML, like Gecko) Mobile Safari/537.36 (compatible; PetalBot;+https://webmaster.petalsearch.com/site/petalbot)" "asbanet.org"
114.119.138.74 - - [15/Oct/2022:02:30:55 -0700] "GET /images/nav/?C=N%3BO%3DD HTTP/1.1" 200 1121 "http://asbanet.org/images/nav?D=D" "Mozilla/5.0 (Linux; Android 7.0;) AppleWebKit/537.36 (KHTML, like Gecko) Mobile Safari/537.36 (compatible; PetalBot;+https://webmaster.petalsearch.com/site/petalbot)" "asbanet.org"
